{"id":1113,"date":"2002-03-26T00:00:00","date_gmt":"2002-03-25T23:00:00","guid":{"rendered":"http:\/\/www.feuerwehr-iversheim.de\/?post_type=einsatz&#038;p=1113"},"modified":"2017-10-31T18:19:23","modified_gmt":"2017-10-31T17:19:23","slug":"bombenentschaerfung","status":"publish","type":"einsatz","link":"https:\/\/www.feuerwehr-iversheim.de\/?einsatz=bombenentschaerfung","title":{"rendered":"Bombenentsch\u00e4rfung"},"content":{"rendered":"<p><img loading=\"lazy\" decoding=\"async\" class=\"size-full wp-image-1119 alignnone\" src=\"http:\/\/www.feuerwehr-iversheim.de\/wp-content\/uploads\/2017\/10\/einsatz-20020326-06.jpg\" alt=\"\" width=\"448\" height=\"336\" srcset=\"https:\/\/www.feuerwehr-iversheim.de\/wp-content\/uploads\/2017\/10\/einsatz-20020326-06.jpg 448w, https:\/\/www.feuerwehr-iversheim.de\/wp-content\/uploads\/2017\/10\/einsatz-20020326-06-300x225.jpg 300w\" sizes=\"auto, (max-width: 448px) 100vw, 448px\" \/><\/p>\n<p><strong>In nur 20 Minuten war de Bombe entsch\u00e4rft, die die M\u00fcnstereifeler einen halben Tag in Atem gehalten hatte.<\/strong><\/p>\n<p>Eine 2,5 Zentner schwere US \u2013 Fliegerbombe aus dem zweiten Weltkrieg hatte, am Nachmittag des 23.03.2002, das Leben in Bad M\u00fcnstereifel weitgehend lahm gelegt. Es bestand h\u00f6chste Explosionsgefahr am Fundort \u2013 einer Baustelle an der Trierer Stra\u00dfe gegen\u00fcber dem Konvikt. Polizei und Feuerwehr evakuierten komplette Stra\u00dfenz\u00fcge sowie Gesch\u00e4fte und Caf\u00e9s. Auch die B51 wurde gesperrt. Die ganze Malaise begann gegen Mittag. Bei Ausschachtarbeiten hatte ein Baggerf\u00fchrer pl\u00f6tzlich einen \u201eblinden Passagier\u201c in der Schaufel. Als er erkannte, dass es sich um eine Bombe handeln k\u00f6nnte, setzte er das Teil butterweich ab und entfernte sich zun\u00e4chst mit schlotternden Knien. \u201eDann haben wir die Einsatzkr\u00e4fte alarmiert. Sicherheit geht vor\u201c, meinte Bauherr Rikkela Fuchs. Wenig sp\u00e4ter waren Polizei und 70 Feuerwehrleute vor Ort. Einsatzleiter Bruno Arnolds leitete in Absprache mit Ordnungsamtsleiter Hubert Anczikowski und der Polizei sofort erste Absperrma\u00dfnahmen ein.<\/p>\n<p>Lautsprecher Wagen der Feuerwehr forderten die Anwohner immer wieder auf, ihre H\u00e4user zu verlassen und zu den Sammelstellen in der Kurverwaltung und der Heinz \u2013 Gerlach \u2013 Halle zu gehen. Inzwischen waren auch Heinz Luerweg und Wolfgang Hellwig vom Kampfmittelr\u00e4umdienst am Einsatzort. Die Bombenexperten der Bezirksregierung hatten es nicht weit. \u201eSie hatten einen Termin in Euskirchen\u201c, verriet Polizeisprecher Axel Drews. Polizei \u2013 Einsatzleiter Karl Schmidt forderte Verst\u00e4rkung, eine Hundertschaft aus Aachen, an. Gegen 15:30 Uhr wurde der Aldi Markt in nur gut f\u00fcnf Minuten evakuiert, wenig sp\u00e4ter die Konvikt \u2013 Baustelle. \u201eDie Baustelle wird auf Anordnung der Polizei ger\u00e4umt\u201c, br\u00fcllte der Polier durch die Flure. Und schon lie\u00dfen die Bauarbeiter ihre Werkzeuge fallen und brachten sich schleunigst in Sicherheit. Auch die Bad M\u00fcnstereifeler Innenstadt musste teilweise evakuiert werden. Die Feuerwehr ging von Haus zu Haus und forderte die Leute auf die Geb\u00e4ude im Gefahrenbereich zu verlassen.<\/p>\n<p>Zusammen mit den Aachener Polizisten durchk\u00e4mmten die Feuerwehrleute den Gefahrenbereich ein zweites mal. Und siehe da, um 17:50 Uhr entdeckten sie noch eine Frau, die in ihr Haus wollte. \u201eIch will nur eine Jacke holen\u201c, meinte sie. Die Dame wurde in Sicherheit gebracht. Um 16 Uhr wurde die Bundesstra\u00dfe 51 zwischen Eicherscheid und Iversheim komplett gesperrt, auch die Landstra\u00dfe nach N\u00f6then wurde \u201edichtgemacht\u201c. Im Rundfunk wurden die Autofahrer aufgefordert, Bad M\u00fcnstereifel weitr\u00e4umig zu umfahren und die Innenstadt zu meiden. Gegen 18:20 Uhr kam schlie\u00dflich die Entwarnung: \u201eDie Bombe ist entsch\u00e4rft.\u201c Polizeisprecher Drews sch\u00e4tzte, man habe aus dem Sperrbezirk etwa 500 Leute evakuieren m\u00fcssen. Das Deutsche Rote Kreuz versorgte die Evakuierten und Einsatzkr\u00e4fte mit Suppe sowie warmen und kalten Getr\u00e4nken. Die Entsch\u00e4rfung der Bombe stellte Luerweg und Hellwig trotz angeschlagener Z\u00fcnder keine gr\u00f6\u00dferen Probleme: \u201eNach 20 Minuten war die Sache gehalten\u201c, sagte Luerweg.<\/p>\n<p><img loading=\"lazy\" decoding=\"async\" class=\"alignleft size-full wp-image-1114\" src=\"http:\/\/www.feuerwehr-iversheim.de\/wp-content\/uploads\/2017\/10\/einsatz-20020326-01.jpg\" alt=\"\" width=\"405\" height=\"603\" srcset=\"https:\/\/www.feuerwehr-iversheim.de\/wp-content\/uploads\/2017\/10\/einsatz-20020326-01.jpg 405w, https:\/\/www.feuerwehr-iversheim.de\/wp-content\/uploads\/2017\/10\/einsatz-20020326-01-201x300.jpg 201w\" sizes=\"auto, (max-width: 405px) 100vw, 405px\" \/> <img loading=\"lazy\" decoding=\"async\" class=\"alignleft size-full wp-image-1116\" src=\"http:\/\/www.feuerwehr-iversheim.de\/wp-content\/uploads\/2017\/10\/einsatz-20020326-03.jpg\" alt=\"\" width=\"512\" height=\"343\" srcset=\"https:\/\/www.feuerwehr-iversheim.de\/wp-content\/uploads\/2017\/10\/einsatz-20020326-03.jpg 512w, https:\/\/www.feuerwehr-iversheim.de\/wp-content\/uploads\/2017\/10\/einsatz-20020326-03-300x201.jpg 300w\" sizes=\"auto, (max-width: 512px) 100vw, 512px\" \/> <img loading=\"lazy\" decoding=\"async\" class=\"alignleft size-full wp-image-1118\" src=\"http:\/\/www.feuerwehr-iversheim.de\/wp-content\/uploads\/2017\/10\/einsatz-20020326-05.jpg\" alt=\"\" width=\"512\" height=\"384\" srcset=\"https:\/\/www.feuerwehr-iversheim.de\/wp-content\/uploads\/2017\/10\/einsatz-20020326-05.jpg 512w, https:\/\/www.feuerwehr-iversheim.de\/wp-content\/uploads\/2017\/10\/einsatz-20020326-05-300x225.jpg 300w\" sizes=\"auto, (max-width: 512px) 100vw, 512px\" \/> <img loading=\"lazy\" decoding=\"async\" class=\"alignleft size-full wp-image-1117\" src=\"http:\/\/www.feuerwehr-iversheim.de\/wp-content\/uploads\/2017\/10\/einsatz-20020326-04.jpg\" alt=\"\" width=\"473\" height=\"386\" srcset=\"https:\/\/www.feuerwehr-iversheim.de\/wp-content\/uploads\/2017\/10\/einsatz-20020326-04.jpg 473w, https:\/\/www.feuerwehr-iversheim.de\/wp-content\/uploads\/2017\/10\/einsatz-20020326-04-300x245.jpg 300w\" sizes=\"auto, (max-width: 473px) 100vw, 473px\" \/>\u00a0 <img loading=\"lazy\" decoding=\"async\" class=\"alignleft size-full wp-image-1115\" src=\"http:\/\/www.feuerwehr-iversheim.de\/wp-content\/uploads\/2017\/10\/einsatz-20020326-02.jpg\" alt=\"\" width=\"512\" height=\"344\" srcset=\"https:\/\/www.feuerwehr-iversheim.de\/wp-content\/uploads\/2017\/10\/einsatz-20020326-02.jpg 512w, https:\/\/www.feuerwehr-iversheim.de\/wp-content\/uploads\/2017\/10\/einsatz-20020326-02-300x202.jpg 300w\" sizes=\"auto, (max-width: 512px) 100vw, 512px\" \/><\/p>\n","protected":false},"author":1,"featured_media":0,"template":"","meta":{"einsatz_weight":1,"footnotes":""},"categories":[],"tags":[],"einsatzart":[],"fahrzeug":[],"exteinsatzmittel":[],"alarmierungsart":[],"evw_unit":[],"class_list":["post-1113","einsatz","type-einsatz","status-publish","hentry"],"_links":{"self":[{"href":"https:\/\/www.feuerwehr-iversheim.de\/index.php?rest_route=\/wp\/v2\/einsatz\/1113","targetHints":{"allow":["GET"]}}],"collection":[{"href":"https:\/\/www.feuerwehr-iversheim.de\/index.php?rest_route=\/wp\/v2\/einsatz"}],"about":[{"href":"https:\/\/www.feuerwehr-iversheim.de\/index.php?rest_route=\/wp\/v2\/types\/einsatz"}],"author":[{"embeddable":true,"href":"https:\/\/www.feuerwehr-iversheim.de\/index.php?rest_route=\/wp\/v2\/users\/1"}],"version-history":[{"count":1,"href":"https:\/\/www.feuerwehr-iversheim.de\/index.php?rest_route=\/wp\/v2\/einsatz\/1113\/revisions"}],"predecessor-version":[{"id":1120,"href":"https:\/\/www.feuerwehr-iversheim.de\/index.php?rest_route=\/wp\/v2\/einsatz\/1113\/revisions\/1120"}],"wp:attachment":[{"href":"https:\/\/www.feuerwehr-iversheim.de\/index.php?rest_route=%2Fwp%2Fv2%2Fmedia&parent=1113"}],"wp:term":[{"taxonomy":"category","embeddable":true,"href":"https:\/\/www.feuerwehr-iversheim.de\/index.php?rest_route=%2Fwp%2Fv2%2Fcategories&post=1113"},{"taxonomy":"post_tag","embeddable":true,"href":"https:\/\/www.feuerwehr-iversheim.de\/index.php?rest_route=%2Fwp%2Fv2%2Ftags&post=1113"},{"taxonomy":"einsatzart","embeddable":true,"href":"https:\/\/www.feuerwehr-iversheim.de\/index.php?rest_route=%2Fwp%2Fv2%2Feinsatzart&post=1113"},{"taxonomy":"fahrzeug","embeddable":true,"href":"https:\/\/www.feuerwehr-iversheim.de\/index.php?rest_route=%2Fwp%2Fv2%2Ffahrzeug&post=1113"},{"taxonomy":"exteinsatzmittel","embeddable":true,"href":"https:\/\/www.feuerwehr-iversheim.de\/index.php?rest_route=%2Fwp%2Fv2%2Fexteinsatzmittel&post=1113"},{"taxonomy":"alarmierungsart","embeddable":true,"href":"https:\/\/www.feuerwehr-iversheim.de\/index.php?rest_route=%2Fwp%2Fv2%2Falarmierungsart&post=1113"},{"taxonomy":"evw_unit","embeddable":true,"href":"https:\/\/www.feuerwehr-iversheim.de\/index.php?rest_route=%2Fwp%2Fv2%2Fevw_unit&post=1113"}],"curies":[{"name":"wp","href":"https:\/\/api.w.org\/{rel}","templated":true}]}}

Bombenentschärfung

<p><img loading="lazy" decoding="async" class="size-full wp-image-1119 alignnone" src="http://www.feuerwehr-iversheim.de/wp-content/uploads/2017/10/einsatz-20020326-06.jpg" alt="" width="448" height="336" srcset="https://www.feuerwehr-iversheim.de/wp-content/uploads/2017/10/einsatz-20020326-06.jpg 448w, https://www.feuerwehr-iversheim.de/wp-content/uploads/2017/10/einsatz-20020326-06-300x225.jpg 300w" sizes="auto, (max-width: 448px) 100vw, 448px" /></p>
<p><strong>In nur 20 Minuten war de Bombe entschärft, die die Münstereifeler einen halben Tag in Atem gehalten hatte.</strong></p>
<p>Eine 2,5 Zentner schwere US – Fliegerbombe aus dem zweiten Weltkrieg hatte, am Nachmittag des 23.03.2002, das Leben in Bad Münstereifel weitgehend lahm gelegt. Es bestand höchste Explosionsgefahr am Fundort – einer Baustelle an der Trierer Straße gegenüber dem Konvikt. Polizei und Feuerwehr evakuierten komplette Straßenzüge sowie Geschäfte und Cafés. Auch die B51 wurde gesperrt. Die ganze Malaise begann gegen Mittag. Bei Ausschachtarbeiten hatte ein Baggerführer plötzlich einen „blinden Passagier“ in der Schaufel. Als er erkannte, dass es sich um eine Bombe handeln könnte, setzte er das Teil butterweich ab und entfernte sich zunächst mit schlotternden Knien. „Dann haben wir die Einsatzkräfte alarmiert. Sicherheit geht vor“, meinte Bauherr Rikkela Fuchs. Wenig später waren Polizei und 70 Feuerwehrleute vor Ort. Einsatzleiter Bruno Arnolds leitete in Absprache mit Ordnungsamtsleiter Hubert Anczikowski und der Polizei sofort erste Absperrmaßnahmen ein.</p>
<p>Lautsprecher Wagen der Feuerwehr forderten die Anwohner immer wieder auf, ihre Häuser zu verlassen und zu den Sammelstellen in der Kurverwaltung und der Heinz – Gerlach – Halle zu gehen. Inzwischen waren auch Heinz Luerweg und Wolfgang Hellwig vom Kampfmittelräumdienst am Einsatzort. Die Bombenexperten der Bezirksregierung hatten es nicht weit. „Sie hatten einen Termin in Euskirchen“, verriet Polizeisprecher Axel Drews. Polizei – Einsatzleiter Karl Schmidt forderte Verstärkung, eine Hundertschaft aus Aachen, an. Gegen 15:30 Uhr wurde der Aldi Markt in nur gut fünf Minuten evakuiert, wenig später die Konvikt – Baustelle. „Die Baustelle wird auf Anordnung der Polizei geräumt“, brüllte der Polier durch die Flure. Und schon ließen die Bauarbeiter ihre Werkzeuge fallen und brachten sich schleunigst in Sicherheit. Auch die Bad Münstereifeler Innenstadt musste teilweise evakuiert werden. Die Feuerwehr ging von Haus zu Haus und forderte die Leute auf die Gebäude im Gefahrenbereich zu verlassen.</p>
<p>Zusammen mit den Aachener Polizisten durchkämmten die Feuerwehrleute den Gefahrenbereich ein zweites mal. Und siehe da, um 17:50 Uhr entdeckten sie noch eine Frau, die in ihr Haus wollte. „Ich will nur eine Jacke holen“, meinte sie. Die Dame wurde in Sicherheit gebracht. Um 16 Uhr wurde die Bundesstraße 51 zwischen Eicherscheid und Iversheim komplett gesperrt, auch die Landstraße nach Nöthen wurde „dichtgemacht“. Im Rundfunk wurden die Autofahrer aufgefordert, Bad Münstereifel weiträumig zu umfahren und die Innenstadt zu meiden. Gegen 18:20 Uhr kam schließlich die Entwarnung: „Die Bombe ist entschärft.“ Polizeisprecher Drews schätzte, man habe aus dem Sperrbezirk etwa 500 Leute evakuieren müssen. Das Deutsche Rote Kreuz versorgte die Evakuierten und Einsatzkräfte mit Suppe sowie warmen und kalten Getränken. Die Entschärfung der Bombe stellte Luerweg und Hellwig trotz angeschlagener Zünder keine größeren Probleme: „Nach 20 Minuten war die Sache gehalten“, sagte Luerweg.</p>
<p><img loading="lazy" decoding="async" class="alignleft size-full wp-image-1114" src="http://www.feuerwehr-iversheim.de/wp-content/uploads/2017/10/einsatz-20020326-01.jpg" alt="" width="405" height="603" srcset="https://www.feuerwehr-iversheim.de/wp-content/uploads/2017/10/einsatz-20020326-01.jpg 405w, https://www.feuerwehr-iversheim.de/wp-content/uploads/2017/10/einsatz-20020326-01-201x300.jpg 201w" sizes="auto, (max-width: 405px) 100vw, 405px" /> <img loading="lazy" decoding="async" class="alignleft size-full wp-image-1116" src="http://www.feuerwehr-iversheim.de/wp-content/uploads/2017/10/einsatz-20020326-03.jpg" alt="" width="512" height="343" srcset="https://www.feuerwehr-iversheim.de/wp-content/uploads/2017/10/einsatz-20020326-03.jpg 512w, https://www.feuerwehr-iversheim.de/wp-content/uploads/2017/10/einsatz-20020326-03-300x201.jpg 300w" sizes="auto, (max-width: 512px) 100vw, 512px" /> <img loading="lazy" decoding="async" class="alignleft size-full wp-image-1118" src="http://www.feuerwehr-iversheim.de/wp-content/uploads/2017/10/einsatz-20020326-05.jpg" alt="" width="512" height="384" srcset="https://www.feuerwehr-iversheim.de/wp-content/uploads/2017/10/einsatz-20020326-05.jpg 512w, https://www.feuerwehr-iversheim.de/wp-content/uploads/2017/10/einsatz-20020326-05-300x225.jpg 300w" sizes="auto, (max-width: 512px) 100vw, 512px" /> <img loading="lazy" decoding="async" class="alignleft size-full wp-image-1117" src="http://www.feuerwehr-iversheim.de/wp-content/uploads/2017/10/einsatz-20020326-04.jpg" alt="" width="473" height="386" srcset="https://www.feuerwehr-iversheim.de/wp-content/uploads/2017/10/einsatz-20020326-04.jpg 473w, https://www.feuerwehr-iversheim.de/wp-content/uploads/2017/10/einsatz-20020326-04-300x245.jpg 300w" sizes="auto, (max-width: 473px) 100vw, 473px" />  <img loading="lazy" decoding="async" class="alignleft size-full wp-image-1115" src="http://www.feuerwehr-iversheim.de/wp-content/uploads/2017/10/einsatz-20020326-02.jpg" alt="" width="512" height="344" srcset="https://www.feuerwehr-iversheim.de/wp-content/uploads/2017/10/einsatz-20020326-02.jpg 512w, https://www.feuerwehr-iversheim.de/wp-content/uploads/2017/10/einsatz-20020326-02-300x202.jpg 300w" sizes="auto, (max-width: 512px) 100vw, 512px" /></p>
