{"id":1155,"date":"2003-01-18T00:00:00","date_gmt":"2003-01-17T23:00:00","guid":{"rendered":"http:\/\/www.feuerwehr-iversheim.de\/?post_type=einsatz&#038;p=1155"},"modified":"2017-10-31T18:47:22","modified_gmt":"2017-10-31T17:47:22","slug":"wohnungsbrand-7","status":"publish","type":"einsatz","link":"https:\/\/www.feuerwehr-iversheim.de\/?einsatz=wohnungsbrand-7","title":{"rendered":"Wohnungsbrand"},"content":{"rendered":"<p><img loading=\"lazy\" decoding=\"async\" class=\"size-full wp-image-1156 alignnone\" src=\"http:\/\/www.feuerwehr-iversheim.de\/wp-content\/uploads\/2017\/10\/einsatz-20030118-01.jpg\" alt=\"\" width=\"560\" height=\"420\" srcset=\"https:\/\/www.feuerwehr-iversheim.de\/wp-content\/uploads\/2017\/10\/einsatz-20030118-01.jpg 560w, https:\/\/www.feuerwehr-iversheim.de\/wp-content\/uploads\/2017\/10\/einsatz-20030118-01-300x225.jpg 300w\" sizes=\"auto, (max-width: 560px) 100vw, 560px\" \/><\/p>\n<p><strong>Bewohner fl\u00fcchteten aus dem Haus \u2013 Ursache ungekl\u00e4rt \u2013 21-J\u00e4hrige musste ins Krankenhaus<\/strong><\/p>\n<p>Ein Brand im Erdgeschoss des ehemaligen Restaurant \u201eZur M\u00fchle\u201c, in dem zur Zeit 50 Asylbewerber untergebracht sind, l\u00f6ste am Samstagabend einen Gro\u00dfalarm bei der Feuerwehr aus. Sowohl der komplette L\u00f6schzug eins (Arloff, Eschweiler, Iversheim und Kalkar) sowie die L\u00f6schgruppe Bad M\u00fcnstereifel r\u00fcckten mit insgesamt 74 Einsatzkr\u00e4ften unter Leitung von Wehrf\u00fchrer Bruno Arnold zur Brandbek\u00e4mpfung aus. Vorsorglich waren au\u00dferdem zwei Rettungswagen und ein Notarztwagen im Einsatz.<\/p>\n<p>Ordnungs-Fachbereichsleiter Hubert Anczikowski und zwei Mitarbeiterinnen waren vor Ort. Die Feuerwehr der Stadt Euskirchen wollte zun\u00e4chst die Drehleiter \u201eB\u00fcb\u201c aushelfen. Als die Feuerwehr um 17:15 Uhr an der Brandstelle eintraf, stand fest, dass die Drehleiter der Euskirchener Kameraden nicht ben\u00f6tigt werden w\u00fcrde, so das deren sich noch auf der Anfahrt befindliche Besatzung umkehren konnte. Ausger\u00fcstet mit schwerem Atemschutzger\u00e4t drangen mehrere Feuerwehrleute in die im Erdgeschoss befindliche Wohnung ein. Das Feuer war mittels eines C-Rohrs rasch gel\u00f6scht.<\/p>\n<p class=\"right\">Allerdings mussten ein Einbauschrank sowie die Holzdecke heruntergerissen werden, weil dahinter weitere Brandnester vermutet wurden beziehungsweise ihr Entstehen verhindert werden sollte. Menschenleben dahinter weitere Brandnester vermutet wurden beziehungsweise ihr Entstehen verhindert werden sollte. Menschenleben waren nicht in Gefahr, alle im Haus befindlichen Personen hatten die Unterkunft verlassen k\u00f6nnen.<\/p>\n<p>W\u00e4hrend einige Erwachsene vor Ort blieben und die L\u00f6scharbeiten beobachteten, wurden Frauen und Kinder vor\u00fcbergehend ins Feuerwehrger\u00e4tehaus der L\u00f6schgruppe Iversheim gebracht. Diese Ma\u00dfnahme war auch notwendig: Denn zwei Kinder und deren Mutter hatten gerade im Keller geduscht, als sie den Brand in ihrer Wohnung bemerkten. Sie mussten das Haus sofort verlassen \u2013 ohne sich vorher ankleiden zu k\u00f6nnen. Die Brandursache blieb bis jetzt ungekl\u00e4rt.<\/p>\n<p>W\u00e4hrend die Mutter mit den beiden Kindern im Keller war, war ein vierj\u00e4hriger Junge alleine in dem Zimmer. Er wollte offenbar auch in den Keller gehen, als es im Flur bereits verbrannt roch und Qualm aufstieg. Die Polizei versiegelte die Brandstelle. Ein Sachverst\u00e4ndiger soll die arbeit aufnehmen, um die Ursache herauszufinden. Die in der Wohnung lebenden neun Personen \u2013 vier Erwachsene und f\u00fcnf Kinder \u2013 wurden vorl\u00e4ufig in Hotels und Pensionen untergebracht.<\/p>\n<p>Sie konnten nicht in die ausgebrannten R\u00e4ume zur\u00fcck, weil der Brand eine starke Rauchentwicklung einhergegangen war. Zwar war der Qualm von den Feuerwehrleuten durch das Be- und Entl\u00fcftungsger\u00e4t entfernt worden, jedoch sollte vorsorglich gekl\u00e4rt werden, ob nicht Gesundheitsgef\u00e4hrdende Stoffe an Decke, Boden und W\u00e4nden zur\u00fcck geblieben waren. Eine 21-j\u00e4hrige Hausbewohnerin wurde in das Marien-Hospital Euskirchen gebracht: Sie klagte \u00fcber Atemnot.<\/p>\n<p><img loading=\"lazy\" decoding=\"async\" class=\"alignleft size-full wp-image-1157\" src=\"http:\/\/www.feuerwehr-iversheim.de\/wp-content\/uploads\/2017\/10\/einsatz-20030118-02.jpg\" alt=\"\" width=\"448\" height=\"336\" srcset=\"https:\/\/www.feuerwehr-iversheim.de\/wp-content\/uploads\/2017\/10\/einsatz-20030118-02.jpg 448w, https:\/\/www.feuerwehr-iversheim.de\/wp-content\/uploads\/2017\/10\/einsatz-20030118-02-300x225.jpg 300w\" sizes=\"auto, (max-width: 448px) 100vw, 448px\" \/><\/p>\n","protected":false},"author":1,"featured_media":0,"template":"","meta":{"einsatz_weight":1,"footnotes":""},"categories":[],"tags":[],"einsatzart":[],"fahrzeug":[],"exteinsatzmittel":[],"alarmierungsart":[],"evw_unit":[],"class_list":["post-1155","einsatz","type-einsatz","status-publish","hentry"],"_links":{"self":[{"href":"https:\/\/www.feuerwehr-iversheim.de\/index.php?rest_route=\/wp\/v2\/einsatz\/1155","targetHints":{"allow":["GET"]}}],"collection":[{"href":"https:\/\/www.feuerwehr-iversheim.de\/index.php?rest_route=\/wp\/v2\/einsatz"}],"about":[{"href":"https:\/\/www.feuerwehr-iversheim.de\/index.php?rest_route=\/wp\/v2\/types\/einsatz"}],"author":[{"embeddable":true,"href":"https:\/\/www.feuerwehr-iversheim.de\/index.php?rest_route=\/wp\/v2\/users\/1"}],"version-history":[{"count":1,"href":"https:\/\/www.feuerwehr-iversheim.de\/index.php?rest_route=\/wp\/v2\/einsatz\/1155\/revisions"}],"predecessor-version":[{"id":1158,"href":"https:\/\/www.feuerwehr-iversheim.de\/index.php?rest_route=\/wp\/v2\/einsatz\/1155\/revisions\/1158"}],"wp:attachment":[{"href":"https:\/\/www.feuerwehr-iversheim.de\/index.php?rest_route=%2Fwp%2Fv2%2Fmedia&parent=1155"}],"wp:term":[{"taxonomy":"category","embeddable":true,"href":"https:\/\/www.feuerwehr-iversheim.de\/index.php?rest_route=%2Fwp%2Fv2%2Fcategories&post=1155"},{"taxonomy":"post_tag","embeddable":true,"href":"https:\/\/www.feuerwehr-iversheim.de\/index.php?rest_route=%2Fwp%2Fv2%2Ftags&post=1155"},{"taxonomy":"einsatzart","embeddable":true,"href":"https:\/\/www.feuerwehr-iversheim.de\/index.php?rest_route=%2Fwp%2Fv2%2Feinsatzart&post=1155"},{"taxonomy":"fahrzeug","embeddable":true,"href":"https:\/\/www.feuerwehr-iversheim.de\/index.php?rest_route=%2Fwp%2Fv2%2Ffahrzeug&post=1155"},{"taxonomy":"exteinsatzmittel","embeddable":true,"href":"https:\/\/www.feuerwehr-iversheim.de\/index.php?rest_route=%2Fwp%2Fv2%2Fexteinsatzmittel&post=1155"},{"taxonomy":"alarmierungsart","embeddable":true,"href":"https:\/\/www.feuerwehr-iversheim.de\/index.php?rest_route=%2Fwp%2Fv2%2Falarmierungsart&post=1155"},{"taxonomy":"evw_unit","embeddable":true,"href":"https:\/\/www.feuerwehr-iversheim.de\/index.php?rest_route=%2Fwp%2Fv2%2Fevw_unit&post=1155"}],"curies":[{"name":"wp","href":"https:\/\/api.w.org\/{rel}","templated":true}]}}

<p><img loading="lazy" decoding="async" class="size-full wp-image-1156 alignnone" src="http://www.feuerwehr-iversheim.de/wp-content/uploads/2017/10/einsatz-20030118-01.jpg" alt="" width="560" height="420" srcset="https://www.feuerwehr-iversheim.de/wp-content/uploads/2017/10/einsatz-20030118-01.jpg 560w, https://www.feuerwehr-iversheim.de/wp-content/uploads/2017/10/einsatz-20030118-01-300x225.jpg 300w" sizes="auto, (max-width: 560px) 100vw, 560px" /></p>
<p><strong>Bewohner flüchteten aus dem Haus – Ursache ungeklärt – 21-Jährige musste ins Krankenhaus</strong></p>
<p>Ein Brand im Erdgeschoss des ehemaligen Restaurant „Zur Mühle“, in dem zur Zeit 50 Asylbewerber untergebracht sind, löste am Samstagabend einen Großalarm bei der Feuerwehr aus. Sowohl der komplette Löschzug eins (Arloff, Eschweiler, Iversheim und Kalkar) sowie die Löschgruppe Bad Münstereifel rückten mit insgesamt 74 Einsatzkräften unter Leitung von Wehrführer Bruno Arnold zur Brandbekämpfung aus. Vorsorglich waren außerdem zwei Rettungswagen und ein Notarztwagen im Einsatz.</p>
<p>Ordnungs-Fachbereichsleiter Hubert Anczikowski und zwei Mitarbeiterinnen waren vor Ort. Die Feuerwehr der Stadt Euskirchen wollte zunächst die Drehleiter „Büb“ aushelfen. Als die Feuerwehr um 17:15 Uhr an der Brandstelle eintraf, stand fest, dass die Drehleiter der Euskirchener Kameraden nicht benötigt werden würde, so das deren sich noch auf der Anfahrt befindliche Besatzung umkehren konnte. Ausgerüstet mit schwerem Atemschutzgerät drangen mehrere Feuerwehrleute in die im Erdgeschoss befindliche Wohnung ein. Das Feuer war mittels eines C-Rohrs rasch gelöscht.</p>
<p class="right">Allerdings mussten ein Einbauschrank sowie die Holzdecke heruntergerissen werden, weil dahinter weitere Brandnester vermutet wurden beziehungsweise ihr Entstehen verhindert werden sollte. Menschenleben dahinter weitere Brandnester vermutet wurden beziehungsweise ihr Entstehen verhindert werden sollte. Menschenleben waren nicht in Gefahr, alle im Haus befindlichen Personen hatten die Unterkunft verlassen können.</p>
<p>Während einige Erwachsene vor Ort blieben und die Löscharbeiten beobachteten, wurden Frauen und Kinder vorübergehend ins Feuerwehrgerätehaus der Löschgruppe Iversheim gebracht. Diese Maßnahme war auch notwendig: Denn zwei Kinder und deren Mutter hatten gerade im Keller geduscht, als sie den Brand in ihrer Wohnung bemerkten. Sie mussten das Haus sofort verlassen – ohne sich vorher ankleiden zu können. Die Brandursache blieb bis jetzt ungeklärt.</p>
<p>Während die Mutter mit den beiden Kindern im Keller war, war ein vierjähriger Junge alleine in dem Zimmer. Er wollte offenbar auch in den Keller gehen, als es im Flur bereits verbrannt roch und Qualm aufstieg. Die Polizei versiegelte die Brandstelle. Ein Sachverständiger soll die arbeit aufnehmen, um die Ursache herauszufinden. Die in der Wohnung lebenden neun Personen – vier Erwachsene und fünf Kinder – wurden vorläufig in Hotels und Pensionen untergebracht.</p>
<p>Sie konnten nicht in die ausgebrannten Räume zurück, weil der Brand eine starke Rauchentwicklung einhergegangen war. Zwar war der Qualm von den Feuerwehrleuten durch das Be- und Entlüftungsgerät entfernt worden, jedoch sollte vorsorglich geklärt werden, ob nicht Gesundheitsgefährdende Stoffe an Decke, Boden und Wänden zurück geblieben waren. Eine 21-jährige Hausbewohnerin wurde in das Marien-Hospital Euskirchen gebracht: Sie klagte über Atemnot.</p>
<p><img loading="lazy" decoding="async" class="alignleft size-full wp-image-1157" src="http://www.feuerwehr-iversheim.de/wp-content/uploads/2017/10/einsatz-20030118-02.jpg" alt="" width="448" height="336" srcset="https://www.feuerwehr-iversheim.de/wp-content/uploads/2017/10/einsatz-20030118-02.jpg 448w, https://www.feuerwehr-iversheim.de/wp-content/uploads/2017/10/einsatz-20030118-02-300x225.jpg 300w" sizes="auto, (max-width: 448px) 100vw, 448px" /></p>
