{"id":1178,"date":"2003-05-08T00:00:00","date_gmt":"2003-05-07T22:00:00","guid":{"rendered":"http:\/\/www.feuerwehr-iversheim.de\/?post_type=einsatz&#038;p=1178"},"modified":"2017-10-31T18:59:33","modified_gmt":"2017-10-31T17:59:33","slug":"vu-mit-2-pkw","status":"publish","type":"einsatz","link":"https:\/\/www.feuerwehr-iversheim.de\/?einsatz=vu-mit-2-pkw","title":{"rendered":"VU mit 2 PKW"},"content":{"rendered":"<p><img loading=\"lazy\" decoding=\"async\" class=\"size-full wp-image-1183 alignnone\" src=\"http:\/\/www.feuerwehr-iversheim.de\/wp-content\/uploads\/2003\/05\/einsatz-20030508-04.jpg\" alt=\"\" width=\"512\" height=\"384\" srcset=\"https:\/\/www.feuerwehr-iversheim.de\/wp-content\/uploads\/2003\/05\/einsatz-20030508-04.jpg 512w, https:\/\/www.feuerwehr-iversheim.de\/wp-content\/uploads\/2003\/05\/einsatz-20030508-04-300x225.jpg 300w\" sizes=\"auto, (max-width: 512px) 100vw, 512px\" \/><\/p>\n<p>Vier leicht- und eine Schwerverletzte Person forderte am sp\u00e4ten Nachmittag des 08.05. ein Unfall auf der B51 zwischen Iversheim und Arloff. Nach Polizeiangaben hatte sich ein Stau gebildet. Der erste Wagen konnte noch rechtzeitig abbremsen, doch der zweite krachte dem ersten Fahrzeug ins Heck. Dabei wurde Werkzeug das im ersten Fahrzeug stand gegen den Sitz des Fahrers geschleudert. Da schwere Verletzungen bef\u00fcrchtet wurden, entschied sich der Notarzt f\u00fcr einen Rettungshubschrauber. Die Feuerwehrm\u00e4nner der L\u00f6schgruppe Iversheim, die zum Abstreuen auslaufenden Kraftstoffes Alarmiert wurden, unterst\u00fctzten den Rettungsdienst dabei, den Schwerverletzten Fahrer schonend von seinem Sitz mit Hilfe einer Schaufeltrage auf die Trage des Rettungsdienstes zu tragen. Dazu musste das Werkzeug, Regale und der R\u00fccksitz des Firmentransporters ausgebaut werden. \u00dcber die Zeit wurde die B51 gesperrt.<\/p>\n<p><img loading=\"lazy\" decoding=\"async\" class=\"alignleft size-full wp-image-1180\" src=\"http:\/\/www.feuerwehr-iversheim.de\/wp-content\/uploads\/2003\/05\/einsatz-20030508-01.jpg\" alt=\"\" width=\"410\" height=\"307\" srcset=\"https:\/\/www.feuerwehr-iversheim.de\/wp-content\/uploads\/2003\/05\/einsatz-20030508-01.jpg 410w, https:\/\/www.feuerwehr-iversheim.de\/wp-content\/uploads\/2003\/05\/einsatz-20030508-01-300x225.jpg 300w\" sizes=\"auto, (max-width: 410px) 100vw, 410px\" \/> <img loading=\"lazy\" decoding=\"async\" class=\"alignleft size-full wp-image-1181\" src=\"http:\/\/www.feuerwehr-iversheim.de\/wp-content\/uploads\/2003\/05\/einsatz-20030508-02.jpg\" alt=\"\" width=\"410\" height=\"307\" srcset=\"https:\/\/www.feuerwehr-iversheim.de\/wp-content\/uploads\/2003\/05\/einsatz-20030508-02.jpg 410w, https:\/\/www.feuerwehr-iversheim.de\/wp-content\/uploads\/2003\/05\/einsatz-20030508-02-300x225.jpg 300w\" sizes=\"auto, (max-width: 410px) 100vw, 410px\" \/> <img loading=\"lazy\" decoding=\"async\" class=\"alignleft size-full wp-image-1182\" src=\"http:\/\/www.feuerwehr-iversheim.de\/wp-content\/uploads\/2003\/05\/einsatz-20030508-03.jpg\" alt=\"\" width=\"410\" height=\"307\" srcset=\"https:\/\/www.feuerwehr-iversheim.de\/wp-content\/uploads\/2003\/05\/einsatz-20030508-03.jpg 410w, https:\/\/www.feuerwehr-iversheim.de\/wp-content\/uploads\/2003\/05\/einsatz-20030508-03-300x225.jpg 300w\" sizes=\"auto, (max-width: 410px) 100vw, 410px\" \/> <img loading=\"lazy\" decoding=\"async\" class=\"alignleft size-full wp-image-1184\" src=\"http:\/\/www.feuerwehr-iversheim.de\/wp-content\/uploads\/2003\/05\/einsatz-20030508-05.jpg\" alt=\"\" width=\"512\" height=\"384\" srcset=\"https:\/\/www.feuerwehr-iversheim.de\/wp-content\/uploads\/2003\/05\/einsatz-20030508-05.jpg 512w, https:\/\/www.feuerwehr-iversheim.de\/wp-content\/uploads\/2003\/05\/einsatz-20030508-05-300x225.jpg 300w\" sizes=\"auto, (max-width: 512px) 100vw, 512px\" \/> <img loading=\"lazy\" decoding=\"async\" class=\"alignleft size-full wp-image-1185\" src=\"http:\/\/www.feuerwehr-iversheim.de\/wp-content\/uploads\/2003\/05\/einsatz-20030508-06.jpg\" alt=\"\" width=\"512\" height=\"384\" srcset=\"https:\/\/www.feuerwehr-iversheim.de\/wp-content\/uploads\/2003\/05\/einsatz-20030508-06.jpg 512w, https:\/\/www.feuerwehr-iversheim.de\/wp-content\/uploads\/2003\/05\/einsatz-20030508-06-300x225.jpg 300w\" sizes=\"auto, (max-width: 512px) 100vw, 512px\" \/> <img loading=\"lazy\" decoding=\"async\" class=\"alignleft size-full wp-image-1186\" src=\"http:\/\/www.feuerwehr-iversheim.de\/wp-content\/uploads\/2003\/05\/einsatz-20030508-07.jpg\" alt=\"\" width=\"512\" height=\"384\" srcset=\"https:\/\/www.feuerwehr-iversheim.de\/wp-content\/uploads\/2003\/05\/einsatz-20030508-07.jpg 512w, https:\/\/www.feuerwehr-iversheim.de\/wp-content\/uploads\/2003\/05\/einsatz-20030508-07-300x225.jpg 300w\" sizes=\"auto, (max-width: 512px) 100vw, 512px\" \/> <img loading=\"lazy\" decoding=\"async\" class=\"alignleft size-full wp-image-1187\" src=\"http:\/\/www.feuerwehr-iversheim.de\/wp-content\/uploads\/2003\/05\/einsatz-20030508-08.jpg\" alt=\"\" width=\"512\" height=\"384\" srcset=\"https:\/\/www.feuerwehr-iversheim.de\/wp-content\/uploads\/2003\/05\/einsatz-20030508-08.jpg 512w, https:\/\/www.feuerwehr-iversheim.de\/wp-content\/uploads\/2003\/05\/einsatz-20030508-08-300x225.jpg 300w\" sizes=\"auto, (max-width: 512px) 100vw, 512px\" \/> <img loading=\"lazy\" decoding=\"async\" class=\"alignleft size-full wp-image-1188\" src=\"http:\/\/www.feuerwehr-iversheim.de\/wp-content\/uploads\/2003\/05\/einsatz-20030508-09.jpg\" alt=\"\" width=\"512\" height=\"384\" srcset=\"https:\/\/www.feuerwehr-iversheim.de\/wp-content\/uploads\/2003\/05\/einsatz-20030508-09.jpg 512w, https:\/\/www.feuerwehr-iversheim.de\/wp-content\/uploads\/2003\/05\/einsatz-20030508-09-300x225.jpg 300w\" sizes=\"auto, (max-width: 512px) 100vw, 512px\" \/> <img loading=\"lazy\" decoding=\"async\" class=\"alignleft size-full wp-image-1189\" src=\"http:\/\/www.feuerwehr-iversheim.de\/wp-content\/uploads\/2003\/05\/einsatz-20030508-10.jpg\" alt=\"\" width=\"512\" height=\"384\" srcset=\"https:\/\/www.feuerwehr-iversheim.de\/wp-content\/uploads\/2003\/05\/einsatz-20030508-10.jpg 512w, https:\/\/www.feuerwehr-iversheim.de\/wp-content\/uploads\/2003\/05\/einsatz-20030508-10-300x225.jpg 300w\" sizes=\"auto, (max-width: 512px) 100vw, 512px\" \/> <img loading=\"lazy\" decoding=\"async\" class=\"alignleft size-full wp-image-1190\" src=\"http:\/\/www.feuerwehr-iversheim.de\/wp-content\/uploads\/2003\/05\/einsatz-20030508-11.jpg\" alt=\"\" width=\"485\" height=\"299\" srcset=\"https:\/\/www.feuerwehr-iversheim.de\/wp-content\/uploads\/2003\/05\/einsatz-20030508-11.jpg 485w, https:\/\/www.feuerwehr-iversheim.de\/wp-content\/uploads\/2003\/05\/einsatz-20030508-11-300x185.jpg 300w\" sizes=\"auto, (max-width: 485px) 100vw, 485px\" \/><\/p>\n","protected":false},"author":1,"featured_media":0,"template":"","meta":{"einsatz_weight":1,"footnotes":""},"categories":[],"tags":[],"einsatzart":[],"fahrzeug":[],"exteinsatzmittel":[],"alarmierungsart":[],"evw_unit":[],"class_list":["post-1178","einsatz","type-einsatz","status-publish","hentry"],"_links":{"self":[{"href":"https:\/\/www.feuerwehr-iversheim.de\/index.php?rest_route=\/wp\/v2\/einsatz\/1178","targetHints":{"allow":["GET"]}}],"collection":[{"href":"https:\/\/www.feuerwehr-iversheim.de\/index.php?rest_route=\/wp\/v2\/einsatz"}],"about":[{"href":"https:\/\/www.feuerwehr-iversheim.de\/index.php?rest_route=\/wp\/v2\/types\/einsatz"}],"author":[{"embeddable":true,"href":"https:\/\/www.feuerwehr-iversheim.de\/index.php?rest_route=\/wp\/v2\/users\/1"}],"version-history":[{"count":2,"href":"https:\/\/www.feuerwehr-iversheim.de\/index.php?rest_route=\/wp\/v2\/einsatz\/1178\/revisions"}],"predecessor-version":[{"id":1191,"href":"https:\/\/www.feuerwehr-iversheim.de\/index.php?rest_route=\/wp\/v2\/einsatz\/1178\/revisions\/1191"}],"wp:attachment":[{"href":"https:\/\/www.feuerwehr-iversheim.de\/index.php?rest_route=%2Fwp%2Fv2%2Fmedia&parent=1178"}],"wp:term":[{"taxonomy":"category","embeddable":true,"href":"https:\/\/www.feuerwehr-iversheim.de\/index.php?rest_route=%2Fwp%2Fv2%2Fcategories&post=1178"},{"taxonomy":"post_tag","embeddable":true,"href":"https:\/\/www.feuerwehr-iversheim.de\/index.php?rest_route=%2Fwp%2Fv2%2Ftags&post=1178"},{"taxonomy":"einsatzart","embeddable":true,"href":"https:\/\/www.feuerwehr-iversheim.de\/index.php?rest_route=%2Fwp%2Fv2%2Feinsatzart&post=1178"},{"taxonomy":"fahrzeug","embeddable":true,"href":"https:\/\/www.feuerwehr-iversheim.de\/index.php?rest_route=%2Fwp%2Fv2%2Ffahrzeug&post=1178"},{"taxonomy":"exteinsatzmittel","embeddable":true,"href":"https:\/\/www.feuerwehr-iversheim.de\/index.php?rest_route=%2Fwp%2Fv2%2Fexteinsatzmittel&post=1178"},{"taxonomy":"alarmierungsart","embeddable":true,"href":"https:\/\/www.feuerwehr-iversheim.de\/index.php?rest_route=%2Fwp%2Fv2%2Falarmierungsart&post=1178"},{"taxonomy":"evw_unit","embeddable":true,"href":"https:\/\/www.feuerwehr-iversheim.de\/index.php?rest_route=%2Fwp%2Fv2%2Fevw_unit&post=1178"}],"curies":[{"name":"wp","href":"https:\/\/api.w.org\/{rel}","templated":true}]}}

<p><img loading="lazy" decoding="async" class="size-full wp-image-1183 alignnone" src="http://www.feuerwehr-iversheim.de/wp-content/uploads/2003/05/einsatz-20030508-04.jpg" alt="" width="512" height="384" srcset="https://www.feuerwehr-iversheim.de/wp-content/uploads/2003/05/einsatz-20030508-04.jpg 512w, https://www.feuerwehr-iversheim.de/wp-content/uploads/2003/05/einsatz-20030508-04-300x225.jpg 300w" sizes="auto, (max-width: 512px) 100vw, 512px" /></p>
<p>Vier leicht- und eine Schwerverletzte Person forderte am späten Nachmittag des 08.05. ein Unfall auf der B51 zwischen Iversheim und Arloff. Nach Polizeiangaben hatte sich ein Stau gebildet. Der erste Wagen konnte noch rechtzeitig abbremsen, doch der zweite krachte dem ersten Fahrzeug ins Heck. Dabei wurde Werkzeug das im ersten Fahrzeug stand gegen den Sitz des Fahrers geschleudert. Da schwere Verletzungen befürchtet wurden, entschied sich der Notarzt für einen Rettungshubschrauber. Die Feuerwehrmänner der Löschgruppe Iversheim, die zum Abstreuen auslaufenden Kraftstoffes Alarmiert wurden, unterstützten den Rettungsdienst dabei, den Schwerverletzten Fahrer schonend von seinem Sitz mit Hilfe einer Schaufeltrage auf die Trage des Rettungsdienstes zu tragen. Dazu musste das Werkzeug, Regale und der Rücksitz des Firmentransporters ausgebaut werden. Über die Zeit wurde die B51 gesperrt.</p>
<p><img loading="lazy" decoding="async" class="alignleft size-full wp-image-1180" src="http://www.feuerwehr-iversheim.de/wp-content/uploads/2003/05/einsatz-20030508-01.jpg" alt="" width="410" height="307" srcset="https://www.feuerwehr-iversheim.de/wp-content/uploads/2003/05/einsatz-20030508-01.jpg 410w, https://www.feuerwehr-iversheim.de/wp-content/uploads/2003/05/einsatz-20030508-01-300x225.jpg 300w" sizes="auto, (max-width: 410px) 100vw, 410px" /> <img loading="lazy" decoding="async" class="alignleft size-full wp-image-1181" src="http://www.feuerwehr-iversheim.de/wp-content/uploads/2003/05/einsatz-20030508-02.jpg" alt="" width="410" height="307" srcset="https://www.feuerwehr-iversheim.de/wp-content/uploads/2003/05/einsatz-20030508-02.jpg 410w, https://www.feuerwehr-iversheim.de/wp-content/uploads/2003/05/einsatz-20030508-02-300x225.jpg 300w" sizes="auto, (max-width: 410px) 100vw, 410px" /> <img loading="lazy" decoding="async" class="alignleft size-full wp-image-1182" src="http://www.feuerwehr-iversheim.de/wp-content/uploads/2003/05/einsatz-20030508-03.jpg" alt="" width="410" height="307" srcset="https://www.feuerwehr-iversheim.de/wp-content/uploads/2003/05/einsatz-20030508-03.jpg 410w, https://www.feuerwehr-iversheim.de/wp-content/uploads/2003/05/einsatz-20030508-03-300x225.jpg 300w" sizes="auto, (max-width: 410px) 100vw, 410px" /> <img loading="lazy" decoding="async" class="alignleft size-full wp-image-1184" src="http://www.feuerwehr-iversheim.de/wp-content/uploads/2003/05/einsatz-20030508-05.jpg" alt="" width="512" height="384" srcset="https://www.feuerwehr-iversheim.de/wp-content/uploads/2003/05/einsatz-20030508-05.jpg 512w, https://www.feuerwehr-iversheim.de/wp-content/uploads/2003/05/einsatz-20030508-05-300x225.jpg 300w" sizes="auto, (max-width: 512px) 100vw, 512px" /> <img loading="lazy" decoding="async" class="alignleft size-full wp-image-1185" src="http://www.feuerwehr-iversheim.de/wp-content/uploads/2003/05/einsatz-20030508-06.jpg" alt="" width="512" height="384" srcset="https://www.feuerwehr-iversheim.de/wp-content/uploads/2003/05/einsatz-20030508-06.jpg 512w, https://www.feuerwehr-iversheim.de/wp-content/uploads/2003/05/einsatz-20030508-06-300x225.jpg 300w" sizes="auto, (max-width: 512px) 100vw, 512px" /> <img loading="lazy" decoding="async" class="alignleft size-full wp-image-1186" src="http://www.feuerwehr-iversheim.de/wp-content/uploads/2003/05/einsatz-20030508-07.jpg" alt="" width="512" height="384" srcset="https://www.feuerwehr-iversheim.de/wp-content/uploads/2003/05/einsatz-20030508-07.jpg 512w, https://www.feuerwehr-iversheim.de/wp-content/uploads/2003/05/einsatz-20030508-07-300x225.jpg 300w" sizes="auto, (max-width: 512px) 100vw, 512px" /> <img loading="lazy" decoding="async" class="alignleft size-full wp-image-1187" src="http://www.feuerwehr-iversheim.de/wp-content/uploads/2003/05/einsatz-20030508-08.jpg" alt="" width="512" height="384" srcset="https://www.feuerwehr-iversheim.de/wp-content/uploads/2003/05/einsatz-20030508-08.jpg 512w, https://www.feuerwehr-iversheim.de/wp-content/uploads/2003/05/einsatz-20030508-08-300x225.jpg 300w" sizes="auto, (max-width: 512px) 100vw, 512px" /> <img loading="lazy" decoding="async" class="alignleft size-full wp-image-1188" src="http://www.feuerwehr-iversheim.de/wp-content/uploads/2003/05/einsatz-20030508-09.jpg" alt="" width="512" height="384" srcset="https://www.feuerwehr-iversheim.de/wp-content/uploads/2003/05/einsatz-20030508-09.jpg 512w, https://www.feuerwehr-iversheim.de/wp-content/uploads/2003/05/einsatz-20030508-09-300x225.jpg 300w" sizes="auto, (max-width: 512px) 100vw, 512px" /> <img loading="lazy" decoding="async" class="alignleft size-full wp-image-1189" src="http://www.feuerwehr-iversheim.de/wp-content/uploads/2003/05/einsatz-20030508-10.jpg" alt="" width="512" height="384" srcset="https://www.feuerwehr-iversheim.de/wp-content/uploads/2003/05/einsatz-20030508-10.jpg 512w, https://www.feuerwehr-iversheim.de/wp-content/uploads/2003/05/einsatz-20030508-10-300x225.jpg 300w" sizes="auto, (max-width: 512px) 100vw, 512px" /> <img loading="lazy" decoding="async" class="alignleft size-full wp-image-1190" src="http://www.feuerwehr-iversheim.de/wp-content/uploads/2003/05/einsatz-20030508-11.jpg" alt="" width="485" height="299" srcset="https://www.feuerwehr-iversheim.de/wp-content/uploads/2003/05/einsatz-20030508-11.jpg 485w, https://www.feuerwehr-iversheim.de/wp-content/uploads/2003/05/einsatz-20030508-11-300x185.jpg 300w" sizes="auto, (max-width: 485px) 100vw, 485px" /></p>
