{"id":1471,"date":"2004-12-09T00:00:00","date_gmt":"2004-12-08T23:00:00","guid":{"rendered":"http:\/\/www.feuerwehr-iversheim.de\/?post_type=einsatz&#038;p=1471"},"modified":"2017-10-31T19:44:59","modified_gmt":"2017-10-31T18:44:59","slug":"verkehrsunfall-15","status":"publish","type":"einsatz","link":"https:\/\/www.feuerwehr-iversheim.de\/?einsatz=verkehrsunfall-15","title":{"rendered":"Verkehrsunfall"},"content":{"rendered":"<p><img loading=\"lazy\" decoding=\"async\" class=\"size-full wp-image-1476 alignnone\" src=\"http:\/\/www.feuerwehr-iversheim.de\/wp-content\/uploads\/2017\/10\/einsatz-20041209-05.jpg\" alt=\"\" width=\"512\" height=\"384\" srcset=\"https:\/\/www.feuerwehr-iversheim.de\/wp-content\/uploads\/2017\/10\/einsatz-20041209-05.jpg 512w, https:\/\/www.feuerwehr-iversheim.de\/wp-content\/uploads\/2017\/10\/einsatz-20041209-05-300x225.jpg 300w\" sizes=\"auto, (max-width: 512px) 100vw, 512px\" \/><\/p>\n<p><strong>Fahrzeuge kam zwischen B\u00e4umen zum stehen<\/strong><\/p>\n<p>Am Morgen des 09.12.2004 wurde die L\u00f6schgruppe Iversheim zusammen mit der L\u00f6schgruppe gegen 04:31 alarmiert. Gemeldet wurde ein Verkehrsunfall mit einer eingeklemmten Person. Die Wehr r\u00fcckte mit beiden Fahrzeugen aus. Am Unfallort fanden die Wehren ein Fahrzeug inmitten von B\u00e4umen vor. Das Fahrzeug war von der Bundesstra\u00dfe 51 abgekommen, einen Abhang hinunter gest\u00fcrzt und zwischen den B\u00e4umen stehen geblieben. Um an den Fahrer zu kommen, mussten einige B\u00e4ume gef\u00e4llt werden. Danach befreiten die Feuerwehrm\u00e4nner die Person mit Schere und Spreizer aus dem Fahrzeug. Die Besatzung des RTW Bad M\u00fcnstereifel sorgte zusammen mit dem Notarzt aus Euskirchen f\u00fcr die medizinische Versorgung. Nach dem die Person in den RTW verbracht wurde, konnte das Fahrzeug mit dem R\u00fcstwagen aus dem Graben gezogen werden. Neben den L\u00f6schgruppen Iversheim und Arloff wurden die Feuerwehr Bad M\u00fcnstereifel mit dem zweiten R\u00fcstsatz und die Wehrf\u00fchrung alarmiert.<\/p>\n\n\t\t<style type=\"text\/css\">\n\t\t\t#gallery-1 {\n\t\t\t\tmargin: auto;\n\t\t\t}\n\t\t\t#gallery-1 .gallery-item {\n\t\t\t\tfloat: left;\n\t\t\t\tmargin-top: 10px;\n\t\t\t\ttext-align: center;\n\t\t\t\twidth: 11%;\n\t\t\t}\n\t\t\t#gallery-1 img {\n\t\t\t\tborder: 2px solid #cfcfcf;\n\t\t\t}\n\t\t\t#gallery-1 .gallery-caption {\n\t\t\t\tmargin-left: 0;\n\t\t\t}\n\t\t\t\/* see gallery_shortcode() in wp-includes\/media.php *\/\n\t\t<\/style>\n\t\t<div id='gallery-1' class='gallery galleryid-1471 gallery-columns-9 gallery-size-thumbnail'><dl class='gallery-item'>\n\t\t\t<dt class='gallery-icon landscape'>\n\t\t\t\t<a href='https:\/\/www.feuerwehr-iversheim.de\/wp-content\/uploads\/2017\/10\/einsatz-20041209-01.jpg'><img loading=\"lazy\" decoding=\"async\" width=\"150\" height=\"150\" src=\"https:\/\/www.feuerwehr-iversheim.de\/wp-content\/uploads\/2017\/10\/einsatz-20041209-01-150x150.jpg\" class=\"attachment-thumbnail size-thumbnail\" alt=\"\" \/><\/a>\n\t\t\t<\/dt><\/dl><dl class='gallery-item'>\n\t\t\t<dt class='gallery-icon landscape'>\n\t\t\t\t<a href='https:\/\/www.feuerwehr-iversheim.de\/wp-content\/uploads\/2017\/10\/einsatz-20041209-02.jpg'><img loading=\"lazy\" decoding=\"async\" width=\"150\" height=\"150\" src=\"https:\/\/www.feuerwehr-iversheim.de\/wp-content\/uploads\/2017\/10\/einsatz-20041209-02-150x150.jpg\" class=\"attachment-thumbnail size-thumbnail\" alt=\"\" \/><\/a>\n\t\t\t<\/dt><\/dl><dl class='gallery-item'>\n\t\t\t<dt class='gallery-icon landscape'>\n\t\t\t\t<a href='https:\/\/www.feuerwehr-iversheim.de\/wp-content\/uploads\/2017\/10\/einsatz-20041209-03.jpg'><img loading=\"lazy\" decoding=\"async\" width=\"150\" height=\"150\" src=\"https:\/\/www.feuerwehr-iversheim.de\/wp-content\/uploads\/2017\/10\/einsatz-20041209-03-150x150.jpg\" class=\"attachment-thumbnail size-thumbnail\" alt=\"\" \/><\/a>\n\t\t\t<\/dt><\/dl><dl class='gallery-item'>\n\t\t\t<dt class='gallery-icon landscape'>\n\t\t\t\t<a href='https:\/\/www.feuerwehr-iversheim.de\/wp-content\/uploads\/2017\/10\/einsatz-20041209-04.jpg'><img loading=\"lazy\" decoding=\"async\" width=\"150\" height=\"150\" src=\"https:\/\/www.feuerwehr-iversheim.de\/wp-content\/uploads\/2017\/10\/einsatz-20041209-04-150x150.jpg\" class=\"attachment-thumbnail size-thumbnail\" alt=\"\" \/><\/a>\n\t\t\t<\/dt><\/dl><dl class='gallery-item'>\n\t\t\t<dt class='gallery-icon landscape'>\n\t\t\t\t<a href='https:\/\/www.feuerwehr-iversheim.de\/wp-content\/uploads\/2017\/10\/einsatz-20041209-05.jpg'><img loading=\"lazy\" decoding=\"async\" width=\"150\" height=\"150\" src=\"https:\/\/www.feuerwehr-iversheim.de\/wp-content\/uploads\/2017\/10\/einsatz-20041209-05-150x150.jpg\" class=\"attachment-thumbnail size-thumbnail\" alt=\"\" \/><\/a>\n\t\t\t<\/dt><\/dl><dl class='gallery-item'>\n\t\t\t<dt class='gallery-icon landscape'>\n\t\t\t\t<a href='https:\/\/www.feuerwehr-iversheim.de\/wp-content\/uploads\/2017\/10\/einsatz-20041209-06.jpg'><img loading=\"lazy\" decoding=\"async\" width=\"150\" height=\"150\" src=\"https:\/\/www.feuerwehr-iversheim.de\/wp-content\/uploads\/2017\/10\/einsatz-20041209-06-150x150.jpg\" class=\"attachment-thumbnail size-thumbnail\" alt=\"\" \/><\/a>\n\t\t\t<\/dt><\/dl><dl class='gallery-item'>\n\t\t\t<dt class='gallery-icon landscape'>\n\t\t\t\t<a href='https:\/\/www.feuerwehr-iversheim.de\/wp-content\/uploads\/2017\/10\/einsatz-20041209-07.jpg'><img loading=\"lazy\" decoding=\"async\" width=\"150\" height=\"150\" src=\"https:\/\/www.feuerwehr-iversheim.de\/wp-content\/uploads\/2017\/10\/einsatz-20041209-07-150x150.jpg\" class=\"attachment-thumbnail size-thumbnail\" alt=\"\" \/><\/a>\n\t\t\t<\/dt><\/dl><dl class='gallery-item'>\n\t\t\t<dt class='gallery-icon landscape'>\n\t\t\t\t<a href='https:\/\/www.feuerwehr-iversheim.de\/wp-content\/uploads\/2017\/10\/einsatz-20041209-08.jpg'><img loading=\"lazy\" decoding=\"async\" width=\"150\" height=\"150\" src=\"https:\/\/www.feuerwehr-iversheim.de\/wp-content\/uploads\/2017\/10\/einsatz-20041209-08-150x150.jpg\" class=\"attachment-thumbnail size-thumbnail\" alt=\"\" \/><\/a>\n\t\t\t<\/dt><\/dl><dl class='gallery-item'>\n\t\t\t<dt class='gallery-icon landscape'>\n\t\t\t\t<a href='https:\/\/www.feuerwehr-iversheim.de\/wp-content\/uploads\/2017\/10\/einsatz-20041209-09.jpg'><img loading=\"lazy\" decoding=\"async\" width=\"150\" height=\"150\" src=\"https:\/\/www.feuerwehr-iversheim.de\/wp-content\/uploads\/2017\/10\/einsatz-20041209-09-150x150.jpg\" class=\"attachment-thumbnail size-thumbnail\" alt=\"\" \/><\/a>\n\t\t\t<\/dt><\/dl><br style=\"clear: both\" \/><dl class='gallery-item'>\n\t\t\t<dt class='gallery-icon landscape'>\n\t\t\t\t<a href='https:\/\/www.feuerwehr-iversheim.de\/wp-content\/uploads\/2017\/10\/einsatz-20041209-10.jpg'><img loading=\"lazy\" decoding=\"async\" width=\"150\" height=\"150\" src=\"https:\/\/www.feuerwehr-iversheim.de\/wp-content\/uploads\/2017\/10\/einsatz-20041209-10-150x150.jpg\" class=\"attachment-thumbnail size-thumbnail\" alt=\"\" \/><\/a>\n\t\t\t<\/dt><\/dl>\n\t\t\t<br style='clear: both' \/>\n\t\t<\/div>\n\n","protected":false},"author":1,"featured_media":0,"template":"","meta":{"einsatz_weight":1,"footnotes":""},"categories":[],"tags":[],"einsatzart":[],"fahrzeug":[],"exteinsatzmittel":[],"alarmierungsart":[],"evw_unit":[],"class_list":["post-1471","einsatz","type-einsatz","status-publish","hentry"],"_links":{"self":[{"href":"https:\/\/www.feuerwehr-iversheim.de\/index.php?rest_route=\/wp\/v2\/einsatz\/1471","targetHints":{"allow":["GET"]}}],"collection":[{"href":"https:\/\/www.feuerwehr-iversheim.de\/index.php?rest_route=\/wp\/v2\/einsatz"}],"about":[{"href":"https:\/\/www.feuerwehr-iversheim.de\/index.php?rest_route=\/wp\/v2\/types\/einsatz"}],"author":[{"embeddable":true,"href":"https:\/\/www.feuerwehr-iversheim.de\/index.php?rest_route=\/wp\/v2\/users\/1"}],"version-history":[{"count":1,"href":"https:\/\/www.feuerwehr-iversheim.de\/index.php?rest_route=\/wp\/v2\/einsatz\/1471\/revisions"}],"predecessor-version":[{"id":1482,"href":"https:\/\/www.feuerwehr-iversheim.de\/index.php?rest_route=\/wp\/v2\/einsatz\/1471\/revisions\/1482"}],"wp:attachment":[{"href":"https:\/\/www.feuerwehr-iversheim.de\/index.php?rest_route=%2Fwp%2Fv2%2Fmedia&parent=1471"}],"wp:term":[{"taxonomy":"category","embeddable":true,"href":"https:\/\/www.feuerwehr-iversheim.de\/index.php?rest_route=%2Fwp%2Fv2%2Fcategories&post=1471"},{"taxonomy":"post_tag","embeddable":true,"href":"https:\/\/www.feuerwehr-iversheim.de\/index.php?rest_route=%2Fwp%2Fv2%2Ftags&post=1471"},{"taxonomy":"einsatzart","embeddable":true,"href":"https:\/\/www.feuerwehr-iversheim.de\/index.php?rest_route=%2Fwp%2Fv2%2Feinsatzart&post=1471"},{"taxonomy":"fahrzeug","embeddable":true,"href":"https:\/\/www.feuerwehr-iversheim.de\/index.php?rest_route=%2Fwp%2Fv2%2Ffahrzeug&post=1471"},{"taxonomy":"exteinsatzmittel","embeddable":true,"href":"https:\/\/www.feuerwehr-iversheim.de\/index.php?rest_route=%2Fwp%2Fv2%2Fexteinsatzmittel&post=1471"},{"taxonomy":"alarmierungsart","embeddable":true,"href":"https:\/\/www.feuerwehr-iversheim.de\/index.php?rest_route=%2Fwp%2Fv2%2Falarmierungsart&post=1471"},{"taxonomy":"evw_unit","embeddable":true,"href":"https:\/\/www.feuerwehr-iversheim.de\/index.php?rest_route=%2Fwp%2Fv2%2Fevw_unit&post=1471"}],"curies":[{"name":"wp","href":"https:\/\/api.w.org\/{rel}","templated":true}]}}

<p><img loading="lazy" decoding="async" class="size-full wp-image-1476 alignnone" src="http://www.feuerwehr-iversheim.de/wp-content/uploads/2017/10/einsatz-20041209-05.jpg" alt="" width="512" height="384" srcset="https://www.feuerwehr-iversheim.de/wp-content/uploads/2017/10/einsatz-20041209-05.jpg 512w, https://www.feuerwehr-iversheim.de/wp-content/uploads/2017/10/einsatz-20041209-05-300x225.jpg 300w" sizes="auto, (max-width: 512px) 100vw, 512px" /></p>
<p><strong>Fahrzeuge kam zwischen Bäumen zum stehen</strong></p>
<p>Am Morgen des 09.12.2004 wurde die Löschgruppe Iversheim zusammen mit der Löschgruppe gegen 04:31 alarmiert. Gemeldet wurde ein Verkehrsunfall mit einer eingeklemmten Person. Die Wehr rückte mit beiden Fahrzeugen aus. Am Unfallort fanden die Wehren ein Fahrzeug inmitten von Bäumen vor. Das Fahrzeug war von der Bundesstraße 51 abgekommen, einen Abhang hinunter gestürzt und zwischen den Bäumen stehen geblieben. Um an den Fahrer zu kommen, mussten einige Bäume gefällt werden. Danach befreiten die Feuerwehrmänner die Person mit Schere und Spreizer aus dem Fahrzeug. Die Besatzung des RTW Bad Münstereifel sorgte zusammen mit dem Notarzt aus Euskirchen für die medizinische Versorgung. Nach dem die Person in den RTW verbracht wurde, konnte das Fahrzeug mit dem Rüstwagen aus dem Graben gezogen werden. Neben den Löschgruppen Iversheim und Arloff wurden die Feuerwehr Bad Münstereifel mit dem zweiten Rüstsatz und die Wehrführung alarmiert.</p>

		<style type="text/css">
			#gallery-1 {
				margin: auto;
			}
			#gallery-1 .gallery-item {
				float: left;
				margin-top: 10px;
				text-align: center;
				width: 11%;
			}
			#gallery-1 img {
				border: 2px solid #cfcfcf;
			}
			#gallery-1 .gallery-caption {
				margin-left: 0;
			}
			/* see gallery_shortcode() in wp-includes/media.php */
		</style>
		<div id='gallery-1' class='gallery galleryid-1471 gallery-columns-9 gallery-size-thumbnail'><dl class='gallery-item'>
			<dt class='gallery-icon landscape'>
				<a href='https://www.feuerwehr-iversheim.de/wp-content/uploads/2017/10/einsatz-20041209-01.jpg'><img loading="lazy" decoding="async" width="150" height="150" src="https://www.feuerwehr-iversheim.de/wp-content/uploads/2017/10/einsatz-20041209-01-150x150.jpg" class="attachment-thumbnail size-thumbnail" alt="" /></a>
			</dt></dl><dl class='gallery-item'>
			<dt class='gallery-icon landscape'>
				<a href='https://www.feuerwehr-iversheim.de/wp-content/uploads/2017/10/einsatz-20041209-02.jpg'><img loading="lazy" decoding="async" width="150" height="150" src="https://www.feuerwehr-iversheim.de/wp-content/uploads/2017/10/einsatz-20041209-02-150x150.jpg" class="attachment-thumbnail size-thumbnail" alt="" /></a>
			</dt></dl><dl class='gallery-item'>
			<dt class='gallery-icon landscape'>
				<a href='https://www.feuerwehr-iversheim.de/wp-content/uploads/2017/10/einsatz-20041209-03.jpg'><img loading="lazy" decoding="async" width="150" height="150" src="https://www.feuerwehr-iversheim.de/wp-content/uploads/2017/10/einsatz-20041209-03-150x150.jpg" class="attachment-thumbnail size-thumbnail" alt="" /></a>
			</dt></dl><dl class='gallery-item'>
			<dt class='gallery-icon landscape'>
				<a href='https://www.feuerwehr-iversheim.de/wp-content/uploads/2017/10/einsatz-20041209-04.jpg'><img loading="lazy" decoding="async" width="150" height="150" src="https://www.feuerwehr-iversheim.de/wp-content/uploads/2017/10/einsatz-20041209-04-150x150.jpg" class="attachment-thumbnail size-thumbnail" alt="" /></a>
			</dt></dl><dl class='gallery-item'>
			<dt class='gallery-icon landscape'>
				<a href='https://www.feuerwehr-iversheim.de/wp-content/uploads/2017/10/einsatz-20041209-05.jpg'><img loading="lazy" decoding="async" width="150" height="150" src="https://www.feuerwehr-iversheim.de/wp-content/uploads/2017/10/einsatz-20041209-05-150x150.jpg" class="attachment-thumbnail size-thumbnail" alt="" /></a>
			</dt></dl><dl class='gallery-item'>
			<dt class='gallery-icon landscape'>
				<a href='https://www.feuerwehr-iversheim.de/wp-content/uploads/2017/10/einsatz-20041209-06.jpg'><img loading="lazy" decoding="async" width="150" height="150" src="https://www.feuerwehr-iversheim.de/wp-content/uploads/2017/10/einsatz-20041209-06-150x150.jpg" class="attachment-thumbnail size-thumbnail" alt="" /></a>
			</dt></dl><dl class='gallery-item'>
			<dt class='gallery-icon landscape'>
				<a href='https://www.feuerwehr-iversheim.de/wp-content/uploads/2017/10/einsatz-20041209-07.jpg'><img loading="lazy" decoding="async" width="150" height="150" src="https://www.feuerwehr-iversheim.de/wp-content/uploads/2017/10/einsatz-20041209-07-150x150.jpg" class="attachment-thumbnail size-thumbnail" alt="" /></a>
			</dt></dl><dl class='gallery-item'>
			<dt class='gallery-icon landscape'>
				<a href='https://www.feuerwehr-iversheim.de/wp-content/uploads/2017/10/einsatz-20041209-08.jpg'><img loading="lazy" decoding="async" width="150" height="150" src="https://www.feuerwehr-iversheim.de/wp-content/uploads/2017/10/einsatz-20041209-08-150x150.jpg" class="attachment-thumbnail size-thumbnail" alt="" /></a>
			</dt></dl><dl class='gallery-item'>
			<dt class='gallery-icon landscape'>
				<a href='https://www.feuerwehr-iversheim.de/wp-content/uploads/2017/10/einsatz-20041209-09.jpg'><img loading="lazy" decoding="async" width="150" height="150" src="https://www.feuerwehr-iversheim.de/wp-content/uploads/2017/10/einsatz-20041209-09-150x150.jpg" class="attachment-thumbnail size-thumbnail" alt="" /></a>
			</dt></dl><br style="clear: both" /><dl class='gallery-item'>
			<dt class='gallery-icon landscape'>
				<a href='https://www.feuerwehr-iversheim.de/wp-content/uploads/2017/10/einsatz-20041209-10.jpg'><img loading="lazy" decoding="async" width="150" height="150" src="https://www.feuerwehr-iversheim.de/wp-content/uploads/2017/10/einsatz-20041209-10-150x150.jpg" class="attachment-thumbnail size-thumbnail" alt="" /></a>
			</dt></dl>
			<br style='clear: both' />
		</div>
