{"id":1954,"date":"2009-04-19T00:00:00","date_gmt":"2009-04-18T22:00:00","guid":{"rendered":"http:\/\/www.feuerwehr-iversheim.de\/?post_type=einsatz&#038;p=1954"},"modified":"2017-11-01T10:14:42","modified_gmt":"2017-11-01T09:14:42","slug":"chlorgasaustritt-im-waldfreibad","status":"publish","type":"einsatz","link":"https:\/\/www.feuerwehr-iversheim.de\/?einsatz=chlorgasaustritt-im-waldfreibad","title":{"rendered":"Chlorgasaustritt im Waldfreibad"},"content":{"rendered":"<p><img loading=\"lazy\" decoding=\"async\" class=\"size-full wp-image-1955 alignnone\" src=\"http:\/\/www.feuerwehr-iversheim.de\/wp-content\/uploads\/2017\/11\/einsatz-20090419-01.jpg\" alt=\"\" width=\"250\" height=\"187\" \/><\/p>\n<p><strong>Chlorgasaustritt an der Steinbachtalsperre &#8211;<\/strong><br \/>\n<strong> 6 Leichtverletzte<\/strong><\/p>\n<p>An der Steinbachtalsperre bei Euskirchen-Kirchheim hat ausgetretenes Chlorgas am Sonntagnachmittag einen Gro\u00dfeinsatz f\u00fcr Feuerwehr und Rettungskr\u00e4fte ausgel\u00f6st. Der Bereich rund um das Waldfreibad musste evakuiert werden.<\/p>\n<p>Das Chlorgas war aus der Anlage des Waldfreibades ausgetreten. Insgesamt wurden 230 Menschen nach Angaben des leitenden Notarztes vorsorglich untersucht, dabei handelte es sich um die Besucher des Restaurants und Spazierg\u00e4nger. Das Waldgasthaus an der Steinbachtalsperre war voll besetzt, unter anderem feierten dort 3 Kommunionsgesellschaften.<\/p>\n<p>Insgesamt klagten 30 Menschen \u00fcber Reizungen der Atemwege. 6 Menschen mussten mit Atemwegsbeschwerden ins Krankenhaus gebracht werden.<\/p>\n<p>Rund 180 Feuerwehr- und Rettungskr\u00e4fte waren im Einsatz. 10 Rettungswagen waren vor Ort. Die Feuerwehr r\u00fcckte mit ihrem ABC-Zug aus Dahlem (Anmerkung FW Iversheim: und Kreis-ABC-Zug Messkomponente Euskirchen-Iversheim) an und f\u00fchrte Messungen durch. Insgesamt dauerte der Einsatz \u00fcber 3 Stunden.<\/p>\n<p>Das Chlorgas wurde mit Wasser gebunden, der gef\u00e4hrliche Grenzwert war nach Feuerwehrangaben aber nicht \u00fcberschritten worden. Die genaue Ursache f\u00fcr den Chlorgasaustritt steht noch nicht fest. Der benachrichtigte Techniker einer Spezialfirma vermutet einen technischen Defekt an der Chlorgasanlage.<\/p>\n<p>Chlorgas wird in Schwimmb\u00e4dern zur Desinfektion des Badewassers genutzt. Das Waldfreibad hat noch nicht ge\u00f6ffnet, die Saison startet nach Angaben der Stadt Euskirchen vermutlich erst Mitte Mai.<\/p>\n<p>Das Waldgasthaus an der Steinbachtalsperre hatte am Sonntagabend aus Sicherheitsgr\u00fcnden nicht mehr ge\u00f6ffnet. Die Speisen wurden vernichtet und das Inventar gereinigt. Am Montag will das Restaurant wieder \u00f6ffnen.<\/p>\n<p>Menschen, die nach dem Chlorgasaustritt noch Beschwerden bekommen, sollen nach Angaben des Rettungsdienstes ein Krankenhaus aufsuchen und sich untersuchen lassen.<\/p>\n<p>Wer noch jemanden vermisst, kann beim Kreisauskunftsb\u00fcro des Deutschen Roten Kreuzes anrufen. Die Nummer lautet 0 22 51 &#8211; 79 11 33.<\/p>\n<p>Quelle: www.radioeuskirchen.de<\/p>\n","protected":false},"author":1,"featured_media":0,"template":"","meta":{"einsatz_weight":1,"footnotes":""},"categories":[],"tags":[],"einsatzart":[],"fahrzeug":[],"exteinsatzmittel":[],"alarmierungsart":[],"evw_unit":[],"class_list":["post-1954","einsatz","type-einsatz","status-publish","hentry"],"_links":{"self":[{"href":"https:\/\/www.feuerwehr-iversheim.de\/index.php?rest_route=\/wp\/v2\/einsatz\/1954","targetHints":{"allow":["GET"]}}],"collection":[{"href":"https:\/\/www.feuerwehr-iversheim.de\/index.php?rest_route=\/wp\/v2\/einsatz"}],"about":[{"href":"https:\/\/www.feuerwehr-iversheim.de\/index.php?rest_route=\/wp\/v2\/types\/einsatz"}],"author":[{"embeddable":true,"href":"https:\/\/www.feuerwehr-iversheim.de\/index.php?rest_route=\/wp\/v2\/users\/1"}],"version-history":[{"count":1,"href":"https:\/\/www.feuerwehr-iversheim.de\/index.php?rest_route=\/wp\/v2\/einsatz\/1954\/revisions"}],"predecessor-version":[{"id":1956,"href":"https:\/\/www.feuerwehr-iversheim.de\/index.php?rest_route=\/wp\/v2\/einsatz\/1954\/revisions\/1956"}],"wp:attachment":[{"href":"https:\/\/www.feuerwehr-iversheim.de\/index.php?rest_route=%2Fwp%2Fv2%2Fmedia&parent=1954"}],"wp:term":[{"taxonomy":"category","embeddable":true,"href":"https:\/\/www.feuerwehr-iversheim.de\/index.php?rest_route=%2Fwp%2Fv2%2Fcategories&post=1954"},{"taxonomy":"post_tag","embeddable":true,"href":"https:\/\/www.feuerwehr-iversheim.de\/index.php?rest_route=%2Fwp%2Fv2%2Ftags&post=1954"},{"taxonomy":"einsatzart","embeddable":true,"href":"https:\/\/www.feuerwehr-iversheim.de\/index.php?rest_route=%2Fwp%2Fv2%2Feinsatzart&post=1954"},{"taxonomy":"fahrzeug","embeddable":true,"href":"https:\/\/www.feuerwehr-iversheim.de\/index.php?rest_route=%2Fwp%2Fv2%2Ffahrzeug&post=1954"},{"taxonomy":"exteinsatzmittel","embeddable":true,"href":"https:\/\/www.feuerwehr-iversheim.de\/index.php?rest_route=%2Fwp%2Fv2%2Fexteinsatzmittel&post=1954"},{"taxonomy":"alarmierungsart","embeddable":true,"href":"https:\/\/www.feuerwehr-iversheim.de\/index.php?rest_route=%2Fwp%2Fv2%2Falarmierungsart&post=1954"},{"taxonomy":"evw_unit","embeddable":true,"href":"https:\/\/www.feuerwehr-iversheim.de\/index.php?rest_route=%2Fwp%2Fv2%2Fevw_unit&post=1954"}],"curies":[{"name":"wp","href":"https:\/\/api.w.org\/{rel}","templated":true}]}}

<p><img loading="lazy" decoding="async" class="size-full wp-image-1955 alignnone" src="http://www.feuerwehr-iversheim.de/wp-content/uploads/2017/11/einsatz-20090419-01.jpg" alt="" width="250" height="187" /></p>
<p><strong>Chlorgasaustritt an der Steinbachtalsperre &#8211;</strong><br />
<strong> 6 Leichtverletzte</strong></p>
<p>An der Steinbachtalsperre bei Euskirchen-Kirchheim hat ausgetretenes Chlorgas am Sonntagnachmittag einen Großeinsatz für Feuerwehr und Rettungskräfte ausgelöst. Der Bereich rund um das Waldfreibad musste evakuiert werden.</p>
<p>Das Chlorgas war aus der Anlage des Waldfreibades ausgetreten. Insgesamt wurden 230 Menschen nach Angaben des leitenden Notarztes vorsorglich untersucht, dabei handelte es sich um die Besucher des Restaurants und Spaziergänger. Das Waldgasthaus an der Steinbachtalsperre war voll besetzt, unter anderem feierten dort 3 Kommunionsgesellschaften.</p>
<p>Insgesamt klagten 30 Menschen über Reizungen der Atemwege. 6 Menschen mussten mit Atemwegsbeschwerden ins Krankenhaus gebracht werden.</p>
<p>Rund 180 Feuerwehr- und Rettungskräfte waren im Einsatz. 10 Rettungswagen waren vor Ort. Die Feuerwehr rückte mit ihrem ABC-Zug aus Dahlem (Anmerkung FW Iversheim: und Kreis-ABC-Zug Messkomponente Euskirchen-Iversheim) an und führte Messungen durch. Insgesamt dauerte der Einsatz über 3 Stunden.</p>
<p>Das Chlorgas wurde mit Wasser gebunden, der gefährliche Grenzwert war nach Feuerwehrangaben aber nicht überschritten worden. Die genaue Ursache für den Chlorgasaustritt steht noch nicht fest. Der benachrichtigte Techniker einer Spezialfirma vermutet einen technischen Defekt an der Chlorgasanlage.</p>
<p>Chlorgas wird in Schwimmbädern zur Desinfektion des Badewassers genutzt. Das Waldfreibad hat noch nicht geöffnet, die Saison startet nach Angaben der Stadt Euskirchen vermutlich erst Mitte Mai.</p>
<p>Das Waldgasthaus an der Steinbachtalsperre hatte am Sonntagabend aus Sicherheitsgründen nicht mehr geöffnet. Die Speisen wurden vernichtet und das Inventar gereinigt. Am Montag will das Restaurant wieder öffnen.</p>
<p>Menschen, die nach dem Chlorgasaustritt noch Beschwerden bekommen, sollen nach Angaben des Rettungsdienstes ein Krankenhaus aufsuchen und sich untersuchen lassen.</p>
<p>Wer noch jemanden vermisst, kann beim Kreisauskunftsbüro des Deutschen Roten Kreuzes anrufen. Die Nummer lautet 0 22 51 &#8211; 79 11 33.</p>
<p>Quelle: www.radioeuskirchen.de</p>
