{"id":2051,"date":"2010-06-13T00:00:00","date_gmt":"2010-06-12T22:00:00","guid":{"rendered":"http:\/\/www.feuerwehr-iversheim.de\/?post_type=einsatz&#038;p=2051"},"modified":"2017-11-01T10:52:42","modified_gmt":"2017-11-01T09:52:42","slug":"ausgelaufene-betriebsstoffe","status":"publish","type":"einsatz","link":"https:\/\/www.feuerwehr-iversheim.de\/?einsatz=ausgelaufene-betriebsstoffe","title":{"rendered":"Ausgelaufene Betriebsstoffe"},"content":{"rendered":"<p><img loading=\"lazy\" decoding=\"async\" class=\"size-full wp-image-2052 alignnone\" src=\"http:\/\/www.feuerwehr-iversheim.de\/wp-content\/uploads\/2017\/11\/einsatz-20100613-01.jpg\" alt=\"\" width=\"380\" height=\"254\" srcset=\"https:\/\/www.feuerwehr-iversheim.de\/wp-content\/uploads\/2017\/11\/einsatz-20100613-01.jpg 380w, https:\/\/www.feuerwehr-iversheim.de\/wp-content\/uploads\/2017\/11\/einsatz-20100613-01-300x201.jpg 300w\" sizes=\"auto, (max-width: 380px) 100vw, 380px\" \/><\/p>\n<p><strong>Zwei Schwerverletzte, Ursache ungekl\u00e4rt<\/strong><\/p>\n<p>Gegen 6.30 Uhr, forderte ein Unfall zwischen Arloff und Iversheim zwei Schwerverletzte.<\/p>\n<p>Dort geriet der 30-j\u00e4hrige Fahrer eines Ford Transits aus Richtung Arloff kommend auf gerader Strecke aus bislang ungekl\u00e4rter Ursache auf die Gegenfahrbahn. Da kam ihm ein 52-j\u00e4hriger Autofahrer aus dem Rhein-Sieg-Kreis mit einem Mercedes entgegen. Beide Fahrzeuge kollidierten frontal. Beide M\u00e4nner wurden in ihren Fahrzeugen eingeklemmt und mussten von der Feuerwehr befreit werden.<\/p>\n<p>Die Bundesstra\u00dfe 51 war w\u00e4hrend der Bergungs- und Aufr\u00e4umarbeiten f\u00fcr fast f\u00fcnf Stunden gesperrt.<\/p>\n","protected":false},"author":1,"featured_media":0,"template":"","meta":{"einsatz_weight":1,"footnotes":""},"categories":[],"tags":[],"einsatzart":[],"fahrzeug":[],"exteinsatzmittel":[],"alarmierungsart":[],"evw_unit":[],"class_list":["post-2051","einsatz","type-einsatz","status-publish","hentry"],"_links":{"self":[{"href":"https:\/\/www.feuerwehr-iversheim.de\/index.php?rest_route=\/wp\/v2\/einsatz\/2051","targetHints":{"allow":["GET"]}}],"collection":[{"href":"https:\/\/www.feuerwehr-iversheim.de\/index.php?rest_route=\/wp\/v2\/einsatz"}],"about":[{"href":"https:\/\/www.feuerwehr-iversheim.de\/index.php?rest_route=\/wp\/v2\/types\/einsatz"}],"author":[{"embeddable":true,"href":"https:\/\/www.feuerwehr-iversheim.de\/index.php?rest_route=\/wp\/v2\/users\/1"}],"version-history":[{"count":1,"href":"https:\/\/www.feuerwehr-iversheim.de\/index.php?rest_route=\/wp\/v2\/einsatz\/2051\/revisions"}],"predecessor-version":[{"id":2053,"href":"https:\/\/www.feuerwehr-iversheim.de\/index.php?rest_route=\/wp\/v2\/einsatz\/2051\/revisions\/2053"}],"wp:attachment":[{"href":"https:\/\/www.feuerwehr-iversheim.de\/index.php?rest_route=%2Fwp%2Fv2%2Fmedia&parent=2051"}],"wp:term":[{"taxonomy":"category","embeddable":true,"href":"https:\/\/www.feuerwehr-iversheim.de\/index.php?rest_route=%2Fwp%2Fv2%2Fcategories&post=2051"},{"taxonomy":"post_tag","embeddable":true,"href":"https:\/\/www.feuerwehr-iversheim.de\/index.php?rest_route=%2Fwp%2Fv2%2Ftags&post=2051"},{"taxonomy":"einsatzart","embeddable":true,"href":"https:\/\/www.feuerwehr-iversheim.de\/index.php?rest_route=%2Fwp%2Fv2%2Feinsatzart&post=2051"},{"taxonomy":"fahrzeug","embeddable":true,"href":"https:\/\/www.feuerwehr-iversheim.de\/index.php?rest_route=%2Fwp%2Fv2%2Ffahrzeug&post=2051"},{"taxonomy":"exteinsatzmittel","embeddable":true,"href":"https:\/\/www.feuerwehr-iversheim.de\/index.php?rest_route=%2Fwp%2Fv2%2Fexteinsatzmittel&post=2051"},{"taxonomy":"alarmierungsart","embeddable":true,"href":"https:\/\/www.feuerwehr-iversheim.de\/index.php?rest_route=%2Fwp%2Fv2%2Falarmierungsart&post=2051"},{"taxonomy":"evw_unit","embeddable":true,"href":"https:\/\/www.feuerwehr-iversheim.de\/index.php?rest_route=%2Fwp%2Fv2%2Fevw_unit&post=2051"}],"curies":[{"name":"wp","href":"https:\/\/api.w.org\/{rel}","templated":true}]}}

<p><img loading="lazy" decoding="async" class="size-full wp-image-2052 alignnone" src="http://www.feuerwehr-iversheim.de/wp-content/uploads/2017/11/einsatz-20100613-01.jpg" alt="" width="380" height="254" srcset="https://www.feuerwehr-iversheim.de/wp-content/uploads/2017/11/einsatz-20100613-01.jpg 380w, https://www.feuerwehr-iversheim.de/wp-content/uploads/2017/11/einsatz-20100613-01-300x201.jpg 300w" sizes="auto, (max-width: 380px) 100vw, 380px" /></p>
<p><strong>Zwei Schwerverletzte, Ursache ungeklärt</strong></p>
<p>Gegen 6.30 Uhr, forderte ein Unfall zwischen Arloff und Iversheim zwei Schwerverletzte.</p>
<p>Dort geriet der 30-jährige Fahrer eines Ford Transits aus Richtung Arloff kommend auf gerader Strecke aus bislang ungeklärter Ursache auf die Gegenfahrbahn. Da kam ihm ein 52-jähriger Autofahrer aus dem Rhein-Sieg-Kreis mit einem Mercedes entgegen. Beide Fahrzeuge kollidierten frontal. Beide Männer wurden in ihren Fahrzeugen eingeklemmt und mussten von der Feuerwehr befreit werden.</p>
<p>Die Bundesstraße 51 war während der Bergungs- und Aufräumarbeiten für fast fünf Stunden gesperrt.</p>
