{"id":4374,"date":"2021-04-15T07:47:00","date_gmt":"2021-04-15T05:47:00","guid":{"rendered":"https:\/\/www.feuerwehr-iversheim.de\/?post_type=einsatz&#038;p=4374"},"modified":"2021-04-15T15:00:57","modified_gmt":"2021-04-15T13:00:57","slug":"dachstuhlbrand-6","status":"publish","type":"einsatz","link":"https:\/\/www.feuerwehr-iversheim.de\/?einsatz=dachstuhlbrand-6","title":{"rendered":"Dachstuhlbrand"},"content":{"rendered":"\n<p><strong>Dachstuhlbrand in Bad M\u00fcnstereifel-Eschweiler<\/strong><\/p>\n\n\n\n<p>In Bad M\u00fcnstereifel Eschweiler brennt ein Haus. Die Feuerwehr ist am Donnerstagmorgen zu einem Dachstuhlbrand gerufen worden. Offenbar hat es in der Zwischendecke und Isolierung des Holzhauses gebrannt. Das Haus ist derzeit unbewohnbar.<\/p>\n\n\n\n<p>Die Einsatzkr\u00e4fte gehen von einem technischen Defekt als Ursache aus, sagt ein Polizei-Sprecher. Vor Ort musste die Feuerwehr versuchen das Dach zu \u00f6ffnen, um an das Feuer zu kommen. Es handelt sich um ein freistehendes Wochenendhaus in einer Seitenstra\u00dfe von Eschweiler. Seit kurz vor 8 Uhr sind die Einsatzkr\u00e4fte vor Ort.<\/p>\n\n\n\n<p>Meldungen \u00fcber Verletzte gibt es nicht, die 63-j\u00e4hrige Bewohnerin sei wohlauf, sagt die Polizei. Die Bewohnerin hat das Feuer bemerkt und gemeldet.<\/p>\n\n\n\n<figure class=\"wp-block-image size-large\"><img loading=\"lazy\" decoding=\"async\" width=\"1024\" height=\"640\" src=\"https:\/\/www.feuerwehr-iversheim.de\/wp-content\/uploads\/2021\/04\/einsatz-20210415-01-1024x640.jpg\" alt=\"\" class=\"wp-image-4377\" srcset=\"https:\/\/www.feuerwehr-iversheim.de\/wp-content\/uploads\/2021\/04\/einsatz-20210415-01-1024x640.jpg 1024w, https:\/\/www.feuerwehr-iversheim.de\/wp-content\/uploads\/2021\/04\/einsatz-20210415-01-300x188.jpg 300w, https:\/\/www.feuerwehr-iversheim.de\/wp-content\/uploads\/2021\/04\/einsatz-20210415-01-768x480.jpg 768w, https:\/\/www.feuerwehr-iversheim.de\/wp-content\/uploads\/2021\/04\/einsatz-20210415-01.jpg 1280w\" sizes=\"auto, (max-width: 1024px) 100vw, 1024px\" \/><\/figure>\n\n\n\n<p>Quelle: <a href=\"https:\/\/www.radioeuskirchen.de\/artikel\/dachstuhlbrand-in-bad-muenstereifel-eschweiler-922037.html\" target=\"_blank\" rel=\"noreferrer noopener\">https:\/\/www.radioeuskirchen.de\/artikel\/dachstuhlbrand-in-bad-muenstereifel-eschweiler-922037.html<\/a><\/p>\n","protected":false},"author":1,"featured_media":0,"template":"","meta":{"einsatz_weight":1,"footnotes":""},"categories":[],"tags":[],"einsatzart":[],"fahrzeug":[],"exteinsatzmittel":[],"alarmierungsart":[],"evw_unit":[],"class_list":["post-4374","einsatz","type-einsatz","status-publish","hentry"],"_links":{"self":[{"href":"https:\/\/www.feuerwehr-iversheim.de\/index.php?rest_route=\/wp\/v2\/einsatz\/4374","targetHints":{"allow":["GET"]}}],"collection":[{"href":"https:\/\/www.feuerwehr-iversheim.de\/index.php?rest_route=\/wp\/v2\/einsatz"}],"about":[{"href":"https:\/\/www.feuerwehr-iversheim.de\/index.php?rest_route=\/wp\/v2\/types\/einsatz"}],"author":[{"embeddable":true,"href":"https:\/\/www.feuerwehr-iversheim.de\/index.php?rest_route=\/wp\/v2\/users\/1"}],"version-history":[{"count":4,"href":"https:\/\/www.feuerwehr-iversheim.de\/index.php?rest_route=\/wp\/v2\/einsatz\/4374\/revisions"}],"predecessor-version":[{"id":4381,"href":"https:\/\/www.feuerwehr-iversheim.de\/index.php?rest_route=\/wp\/v2\/einsatz\/4374\/revisions\/4381"}],"wp:attachment":[{"href":"https:\/\/www.feuerwehr-iversheim.de\/index.php?rest_route=%2Fwp%2Fv2%2Fmedia&parent=4374"}],"wp:term":[{"taxonomy":"category","embeddable":true,"href":"https:\/\/www.feuerwehr-iversheim.de\/index.php?rest_route=%2Fwp%2Fv2%2Fcategories&post=4374"},{"taxonomy":"post_tag","embeddable":true,"href":"https:\/\/www.feuerwehr-iversheim.de\/index.php?rest_route=%2Fwp%2Fv2%2Ftags&post=4374"},{"taxonomy":"einsatzart","embeddable":true,"href":"https:\/\/www.feuerwehr-iversheim.de\/index.php?rest_route=%2Fwp%2Fv2%2Feinsatzart&post=4374"},{"taxonomy":"fahrzeug","embeddable":true,"href":"https:\/\/www.feuerwehr-iversheim.de\/index.php?rest_route=%2Fwp%2Fv2%2Ffahrzeug&post=4374"},{"taxonomy":"exteinsatzmittel","embeddable":true,"href":"https:\/\/www.feuerwehr-iversheim.de\/index.php?rest_route=%2Fwp%2Fv2%2Fexteinsatzmittel&post=4374"},{"taxonomy":"alarmierungsart","embeddable":true,"href":"https:\/\/www.feuerwehr-iversheim.de\/index.php?rest_route=%2Fwp%2Fv2%2Falarmierungsart&post=4374"},{"taxonomy":"evw_unit","embeddable":true,"href":"https:\/\/www.feuerwehr-iversheim.de\/index.php?rest_route=%2Fwp%2Fv2%2Fevw_unit&post=4374"}],"curies":[{"name":"wp","href":"https:\/\/api.w.org\/{rel}","templated":true}]}}

<p><strong>Dachstuhlbrand in Bad Münstereifel-Eschweiler</strong></p>



<p>In Bad Münstereifel Eschweiler brennt ein Haus. Die Feuerwehr ist am Donnerstagmorgen zu einem Dachstuhlbrand gerufen worden. Offenbar hat es in der Zwischendecke und Isolierung des Holzhauses gebrannt. Das Haus ist derzeit unbewohnbar.</p>



<p>Die Einsatzkräfte gehen von einem technischen Defekt als Ursache aus, sagt ein Polizei-Sprecher. Vor Ort musste die Feuerwehr versuchen das Dach zu öffnen, um an das Feuer zu kommen. Es handelt sich um ein freistehendes Wochenendhaus in einer Seitenstraße von Eschweiler. Seit kurz vor 8 Uhr sind die Einsatzkräfte vor Ort.</p>



<p>Meldungen über Verletzte gibt es nicht, die 63-jährige Bewohnerin sei wohlauf, sagt die Polizei. Die Bewohnerin hat das Feuer bemerkt und gemeldet.</p>



<figure class="wp-block-image size-large"><img loading="lazy" decoding="async" width="1024" height="640" src="https://www.feuerwehr-iversheim.de/wp-content/uploads/2021/04/einsatz-20210415-01-1024x640.jpg" alt="" class="wp-image-4377" srcset="https://www.feuerwehr-iversheim.de/wp-content/uploads/2021/04/einsatz-20210415-01-1024x640.jpg 1024w, https://www.feuerwehr-iversheim.de/wp-content/uploads/2021/04/einsatz-20210415-01-300x188.jpg 300w, https://www.feuerwehr-iversheim.de/wp-content/uploads/2021/04/einsatz-20210415-01-768x480.jpg 768w, https://www.feuerwehr-iversheim.de/wp-content/uploads/2021/04/einsatz-20210415-01.jpg 1280w" sizes="auto, (max-width: 1024px) 100vw, 1024px" /></figure>



<p>Quelle: <a href="https://www.radioeuskirchen.de/artikel/dachstuhlbrand-in-bad-muenstereifel-eschweiler-922037.html" target="_blank" rel="noreferrer noopener">https://www.radioeuskirchen.de/artikel/dachstuhlbrand-in-bad-muenstereifel-eschweiler-922037.html</a></p>
