{"id":4997,"date":"2026-02-19T20:54:00","date_gmt":"2026-02-19T18:54:00","guid":{"rendered":"https:\/\/www.feuerwehr-iversheim.de\/?post_type=einsatz&#038;p=4997"},"modified":"2026-03-10T15:43:53","modified_gmt":"2026-03-10T13:43:53","slug":"brandmeldeanlage-150","status":"publish","type":"einsatz","link":"https:\/\/www.feuerwehr-iversheim.de\/?einsatz=brandmeldeanlage-150","title":{"rendered":"Brandmeldeanlage"},"content":{"rendered":"\n<h1 class=\"wp-block-heading\">Bad M\u00fcnstereifel: Feuerwehreinsatz in Chemie-Unternehmen<\/h1>\n\n\n\n<p>Ver\u00f6ffentlicht:&nbsp;Freitag, 20.02.2026 09:14<\/p>\n\n\n\n<p>In Bad M\u00fcnstereifel hat es am Donnerstagabend einen Feuerwehreinsatz beim Chemie-Unternehmen Peter Greven gegeben.Gegen 21 Uhr hatte die Brandmeldeanlage einen Alarm ausgel\u00f6st.<\/p>\n\n\n\n<figure class=\"wp-block-image\"><img decoding=\"async\" src=\"https:\/\/www.radioeuskirchen.de\/externalimages\/?source=jpg33\/symbol_rettungswagen_notarzt_feuerwehr-090112.jpg&amp;crop=0x252x4032x2520&amp;resize=1280x800&amp;dt=201902061528230\" alt=\"\"\/><\/figure>\n\n\n\n<p><a target=\"_blank\" href=\"https:\/\/www.facebook.com\/sharer\/sharer.php?u=https%3A%2F%2Fwww.radioeuskirchen.de%2Fartikel%2Fbad-muenstereifel-feuerwehreinsatz-in-chemie-unternehmen-2579676.html\" rel=\"noreferrer noopener\"><\/a><a href=\"mailto:?subject=Bad%20M%C3%BCnstereifel%3A%20Feuerwehreinsatz%20in%20Chemie-Unternehmen%20-%20Radio%20Euskirchen%20-%20Radio%20Euskirchen&amp;body=Hallo!%20Hier%20ist%20ein%20interessanter%20Link%20f%C3%BCr%20Dich%3A%20https%3A%2F%2Fwww.radioeuskirchen.de%2Fartikel%2Fbad-muenstereifel-feuerwehreinsatz-in-chemie-unternehmen-2579676.html%20%20-%20%20Viele%20Gr%C3%BC%C3%9Fe\"><\/a><a target=\"_blank\" href=\"https:\/\/twitter.com\/intent\/tweet?text=Bad%20M%C3%BCnstereifel%3A%20Feuerwehreinsatz%20in%20Chemie-Unternehmen%20-%20Radio%20Euskirchen%20-%20Radio%20Euskirchen&amp;url=https%3A%2F%2Fwww.radioeuskirchen.de%2Fartikel%2Fbad-muenstereifel-feuerwehreinsatz-in-chemie-unternehmen-2579676.html\" rel=\"noreferrer noopener\"><\/a><\/p>\n\n\n\n<p>Eine chemische Reaktion hatte zu einer Rauchentwicklung gef\u00fchrt. Daraufhin sind gut 30 Feuerwehrleute ausger\u00fcckt. Grund f\u00fcr die Reaktion war ersten Angaben zufolge wohl Feuchtigkeit, die in einen Beh\u00e4lter mit kalkhaltigen Abf\u00e4llen eingedrungen war, sagte uns der Einsatzleiter. In Zusammenarbeit mit den Mitarbeitern konnten die Feuerwehrleute den Beh\u00e4lter ins Freie bringen. Verletzt wurde niemand. Rund zwei Stunden hat der Einsatz gedauert.<\/p>\n\n\n\n<p>Quelle: <a href=\"https:\/\/www.radioeuskirchen.de\/artikel\/bad-muenstereifel-feuerwehreinsatz-in-chemie-unternehmen-2579676.html\">https:\/\/www.radioeuskirchen.de\/artikel\/bad-muenstereifel-feuerwehreinsatz-in-chemie-unternehmen-2579676.html<\/a><\/p>\n","protected":false},"author":1,"featured_media":0,"template":"","meta":{"einsatz_weight":1,"footnotes":""},"categories":[],"tags":[],"einsatzart":[],"fahrzeug":[],"exteinsatzmittel":[],"alarmierungsart":[],"evw_unit":[],"class_list":["post-4997","einsatz","type-einsatz","status-publish","hentry"],"_links":{"self":[{"href":"https:\/\/www.feuerwehr-iversheim.de\/index.php?rest_route=\/wp\/v2\/einsatz\/4997","targetHints":{"allow":["GET"]}}],"collection":[{"href":"https:\/\/www.feuerwehr-iversheim.de\/index.php?rest_route=\/wp\/v2\/einsatz"}],"about":[{"href":"https:\/\/www.feuerwehr-iversheim.de\/index.php?rest_route=\/wp\/v2\/types\/einsatz"}],"author":[{"embeddable":true,"href":"https:\/\/www.feuerwehr-iversheim.de\/index.php?rest_route=\/wp\/v2\/users\/1"}],"version-history":[{"count":2,"href":"https:\/\/www.feuerwehr-iversheim.de\/index.php?rest_route=\/wp\/v2\/einsatz\/4997\/revisions"}],"predecessor-version":[{"id":5000,"href":"https:\/\/www.feuerwehr-iversheim.de\/index.php?rest_route=\/wp\/v2\/einsatz\/4997\/revisions\/5000"}],"wp:attachment":[{"href":"https:\/\/www.feuerwehr-iversheim.de\/index.php?rest_route=%2Fwp%2Fv2%2Fmedia&parent=4997"}],"wp:term":[{"taxonomy":"category","embeddable":true,"href":"https:\/\/www.feuerwehr-iversheim.de\/index.php?rest_route=%2Fwp%2Fv2%2Fcategories&post=4997"},{"taxonomy":"post_tag","embeddable":true,"href":"https:\/\/www.feuerwehr-iversheim.de\/index.php?rest_route=%2Fwp%2Fv2%2Ftags&post=4997"},{"taxonomy":"einsatzart","embeddable":true,"href":"https:\/\/www.feuerwehr-iversheim.de\/index.php?rest_route=%2Fwp%2Fv2%2Feinsatzart&post=4997"},{"taxonomy":"fahrzeug","embeddable":true,"href":"https:\/\/www.feuerwehr-iversheim.de\/index.php?rest_route=%2Fwp%2Fv2%2Ffahrzeug&post=4997"},{"taxonomy":"exteinsatzmittel","embeddable":true,"href":"https:\/\/www.feuerwehr-iversheim.de\/index.php?rest_route=%2Fwp%2Fv2%2Fexteinsatzmittel&post=4997"},{"taxonomy":"alarmierungsart","embeddable":true,"href":"https:\/\/www.feuerwehr-iversheim.de\/index.php?rest_route=%2Fwp%2Fv2%2Falarmierungsart&post=4997"},{"taxonomy":"evw_unit","embeddable":true,"href":"https:\/\/www.feuerwehr-iversheim.de\/index.php?rest_route=%2Fwp%2Fv2%2Fevw_unit&post=4997"}],"curies":[{"name":"wp","href":"https:\/\/api.w.org\/{rel}","templated":true}]}}

<h1 class="wp-block-heading">Bad Münstereifel: Feuerwehreinsatz in Chemie-Unternehmen</h1>



<p>Veröffentlicht:&nbsp;Freitag, 20.02.2026 09:14</p>



<p>In Bad Münstereifel hat es am Donnerstagabend einen Feuerwehreinsatz beim Chemie-Unternehmen Peter Greven gegeben.Gegen 21 Uhr hatte die Brandmeldeanlage einen Alarm ausgelöst.</p>



<figure class="wp-block-image"><img decoding="async" src="https://www.radioeuskirchen.de/externalimages/?source=jpg33/symbol_rettungswagen_notarzt_feuerwehr-090112.jpg&amp;crop=0x252x4032x2520&amp;resize=1280x800&amp;dt=201902061528230" alt=""/></figure>



<p><a target="_blank" href="https://www.facebook.com/sharer/sharer.php?u=https%3A%2F%2Fwww.radioeuskirchen.de%2Fartikel%2Fbad-muenstereifel-feuerwehreinsatz-in-chemie-unternehmen-2579676.html" rel="noreferrer noopener"></a><a href="mailto:?subject=Bad%20M%C3%BCnstereifel%3A%20Feuerwehreinsatz%20in%20Chemie-Unternehmen%20-%20Radio%20Euskirchen%20-%20Radio%20Euskirchen&amp;body=Hallo!%20Hier%20ist%20ein%20interessanter%20Link%20f%C3%BCr%20Dich%3A%20https%3A%2F%2Fwww.radioeuskirchen.de%2Fartikel%2Fbad-muenstereifel-feuerwehreinsatz-in-chemie-unternehmen-2579676.html%20%20-%20%20Viele%20Gr%C3%BC%C3%9Fe"></a><a target="_blank" href="https://twitter.com/intent/tweet?text=Bad%20M%C3%BCnstereifel%3A%20Feuerwehreinsatz%20in%20Chemie-Unternehmen%20-%20Radio%20Euskirchen%20-%20Radio%20Euskirchen&amp;url=https%3A%2F%2Fwww.radioeuskirchen.de%2Fartikel%2Fbad-muenstereifel-feuerwehreinsatz-in-chemie-unternehmen-2579676.html" rel="noreferrer noopener"></a></p>



<p>Eine chemische Reaktion hatte zu einer Rauchentwicklung geführt. Daraufhin sind gut 30 Feuerwehrleute ausgerückt. Grund für die Reaktion war ersten Angaben zufolge wohl Feuchtigkeit, die in einen Behälter mit kalkhaltigen Abfällen eingedrungen war, sagte uns der Einsatzleiter. In Zusammenarbeit mit den Mitarbeitern konnten die Feuerwehrleute den Behälter ins Freie bringen. Verletzt wurde niemand. Rund zwei Stunden hat der Einsatz gedauert.</p>



<p>Quelle: <a href="https://www.radioeuskirchen.de/artikel/bad-muenstereifel-feuerwehreinsatz-in-chemie-unternehmen-2579676.html">https://www.radioeuskirchen.de/artikel/bad-muenstereifel-feuerwehreinsatz-in-chemie-unternehmen-2579676.html</a></p>
