{"id":597,"date":"1996-06-28T00:00:00","date_gmt":"1996-06-27T22:00:00","guid":{"rendered":"http:\/\/www.feuerwehr-iversheim.de\/?post_type=einsatz&#038;p=597"},"modified":"2017-06-14T12:36:04","modified_gmt":"2017-06-14T10:36:04","slug":"umgekippter-lkw","status":"publish","type":"einsatz","link":"https:\/\/www.feuerwehr-iversheim.de\/?einsatz=umgekippter-lkw","title":{"rendered":"Umgekippter LKW"},"content":{"rendered":"<p><strong>Fahrzeug in Brand geraten<\/strong><\/p>\n<p>W\u00e4hrend eines Umladevorganges st\u00fcrzte am Mittag des 28.06.1996 kurz vor 14 Uhr ein mit Steinen beladener Lastzug nahe des Eschweiler Ortseingangs um und geriet in Brand. Der 22 &#8211; j\u00e4hrige Fahrer, der einige Paletten mit Steinen vom Anh\u00e4nger auf den Motorwagen umladen wollte und dazu auf einem erh\u00f6hten Sitz \u00fcber der Ladefl\u00e4che Platz genommen hatte , sprang im letzten Moment zu Boden, st\u00fcrzte dabei und verletzte sich. Nach einer ersten medizinischen Versorgung durch den Notarzt, an der Unfallstelle, wurde er vom RTW ins Marienhospital nach Euskirchen gebracht.<\/p>\n<p>W\u00e4hrenddessen versuchten Mitglieder der L\u00f6schgruppen Eschweiler und Iversheim, unter Leitung von Josef Pesch, das lichterloh brennende Fahrzeug zu l\u00f6schen. Dies gelang ihnen schlie\u00dflich noch bevor der Lastzug v\u00f6llig ausgebrannt war. Da der Fahrzeugtank infolge des Umst\u00fcrzens bzw. der Hitzeentwicklung besch\u00e4digt wurde, lief Dieselkraftstoff bis ins Erdreich einer angrenzenden Wiese aus. Die M\u00e4nner der Wehr streuten deshalb die Fahrbahn ab und pumpten den restlichen Kraftstoff schlie\u00dflich in einen Beh\u00e4lter um. Anschlie\u00dfend wurde der Kran der L\u00f6schgruppe Kall herbeigerufen, der den umgest\u00fcrzten Lastzug wieder aufrichten sollte. Die Polizei vermutete, dass es zu dem Unfall kam, weil beim Umladen der Ausleger zu weit ausgefahren worden war.<\/p>\n<p><img loading=\"lazy\" decoding=\"async\" class=\"alignleft size-full wp-image-598\" src=\"http:\/\/www.feuerwehr-iversheim.de\/wp-content\/uploads\/2017\/06\/einsatz-19960628-01.jpg\" alt=\"\" width=\"388\" height=\"374\" srcset=\"https:\/\/www.feuerwehr-iversheim.de\/wp-content\/uploads\/2017\/06\/einsatz-19960628-01.jpg 388w, https:\/\/www.feuerwehr-iversheim.de\/wp-content\/uploads\/2017\/06\/einsatz-19960628-01-300x289.jpg 300w\" sizes=\"auto, (max-width: 388px) 100vw, 388px\" \/> <img loading=\"lazy\" decoding=\"async\" class=\"alignleft size-full wp-image-599\" src=\"http:\/\/www.feuerwehr-iversheim.de\/wp-content\/uploads\/2017\/06\/einsatz-19960628-02.jpg\" alt=\"\" width=\"374\" height=\"364\" srcset=\"https:\/\/www.feuerwehr-iversheim.de\/wp-content\/uploads\/2017\/06\/einsatz-19960628-02.jpg 374w, https:\/\/www.feuerwehr-iversheim.de\/wp-content\/uploads\/2017\/06\/einsatz-19960628-02-300x292.jpg 300w\" sizes=\"auto, (max-width: 374px) 100vw, 374px\" \/> <img loading=\"lazy\" decoding=\"async\" class=\"alignleft size-full wp-image-600\" src=\"http:\/\/www.feuerwehr-iversheim.de\/wp-content\/uploads\/2017\/06\/einsatz-19960628-03.jpg\" alt=\"\" width=\"392\" height=\"379\" srcset=\"https:\/\/www.feuerwehr-iversheim.de\/wp-content\/uploads\/2017\/06\/einsatz-19960628-03.jpg 392w, https:\/\/www.feuerwehr-iversheim.de\/wp-content\/uploads\/2017\/06\/einsatz-19960628-03-300x290.jpg 300w\" sizes=\"auto, (max-width: 392px) 100vw, 392px\" \/> <img loading=\"lazy\" decoding=\"async\" class=\"alignleft size-full wp-image-601\" src=\"http:\/\/www.feuerwehr-iversheim.de\/wp-content\/uploads\/2017\/06\/einsatz-19960628-04.jpg\" alt=\"\" width=\"512\" height=\"348\" srcset=\"https:\/\/www.feuerwehr-iversheim.de\/wp-content\/uploads\/2017\/06\/einsatz-19960628-04.jpg 512w, https:\/\/www.feuerwehr-iversheim.de\/wp-content\/uploads\/2017\/06\/einsatz-19960628-04-300x204.jpg 300w\" sizes=\"auto, (max-width: 512px) 100vw, 512px\" \/> <img loading=\"lazy\" decoding=\"async\" class=\"alignleft size-full wp-image-602\" src=\"http:\/\/www.feuerwehr-iversheim.de\/wp-content\/uploads\/2017\/06\/einsatz-19960628-05.jpg\" alt=\"\" width=\"512\" height=\"364\" srcset=\"https:\/\/www.feuerwehr-iversheim.de\/wp-content\/uploads\/2017\/06\/einsatz-19960628-05.jpg 512w, https:\/\/www.feuerwehr-iversheim.de\/wp-content\/uploads\/2017\/06\/einsatz-19960628-05-300x213.jpg 300w\" sizes=\"auto, (max-width: 512px) 100vw, 512px\" \/><br \/>\n&nbsp;<\/p>\n","protected":false},"author":1,"featured_media":0,"template":"","meta":{"einsatz_weight":1,"footnotes":""},"categories":[],"tags":[],"einsatzart":[],"fahrzeug":[],"exteinsatzmittel":[],"alarmierungsart":[],"evw_unit":[],"class_list":["post-597","einsatz","type-einsatz","status-publish","hentry"],"_links":{"self":[{"href":"https:\/\/www.feuerwehr-iversheim.de\/index.php?rest_route=\/wp\/v2\/einsatz\/597","targetHints":{"allow":["GET"]}}],"collection":[{"href":"https:\/\/www.feuerwehr-iversheim.de\/index.php?rest_route=\/wp\/v2\/einsatz"}],"about":[{"href":"https:\/\/www.feuerwehr-iversheim.de\/index.php?rest_route=\/wp\/v2\/types\/einsatz"}],"author":[{"embeddable":true,"href":"https:\/\/www.feuerwehr-iversheim.de\/index.php?rest_route=\/wp\/v2\/users\/1"}],"version-history":[{"count":1,"href":"https:\/\/www.feuerwehr-iversheim.de\/index.php?rest_route=\/wp\/v2\/einsatz\/597\/revisions"}],"predecessor-version":[{"id":603,"href":"https:\/\/www.feuerwehr-iversheim.de\/index.php?rest_route=\/wp\/v2\/einsatz\/597\/revisions\/603"}],"wp:attachment":[{"href":"https:\/\/www.feuerwehr-iversheim.de\/index.php?rest_route=%2Fwp%2Fv2%2Fmedia&parent=597"}],"wp:term":[{"taxonomy":"category","embeddable":true,"href":"https:\/\/www.feuerwehr-iversheim.de\/index.php?rest_route=%2Fwp%2Fv2%2Fcategories&post=597"},{"taxonomy":"post_tag","embeddable":true,"href":"https:\/\/www.feuerwehr-iversheim.de\/index.php?rest_route=%2Fwp%2Fv2%2Ftags&post=597"},{"taxonomy":"einsatzart","embeddable":true,"href":"https:\/\/www.feuerwehr-iversheim.de\/index.php?rest_route=%2Fwp%2Fv2%2Feinsatzart&post=597"},{"taxonomy":"fahrzeug","embeddable":true,"href":"https:\/\/www.feuerwehr-iversheim.de\/index.php?rest_route=%2Fwp%2Fv2%2Ffahrzeug&post=597"},{"taxonomy":"exteinsatzmittel","embeddable":true,"href":"https:\/\/www.feuerwehr-iversheim.de\/index.php?rest_route=%2Fwp%2Fv2%2Fexteinsatzmittel&post=597"},{"taxonomy":"alarmierungsart","embeddable":true,"href":"https:\/\/www.feuerwehr-iversheim.de\/index.php?rest_route=%2Fwp%2Fv2%2Falarmierungsart&post=597"},{"taxonomy":"evw_unit","embeddable":true,"href":"https:\/\/www.feuerwehr-iversheim.de\/index.php?rest_route=%2Fwp%2Fv2%2Fevw_unit&post=597"}],"curies":[{"name":"wp","href":"https:\/\/api.w.org\/{rel}","templated":true}]}}

<p><strong>Fahrzeug in Brand geraten</strong></p>
<p>Während eines Umladevorganges stürzte am Mittag des 28.06.1996 kurz vor 14 Uhr ein mit Steinen beladener Lastzug nahe des Eschweiler Ortseingangs um und geriet in Brand. Der 22 &#8211; jährige Fahrer, der einige Paletten mit Steinen vom Anhänger auf den Motorwagen umladen wollte und dazu auf einem erhöhten Sitz über der Ladefläche Platz genommen hatte , sprang im letzten Moment zu Boden, stürzte dabei und verletzte sich. Nach einer ersten medizinischen Versorgung durch den Notarzt, an der Unfallstelle, wurde er vom RTW ins Marienhospital nach Euskirchen gebracht.</p>
<p>Währenddessen versuchten Mitglieder der Löschgruppen Eschweiler und Iversheim, unter Leitung von Josef Pesch, das lichterloh brennende Fahrzeug zu löschen. Dies gelang ihnen schließlich noch bevor der Lastzug völlig ausgebrannt war. Da der Fahrzeugtank infolge des Umstürzens bzw. der Hitzeentwicklung beschädigt wurde, lief Dieselkraftstoff bis ins Erdreich einer angrenzenden Wiese aus. Die Männer der Wehr streuten deshalb die Fahrbahn ab und pumpten den restlichen Kraftstoff schließlich in einen Behälter um. Anschließend wurde der Kran der Löschgruppe Kall herbeigerufen, der den umgestürzten Lastzug wieder aufrichten sollte. Die Polizei vermutete, dass es zu dem Unfall kam, weil beim Umladen der Ausleger zu weit ausgefahren worden war.</p>
<p><img loading="lazy" decoding="async" class="alignleft size-full wp-image-598" src="http://www.feuerwehr-iversheim.de/wp-content/uploads/2017/06/einsatz-19960628-01.jpg" alt="" width="388" height="374" srcset="https://www.feuerwehr-iversheim.de/wp-content/uploads/2017/06/einsatz-19960628-01.jpg 388w, https://www.feuerwehr-iversheim.de/wp-content/uploads/2017/06/einsatz-19960628-01-300x289.jpg 300w" sizes="auto, (max-width: 388px) 100vw, 388px" /> <img loading="lazy" decoding="async" class="alignleft size-full wp-image-599" src="http://www.feuerwehr-iversheim.de/wp-content/uploads/2017/06/einsatz-19960628-02.jpg" alt="" width="374" height="364" srcset="https://www.feuerwehr-iversheim.de/wp-content/uploads/2017/06/einsatz-19960628-02.jpg 374w, https://www.feuerwehr-iversheim.de/wp-content/uploads/2017/06/einsatz-19960628-02-300x292.jpg 300w" sizes="auto, (max-width: 374px) 100vw, 374px" /> <img loading="lazy" decoding="async" class="alignleft size-full wp-image-600" src="http://www.feuerwehr-iversheim.de/wp-content/uploads/2017/06/einsatz-19960628-03.jpg" alt="" width="392" height="379" srcset="https://www.feuerwehr-iversheim.de/wp-content/uploads/2017/06/einsatz-19960628-03.jpg 392w, https://www.feuerwehr-iversheim.de/wp-content/uploads/2017/06/einsatz-19960628-03-300x290.jpg 300w" sizes="auto, (max-width: 392px) 100vw, 392px" /> <img loading="lazy" decoding="async" class="alignleft size-full wp-image-601" src="http://www.feuerwehr-iversheim.de/wp-content/uploads/2017/06/einsatz-19960628-04.jpg" alt="" width="512" height="348" srcset="https://www.feuerwehr-iversheim.de/wp-content/uploads/2017/06/einsatz-19960628-04.jpg 512w, https://www.feuerwehr-iversheim.de/wp-content/uploads/2017/06/einsatz-19960628-04-300x204.jpg 300w" sizes="auto, (max-width: 512px) 100vw, 512px" /> <img loading="lazy" decoding="async" class="alignleft size-full wp-image-602" src="http://www.feuerwehr-iversheim.de/wp-content/uploads/2017/06/einsatz-19960628-05.jpg" alt="" width="512" height="364" srcset="https://www.feuerwehr-iversheim.de/wp-content/uploads/2017/06/einsatz-19960628-05.jpg 512w, https://www.feuerwehr-iversheim.de/wp-content/uploads/2017/06/einsatz-19960628-05-300x213.jpg 300w" sizes="auto, (max-width: 512px) 100vw, 512px" /><br />
&nbsp;</p>
