{"id":2590,"date":"2017-11-01T13:33:07","date_gmt":"2017-11-01T12:33:07","guid":{"rendered":"http:\/\/www.feuerwehr-iversheim.de\/?page_id=2590"},"modified":"2018-11-27T15:09:09","modified_gmt":"2018-11-27T14:09:09","slug":"gw-n","status":"publish","type":"page","link":"https:\/\/www.feuerwehr-iversheim.de\/?page_id=2590","title":{"rendered":"GW-N"},"content":{"rendered":"<p><strong>Vom Gebrauchtwagen zum strahlenden Feuerwehrwagen<\/strong><\/p>\n<p><img loading=\"lazy\" decoding=\"async\" class=\"size-full wp-image-2601 alignnone\" src=\"http:\/\/www.feuerwehr-iversheim.de\/wp-content\/uploads\/2017\/11\/gwn-bau-07.jpg\" alt=\"\" width=\"594\" height=\"404\" srcset=\"https:\/\/www.feuerwehr-iversheim.de\/wp-content\/uploads\/2017\/11\/gwn-bau-07.jpg 594w, https:\/\/www.feuerwehr-iversheim.de\/wp-content\/uploads\/2017\/11\/gwn-bau-07-300x204.jpg 300w\" sizes=\"auto, (max-width: 594px) 100vw, 594px\" \/><\/p>\n<p>Als ihr alter Mannschaftstransportwagen im Jahr 1998 aus Altersgr\u00fcnden ausgemustert werden musste, stand die Iversheimer L\u00f6schgruppe vor einem Riesenproblem: Das alte Fahrzeug war weg und ein neues nicht in Sicht. Man stand statt mit deren zwei nur noch mit einem fahrbaren Untersatz da \u2013 und das auch noch bei steigendem Platzbedarf.Denn die Iversheimer und die Eicherscheider Wehren hatten sich zu einer gemeinsamen \u201eGefahrguteinsatzgruppe\u201c zusammengetan.<\/p>\n<p>In Zeiten knapper \u00f6ffentlicher Finanzen gab es da nur zwei L\u00f6sungen: Entweder r\u00fcckt die L\u00f6schgruppe mitsamt ihren Ger\u00e4tschaften zu Fu\u00df am Einsatzort an oder man schreitet zur Selbsthilfe. Die Iversheimer entschieden sich f\u00fcr die zweite Alternative. Mit der VW \u2013 Firma Schmitz &amp; Wissling und dem Stahlbauunternehmen Fassbender fand die L\u00f6schgruppe Sponsoren. Es wurde gesammelt und die 18 aktiven, sechs Jugendlichen und die 7 Mannen der Altersabteilung schritten zur Tat.<\/p>\n<p>Ein gebrauchter VW Pritschenwagen konnte g\u00fcnstig erstanden werden. Die M\u00e4nner der Wehr opferten weit \u00fcber 1000 Stunden ihrer Freizeit, die Sponsoren stellten Material und Know \u2013 How zur Verf\u00fcgung und nun erstrahlt ein (fast) neuer Feuerwehrwagen im Frisch lackierten Glanz.<\/p>\n<p>Was es nat\u00fcrlich geb\u00fchrend zu feiern galt. Am Sonntag gab Diakon Peter Gehardt dem Fahrzeug den Segen der Kirche. Die Iversheimer L\u00f6schgruppe war komplett angetreten, befreundete Wehren der Umgebung sowie Kreisbrandmeister Willi Fuchs und Stadtbrandmeister Rolf Kunze gaben sich ein Stelldichein und B\u00fcrgermeister Achim B\u00e4dorf war voll des Lobes. Denn das Fahrzeug stellt durch den ehrenamtlichen Einsatz der L\u00f6schgruppe einen Wert von immerhin rund 70 000 Mark dar. Die Iversheimer Wehr ist der Besitzer dieses Fahrzeuges.<\/p>\n\n\t\t<style type=\"text\/css\">\n\t\t\t#gallery-1 {\n\t\t\t\tmargin: auto;\n\t\t\t}\n\t\t\t#gallery-1 .gallery-item {\n\t\t\t\tfloat: left;\n\t\t\t\tmargin-top: 10px;\n\t\t\t\ttext-align: center;\n\t\t\t\twidth: 11%;\n\t\t\t}\n\t\t\t#gallery-1 img {\n\t\t\t\tborder: 2px solid #cfcfcf;\n\t\t\t}\n\t\t\t#gallery-1 .gallery-caption {\n\t\t\t\tmargin-left: 0;\n\t\t\t}\n\t\t\t\/* see gallery_shortcode() in wp-includes\/media.php *\/\n\t\t<\/style>\n\t\t<div id='gallery-1' class='gallery galleryid-2590 gallery-columns-9 gallery-size-thumbnail'><dl class='gallery-item'>\n\t\t\t<dt class='gallery-icon landscape'>\n\t\t\t\t<a href='https:\/\/www.feuerwehr-iversheim.de\/wp-content\/uploads\/2017\/11\/gwn-bau-01.jpg'><img loading=\"lazy\" decoding=\"async\" width=\"150\" height=\"150\" src=\"https:\/\/www.feuerwehr-iversheim.de\/wp-content\/uploads\/2017\/11\/gwn-bau-01-150x150.jpg\" class=\"attachment-thumbnail size-thumbnail\" alt=\"\" \/><\/a>\n\t\t\t<\/dt><\/dl><dl class='gallery-item'>\n\t\t\t<dt class='gallery-icon landscape'>\n\t\t\t\t<a href='https:\/\/www.feuerwehr-iversheim.de\/wp-content\/uploads\/2017\/11\/gwn-bau-02.jpg'><img loading=\"lazy\" decoding=\"async\" width=\"150\" height=\"150\" src=\"https:\/\/www.feuerwehr-iversheim.de\/wp-content\/uploads\/2017\/11\/gwn-bau-02-150x150.jpg\" class=\"attachment-thumbnail size-thumbnail\" alt=\"\" \/><\/a>\n\t\t\t<\/dt><\/dl><dl class='gallery-item'>\n\t\t\t<dt class='gallery-icon landscape'>\n\t\t\t\t<a href='https:\/\/www.feuerwehr-iversheim.de\/wp-content\/uploads\/2017\/11\/gwn-bau-03.jpg'><img loading=\"lazy\" decoding=\"async\" width=\"150\" height=\"150\" src=\"https:\/\/www.feuerwehr-iversheim.de\/wp-content\/uploads\/2017\/11\/gwn-bau-03-150x150.jpg\" class=\"attachment-thumbnail size-thumbnail\" alt=\"\" \/><\/a>\n\t\t\t<\/dt><\/dl><dl class='gallery-item'>\n\t\t\t<dt class='gallery-icon landscape'>\n\t\t\t\t<a href='https:\/\/www.feuerwehr-iversheim.de\/wp-content\/uploads\/2017\/11\/gwn-bau-04.jpg'><img loading=\"lazy\" decoding=\"async\" width=\"150\" height=\"150\" src=\"https:\/\/www.feuerwehr-iversheim.de\/wp-content\/uploads\/2017\/11\/gwn-bau-04-150x150.jpg\" class=\"attachment-thumbnail size-thumbnail\" alt=\"\" \/><\/a>\n\t\t\t<\/dt><\/dl><dl class='gallery-item'>\n\t\t\t<dt class='gallery-icon landscape'>\n\t\t\t\t<a href='https:\/\/www.feuerwehr-iversheim.de\/wp-content\/uploads\/2017\/11\/gwn-bau-05.jpg'><img loading=\"lazy\" decoding=\"async\" width=\"150\" height=\"150\" src=\"https:\/\/www.feuerwehr-iversheim.de\/wp-content\/uploads\/2017\/11\/gwn-bau-05-150x150.jpg\" class=\"attachment-thumbnail size-thumbnail\" alt=\"\" \/><\/a>\n\t\t\t<\/dt><\/dl><dl class='gallery-item'>\n\t\t\t<dt class='gallery-icon landscape'>\n\t\t\t\t<a href='https:\/\/www.feuerwehr-iversheim.de\/wp-content\/uploads\/2017\/11\/gwn-bau-06.jpg'><img loading=\"lazy\" decoding=\"async\" width=\"150\" height=\"150\" src=\"https:\/\/www.feuerwehr-iversheim.de\/wp-content\/uploads\/2017\/11\/gwn-bau-06-150x150.jpg\" class=\"attachment-thumbnail size-thumbnail\" alt=\"\" \/><\/a>\n\t\t\t<\/dt><\/dl><dl class='gallery-item'>\n\t\t\t<dt class='gallery-icon landscape'>\n\t\t\t\t<a href='https:\/\/www.feuerwehr-iversheim.de\/wp-content\/uploads\/2017\/11\/gwn-bau-07.jpg'><img loading=\"lazy\" decoding=\"async\" width=\"150\" height=\"150\" src=\"https:\/\/www.feuerwehr-iversheim.de\/wp-content\/uploads\/2017\/11\/gwn-bau-07-150x150.jpg\" class=\"attachment-thumbnail size-thumbnail\" alt=\"\" \/><\/a>\n\t\t\t<\/dt><\/dl><dl class='gallery-item'>\n\t\t\t<dt class='gallery-icon landscape'>\n\t\t\t\t<a href='https:\/\/www.feuerwehr-iversheim.de\/wp-content\/uploads\/2017\/11\/gwn2.jpg'><img loading=\"lazy\" decoding=\"async\" width=\"150\" height=\"150\" src=\"https:\/\/www.feuerwehr-iversheim.de\/wp-content\/uploads\/2017\/11\/gwn2-150x150.jpg\" class=\"attachment-thumbnail size-thumbnail\" alt=\"\" \/><\/a>\n\t\t\t<\/dt><\/dl>\n\t\t\t<br style='clear: both' \/>\n\t\t<\/div>\n\n<p>Auf das alte Fahrgestell eines VW LT 45 (Baujahr 1992, 105 PS, Stra\u00dfenantrieb) baute die LG Iversheim einen Ger\u00e4teraum und eine Planladefl\u00e4che. Der Ger\u00e4tewagen &#8211; Nachschub hat eine Staffelbesatzung (1:5) und ein zul\u00e4ssiges Gesamtgewicht von max. 4600 kg. Der GW-N ist kein Normfahrzeug. Der Mannschaftsraum des GW-N kann auch als Kommandoraum eingesetzt werden. Er ist mit einem Klapptisch, Schreibutensilien und einem zweiten 4 m Band H\u00f6rer ausgestattet. Au\u00dferdem hat er einen Lautsprecher am RTK3 mit dem man Durchsagen machen und den Funk au\u00dferhalb des Fahrzeuges mith\u00f6ren kann. Aus der Gemeinschaftskasse wurde eine Industriekaffeemaschine f\u00fcr 250 Euro gekauft, um bei langen Eins\u00e4tzen f\u00fcr das leibliche Wohl der Einsatzkr\u00e4fte zu sorgen.<\/p>\n<p><img loading=\"lazy\" decoding=\"async\" class=\"alignleft size-full wp-image-2604\" src=\"http:\/\/www.feuerwehr-iversheim.de\/wp-content\/uploads\/2017\/11\/gwn-bau-10.jpg\" alt=\"\" width=\"594\" height=\"404\" srcset=\"https:\/\/www.feuerwehr-iversheim.de\/wp-content\/uploads\/2017\/11\/gwn-bau-10.jpg 594w, https:\/\/www.feuerwehr-iversheim.de\/wp-content\/uploads\/2017\/11\/gwn-bau-10-300x204.jpg 300w\" sizes=\"auto, (max-width: 594px) 100vw, 594px\" \/><\/p>\n<table class=\" alignleft\">\n<tbody>\n<tr>\n<td style=\"vertical-align: top; border-style: none;\"><strong>Ger\u00e4teraum 1<\/strong><\/p>\n<p>1 x Messkoffer<br \/>\n1 x Papierschutzanz\u00fcge<br \/>\n2 x Druckluftflaschen<br \/>\n1 x Kiste mit Satz Hebekissen<br \/>\n1 x Kiste mit Satz Kanaldichtkissen<br \/>\n1 x Kiste mit Folien und 2 Pressluftatmern<br \/>\n1 x Kiste mit Tauchpumpe<br \/>\n1 x Greifarm<\/td>\n<\/tr>\n<\/tbody>\n<\/table>\n<p><img loading=\"lazy\" decoding=\"async\" class=\"alignleft size-full wp-image-2602\" src=\"http:\/\/www.feuerwehr-iversheim.de\/wp-content\/uploads\/2017\/11\/gwn-bau-08.jpg\" alt=\"\" width=\"594\" height=\"404\" srcset=\"https:\/\/www.feuerwehr-iversheim.de\/wp-content\/uploads\/2017\/11\/gwn-bau-08.jpg 594w, https:\/\/www.feuerwehr-iversheim.de\/wp-content\/uploads\/2017\/11\/gwn-bau-08-300x204.jpg 300w\" sizes=\"auto, (max-width: 594px) 100vw, 594px\" \/><\/p>\n<table class=\" alignleft\">\n<tbody>\n<tr>\n<td style=\"vertical-align: top; border-style: none;\"><strong>Ger\u00e4teraum 2<\/strong><\/p>\n<p>1 x Hochleistungsl\u00fcfter<br \/>\n1 x B\u00fcrokoffer<br \/>\n1 x Kiste mit Sicherungsmaterial<\/td>\n<\/tr>\n<\/tbody>\n<\/table>\n<p><img loading=\"lazy\" decoding=\"async\" class=\"alignleft size-full wp-image-2603\" src=\"http:\/\/www.feuerwehr-iversheim.de\/wp-content\/uploads\/2017\/11\/gwn-bau-09.jpg\" alt=\"\" width=\"594\" height=\"404\" srcset=\"https:\/\/www.feuerwehr-iversheim.de\/wp-content\/uploads\/2017\/11\/gwn-bau-09.jpg 594w, https:\/\/www.feuerwehr-iversheim.de\/wp-content\/uploads\/2017\/11\/gwn-bau-09-300x204.jpg 300w\" sizes=\"auto, (max-width: 594px) 100vw, 594px\" \/><\/p>\n<table class=\" alignleft\">\n<tbody>\n<tr>\n<td style=\"vertical-align: top; border-style: none;\"><strong>Ladefl\u00e4che<\/strong><\/p>\n<p>1 x Nass- &amp; Trockenstaubsauger<br \/>\n1 x Rollturm mit Material f\u00fcr Wasserwerfer<br \/>\n1 x Rollturm mit Unterleg- &amp; Absicherungsmaterial,<br \/>\n1 x Industriekaffemaschine,<br \/>\n3 x Platikwannen<br \/>\n6 x Sack \u00d6l-&amp; Chemikalienbindemittel<br \/>\n1 x Garnitur Zeltb\u00e4nke und Tisch<br \/>\n3 x Besen<br \/>\n2 x Schaufel<br \/>\n2 x \u00d6lspurschilder<br \/>\n1 x Blaues Plastikfass mit 1000 Liter Auffangbeh\u00e4lter<\/td>\n<\/tr>\n<\/tbody>\n<\/table>\n","protected":false},"excerpt":{"rendered":"<p>Vom Gebrauchtwagen zum strahlenden Feuerwehrwagen Als ihr alter Mannschaftstransportwagen im Jahr 1998 aus Altersgr\u00fcnden ausgemustert werden musste, stand die Iversheimer L\u00f6schgruppe vor einem Riesenproblem: Das alte Fahrzeug war weg und <a class=\"more-link\" href=\"https:\/\/www.feuerwehr-iversheim.de\/?page_id=2590\">Weiterlesen \u2192<\/a><\/p>\n","protected":false},"author":1,"featured_media":0,"parent":149,"menu_order":0,"comment_status":"closed","ping_status":"closed","template":"","meta":{"footnotes":""},"class_list":["post-2590","page","type-page","status-publish","hentry"],"_links":{"self":[{"href":"https:\/\/www.feuerwehr-iversheim.de\/index.php?rest_route=\/wp\/v2\/pages\/2590","targetHints":{"allow":["GET"]}}],"collection":[{"href":"https:\/\/www.feuerwehr-iversheim.de\/index.php?rest_route=\/wp\/v2\/pages"}],"about":[{"href":"https:\/\/www.feuerwehr-iversheim.de\/index.php?rest_route=\/wp\/v2\/types\/page"}],"author":[{"embeddable":true,"href":"https:\/\/www.feuerwehr-iversheim.de\/index.php?rest_route=\/wp\/v2\/users\/1"}],"replies":[{"embeddable":true,"href":"https:\/\/www.feuerwehr-iversheim.de\/index.php?rest_route=%2Fwp%2Fv2%2Fcomments&post=2590"}],"version-history":[{"count":7,"href":"https:\/\/www.feuerwehr-iversheim.de\/index.php?rest_route=\/wp\/v2\/pages\/2590\/revisions"}],"predecessor-version":[{"id":3067,"href":"https:\/\/www.feuerwehr-iversheim.de\/index.php?rest_route=\/wp\/v2\/pages\/2590\/revisions\/3067"}],"up":[{"embeddable":true,"href":"https:\/\/www.feuerwehr-iversheim.de\/index.php?rest_route=\/wp\/v2\/pages\/149"}],"wp:attachment":[{"href":"https:\/\/www.feuerwehr-iversheim.de\/index.php?rest_route=%2Fwp%2Fv2%2Fmedia&parent=2590"}],"curies":[{"name":"wp","href":"https:\/\/api.w.org\/{rel}","templated":true}]}}

<p><strong>Vom Gebrauchtwagen zum strahlenden Feuerwehrwagen</strong></p>
<p><img loading="lazy" decoding="async" class="size-full wp-image-2601 alignnone" src="http://www.feuerwehr-iversheim.de/wp-content/uploads/2017/11/gwn-bau-07.jpg" alt="" width="594" height="404" srcset="https://www.feuerwehr-iversheim.de/wp-content/uploads/2017/11/gwn-bau-07.jpg 594w, https://www.feuerwehr-iversheim.de/wp-content/uploads/2017/11/gwn-bau-07-300x204.jpg 300w" sizes="auto, (max-width: 594px) 100vw, 594px" /></p>
<p>Als ihr alter Mannschaftstransportwagen im Jahr 1998 aus Altersgründen ausgemustert werden musste, stand die Iversheimer Löschgruppe vor einem Riesenproblem: Das alte Fahrzeug war weg und ein neues nicht in Sicht. Man stand statt mit deren zwei nur noch mit einem fahrbaren Untersatz da – und das auch noch bei steigendem Platzbedarf.Denn die Iversheimer und die Eicherscheider Wehren hatten sich zu einer gemeinsamen „Gefahrguteinsatzgruppe“ zusammengetan.</p>
<p>In Zeiten knapper öffentlicher Finanzen gab es da nur zwei Lösungen: Entweder rückt die Löschgruppe mitsamt ihren Gerätschaften zu Fuß am Einsatzort an oder man schreitet zur Selbsthilfe. Die Iversheimer entschieden sich für die zweite Alternative. Mit der VW – Firma Schmitz &amp; Wissling und dem Stahlbauunternehmen Fassbender fand die Löschgruppe Sponsoren. Es wurde gesammelt und die 18 aktiven, sechs Jugendlichen und die 7 Mannen der Altersabteilung schritten zur Tat.</p>
<p>Ein gebrauchter VW Pritschenwagen konnte günstig erstanden werden. Die Männer der Wehr opferten weit über 1000 Stunden ihrer Freizeit, die Sponsoren stellten Material und Know – How zur Verfügung und nun erstrahlt ein (fast) neuer Feuerwehrwagen im Frisch lackierten Glanz.</p>
<p>Was es natürlich gebührend zu feiern galt. Am Sonntag gab Diakon Peter Gehardt dem Fahrzeug den Segen der Kirche. Die Iversheimer Löschgruppe war komplett angetreten, befreundete Wehren der Umgebung sowie Kreisbrandmeister Willi Fuchs und Stadtbrandmeister Rolf Kunze gaben sich ein Stelldichein und Bürgermeister Achim Bädorf war voll des Lobes. Denn das Fahrzeug stellt durch den ehrenamtlichen Einsatz der Löschgruppe einen Wert von immerhin rund 70 000 Mark dar. Die Iversheimer Wehr ist der Besitzer dieses Fahrzeuges.</p>

		<style type="text/css">
			#gallery-1 {
				margin: auto;
			}
			#gallery-1 .gallery-item {
				float: left;
				margin-top: 10px;
				text-align: center;
				width: 11%;
			}
			#gallery-1 img {
				border: 2px solid #cfcfcf;
			}
			#gallery-1 .gallery-caption {
				margin-left: 0;
			}
			/* see gallery_shortcode() in wp-includes/media.php */
		</style>
		<div id='gallery-1' class='gallery galleryid-2590 gallery-columns-9 gallery-size-thumbnail'><dl class='gallery-item'>
			<dt class='gallery-icon landscape'>
				<a href='https://www.feuerwehr-iversheim.de/wp-content/uploads/2017/11/gwn-bau-01.jpg'><img loading="lazy" decoding="async" width="150" height="150" src="https://www.feuerwehr-iversheim.de/wp-content/uploads/2017/11/gwn-bau-01-150x150.jpg" class="attachment-thumbnail size-thumbnail" alt="" /></a>
			</dt></dl><dl class='gallery-item'>
			<dt class='gallery-icon landscape'>
				<a href='https://www.feuerwehr-iversheim.de/wp-content/uploads/2017/11/gwn-bau-02.jpg'><img loading="lazy" decoding="async" width="150" height="150" src="https://www.feuerwehr-iversheim.de/wp-content/uploads/2017/11/gwn-bau-02-150x150.jpg" class="attachment-thumbnail size-thumbnail" alt="" /></a>
			</dt></dl><dl class='gallery-item'>
			<dt class='gallery-icon landscape'>
				<a href='https://www.feuerwehr-iversheim.de/wp-content/uploads/2017/11/gwn-bau-03.jpg'><img loading="lazy" decoding="async" width="150" height="150" src="https://www.feuerwehr-iversheim.de/wp-content/uploads/2017/11/gwn-bau-03-150x150.jpg" class="attachment-thumbnail size-thumbnail" alt="" /></a>
			</dt></dl><dl class='gallery-item'>
			<dt class='gallery-icon landscape'>
				<a href='https://www.feuerwehr-iversheim.de/wp-content/uploads/2017/11/gwn-bau-04.jpg'><img loading="lazy" decoding="async" width="150" height="150" src="https://www.feuerwehr-iversheim.de/wp-content/uploads/2017/11/gwn-bau-04-150x150.jpg" class="attachment-thumbnail size-thumbnail" alt="" /></a>
			</dt></dl><dl class='gallery-item'>
			<dt class='gallery-icon landscape'>
				<a href='https://www.feuerwehr-iversheim.de/wp-content/uploads/2017/11/gwn-bau-05.jpg'><img loading="lazy" decoding="async" width="150" height="150" src="https://www.feuerwehr-iversheim.de/wp-content/uploads/2017/11/gwn-bau-05-150x150.jpg" class="attachment-thumbnail size-thumbnail" alt="" /></a>
			</dt></dl><dl class='gallery-item'>
			<dt class='gallery-icon landscape'>
				<a href='https://www.feuerwehr-iversheim.de/wp-content/uploads/2017/11/gwn-bau-06.jpg'><img loading="lazy" decoding="async" width="150" height="150" src="https://www.feuerwehr-iversheim.de/wp-content/uploads/2017/11/gwn-bau-06-150x150.jpg" class="attachment-thumbnail size-thumbnail" alt="" /></a>
			</dt></dl><dl class='gallery-item'>
			<dt class='gallery-icon landscape'>
				<a href='https://www.feuerwehr-iversheim.de/wp-content/uploads/2017/11/gwn-bau-07.jpg'><img loading="lazy" decoding="async" width="150" height="150" src="https://www.feuerwehr-iversheim.de/wp-content/uploads/2017/11/gwn-bau-07-150x150.jpg" class="attachment-thumbnail size-thumbnail" alt="" /></a>
			</dt></dl><dl class='gallery-item'>
			<dt class='gallery-icon landscape'>
				<a href='https://www.feuerwehr-iversheim.de/wp-content/uploads/2017/11/gwn2.jpg'><img loading="lazy" decoding="async" width="150" height="150" src="https://www.feuerwehr-iversheim.de/wp-content/uploads/2017/11/gwn2-150x150.jpg" class="attachment-thumbnail size-thumbnail" alt="" /></a>
			</dt></dl>
			<br style='clear: both' />
		</div>

<p>Auf das alte Fahrgestell eines VW LT 45 (Baujahr 1992, 105 PS, Straßenantrieb) baute die LG Iversheim einen Geräteraum und eine Planladefläche. Der Gerätewagen &#8211; Nachschub hat eine Staffelbesatzung (1:5) und ein zulässiges Gesamtgewicht von max. 4600 kg. Der GW-N ist kein Normfahrzeug. Der Mannschaftsraum des GW-N kann auch als Kommandoraum eingesetzt werden. Er ist mit einem Klapptisch, Schreibutensilien und einem zweiten 4 m Band Hörer ausgestattet. Außerdem hat er einen Lautsprecher am RTK3 mit dem man Durchsagen machen und den Funk außerhalb des Fahrzeuges mithören kann. Aus der Gemeinschaftskasse wurde eine Industriekaffeemaschine für 250 Euro gekauft, um bei langen Einsätzen für das leibliche Wohl der Einsatzkräfte zu sorgen.</p>
<p><img loading="lazy" decoding="async" class="alignleft size-full wp-image-2604" src="http://www.feuerwehr-iversheim.de/wp-content/uploads/2017/11/gwn-bau-10.jpg" alt="" width="594" height="404" srcset="https://www.feuerwehr-iversheim.de/wp-content/uploads/2017/11/gwn-bau-10.jpg 594w, https://www.feuerwehr-iversheim.de/wp-content/uploads/2017/11/gwn-bau-10-300x204.jpg 300w" sizes="auto, (max-width: 594px) 100vw, 594px" /></p>
<table class=" alignleft">
<tbody>
<tr>
<td style="vertical-align: top; border-style: none;"><strong>Geräteraum 1</strong></p>
<p>1 x Messkoffer<br />
1 x Papierschutzanzüge<br />
2 x Druckluftflaschen<br />
1 x Kiste mit Satz Hebekissen<br />
1 x Kiste mit Satz Kanaldichtkissen<br />
1 x Kiste mit Folien und 2 Pressluftatmern<br />
1 x Kiste mit Tauchpumpe<br />
1 x Greifarm</td>
</tr>
</tbody>
</table>
<p><img loading="lazy" decoding="async" class="alignleft size-full wp-image-2602" src="http://www.feuerwehr-iversheim.de/wp-content/uploads/2017/11/gwn-bau-08.jpg" alt="" width="594" height="404" srcset="https://www.feuerwehr-iversheim.de/wp-content/uploads/2017/11/gwn-bau-08.jpg 594w, https://www.feuerwehr-iversheim.de/wp-content/uploads/2017/11/gwn-bau-08-300x204.jpg 300w" sizes="auto, (max-width: 594px) 100vw, 594px" /></p>
<table class=" alignleft">
<tbody>
<tr>
<td style="vertical-align: top; border-style: none;"><strong>Geräteraum 2</strong></p>
<p>1 x Hochleistungslüfter<br />
1 x Bürokoffer<br />
1 x Kiste mit Sicherungsmaterial</td>
</tr>
</tbody>
</table>
<p><img loading="lazy" decoding="async" class="alignleft size-full wp-image-2603" src="http://www.feuerwehr-iversheim.de/wp-content/uploads/2017/11/gwn-bau-09.jpg" alt="" width="594" height="404" srcset="https://www.feuerwehr-iversheim.de/wp-content/uploads/2017/11/gwn-bau-09.jpg 594w, https://www.feuerwehr-iversheim.de/wp-content/uploads/2017/11/gwn-bau-09-300x204.jpg 300w" sizes="auto, (max-width: 594px) 100vw, 594px" /></p>
<table class=" alignleft">
<tbody>
<tr>
<td style="vertical-align: top; border-style: none;"><strong>Ladefläche</strong></p>
<p>1 x Nass- &amp; Trockenstaubsauger<br />
1 x Rollturm mit Material für Wasserwerfer<br />
1 x Rollturm mit Unterleg- &amp; Absicherungsmaterial,<br />
1 x Industriekaffemaschine,<br />
3 x Platikwannen<br />
6 x Sack Öl-&amp; Chemikalienbindemittel<br />
1 x Garnitur Zeltbänke und Tisch<br />
3 x Besen<br />
2 x Schaufel<br />
2 x Ölspurschilder<br />
1 x Blaues Plastikfass mit 1000 Liter Auffangbehälter</td>
</tr>
</tbody>
</table>

<p>Vom Gebrauchtwagen zum strahlenden Feuerwehrwagen Als ihr alter Mannschaftstransportwagen im Jahr 1998 aus Altersgründen ausgemustert werden musste, stand die Iversheimer Löschgruppe vor einem Riesenproblem: Das alte Fahrzeug war weg und <a class="more-link" href="https://www.feuerwehr-iversheim.de/?page_id=2590">Weiterlesen →</a></p>
