{"id":2768,"date":"2017-11-05T17:21:37","date_gmt":"2017-11-05T16:21:37","guid":{"rendered":"http:\/\/www.feuerwehr-iversheim.de\/?page_id=2768"},"modified":"2023-01-13T11:41:34","modified_gmt":"2023-01-13T09:41:34","slug":"startseite-archiv","status":"publish","type":"page","link":"https:\/\/www.feuerwehr-iversheim.de\/?page_id=2768","title":{"rendered":"Startseite-Archiv"},"content":{"rendered":"\n<figure class=\"wp-block-image\"><img loading=\"lazy\" decoding=\"async\" width=\"1754\" height=\"2480\" src=\"https:\/\/www.feuerwehr-iversheim.de\/wp-content\/uploads\/2019\/06\/Feuerwehrfest_Iversheim_2019.jpg\" alt=\"\" class=\"wp-image-4021\" srcset=\"https:\/\/www.feuerwehr-iversheim.de\/wp-content\/uploads\/2019\/06\/Feuerwehrfest_Iversheim_2019.jpg 1754w, https:\/\/www.feuerwehr-iversheim.de\/wp-content\/uploads\/2019\/06\/Feuerwehrfest_Iversheim_2019-212x300.jpg 212w, https:\/\/www.feuerwehr-iversheim.de\/wp-content\/uploads\/2019\/06\/Feuerwehrfest_Iversheim_2019-768x1086.jpg 768w, https:\/\/www.feuerwehr-iversheim.de\/wp-content\/uploads\/2019\/06\/Feuerwehrfest_Iversheim_2019-724x1024.jpg 724w\" sizes=\"auto, (max-width: 1754px) 100vw, 1754px\" \/><\/figure>\n\n\n\n<hr class=\"wp-block-separator has-css-opacity\"\/>\n\n\n<div class=\"wp-block-image\">\n<figure class=\"alignleft\"><a href=\"https:\/\/www.feuerwehr-iversheim.de\/wp-content\/uploads\/2019\/04\/Spende_JF.jpg\" target=\"_blank\" rel=\"noreferrer noopener\"><img loading=\"lazy\" decoding=\"async\" width=\"300\" height=\"200\" src=\"https:\/\/www.feuerwehr-iversheim.de\/wp-content\/uploads\/2019\/04\/Spende_JF-300x200.jpg\" alt=\"\" class=\"wp-image-3988\" srcset=\"https:\/\/www.feuerwehr-iversheim.de\/wp-content\/uploads\/2019\/04\/Spende_JF-300x200.jpg 300w, https:\/\/www.feuerwehr-iversheim.de\/wp-content\/uploads\/2019\/04\/Spende_JF-768x512.jpg 768w, https:\/\/www.feuerwehr-iversheim.de\/wp-content\/uploads\/2019\/04\/Spende_JF-1024x682.jpg 1024w, https:\/\/www.feuerwehr-iversheim.de\/wp-content\/uploads\/2019\/04\/Spende_JF.jpg 1732w\" sizes=\"auto, (max-width: 300px) 100vw, 300px\" \/><\/a><\/figure>\n<\/div>\n\n\n<p><strong>Spende f\u00fcr die Jugendfeuerwehr<\/strong><\/p>\n\n\n\n<p>\u201eAls ortsans\u00e4ssige Unternehmerin unterst\u00fctze ich gerne gemeinn\u00fctzige Organisationen vor Ort und dazu geh\u00f6rt besonders die freiwillige Feuerwehr mit ihrem breitem Hilfsspektrum: \u201eRetten, L\u00f6schen, Bergen, Sch\u00fctzen\u201c. Ohne Menschen, die in ihrer Freizeit und unentgeltlich ehrenamtliche Arbeit leisten, w\u00e4ren sehr viele Dinge nicht m\u00f6glich, die f\u00fcr uns selbstverst\u00e4ndlich und allt\u00e4glich sind\u201c. <\/p>\n\n\n\n<p>\u201eDie Jugend ist unsere gemeinsame Zukunft und ohne Nachwuchs wird es f\u00fcr eine ehrenamtliche Feuerwehr immer schwerer, die gestiegene Anzahl an Eins\u00e4tzen zu bew\u00e4ltigen. Dazu geh\u00f6ren nicht nur Br\u00e4nde, sondern auch verschiedene technische Hilfeleistungen wie \u00fcberschwemmte Keller, Verkehrsunf\u00e4lle oder auch umgest\u00fcrzte B\u00e4ume wie vor kurzem nach den schweren Unwettern im Kreis Euskirchen\u201c konstatiert Alexander Zimmermann (Stadt Jugendfeuerwehr Wart Bad M\u00fcnstereifel)<\/p>\n\n\n\n<p>Bereits ab 10 Jahren k\u00f6nnen Kinder in den Jugendfeuerwehren aktiv werden, ab 18 Jahren ist dann auch der Eintritt in den aktiven Dienst m\u00f6glich. Die Freiwillige Feuerwehr bietet dem Nachwuchs nicht nur eine fundierte Ausbildung, sondern lehrt die M\u00e4dchen und Jungen auch das Zusammenspiel von verschiedenen Menschen, sowie Organisationen und Teamf\u00e4higkeit. F\u00fcr die Jugendfeuerwehr sind besonders die folgenden 7 Werte sehr wichtig: Spa\u00df, individuelle Vielfalt, Hilfsbereitschaft, Mitbestimmung, Wertsch\u00e4tzung, ehrenamtliches Engagement und Kameradschaft. <\/p>\n\n\n\n<p>Und \u00fcber allem steht der Wahlspruch der Freiwilligen Feuerwehr: <\/p>\n\n\n\n<p>\u201eGott zur Ehr\u00b4, dem N\u00e4chsten zur Wehr.&#8220;<\/p>\n\n\n\n<hr class=\"wp-block-separator has-css-opacity\"\/>\n\n\n\n<p><\/p>\n\n\n<div class=\"wp-block-image\">\n<figure class=\"alignleft\"><img loading=\"lazy\" decoding=\"async\" width=\"300\" height=\"250\" src=\"https:\/\/www.feuerwehr-iversheim.de\/wp-content\/uploads\/2019\/02\/Kohlenmonoxid-300x250.png\" alt=\"\" class=\"wp-image-3909\" srcset=\"https:\/\/www.feuerwehr-iversheim.de\/wp-content\/uploads\/2019\/02\/Kohlenmonoxid-300x250.png 300w, https:\/\/www.feuerwehr-iversheim.de\/wp-content\/uploads\/2019\/02\/Kohlenmonoxid.png 336w\" sizes=\"auto, (max-width: 300px) 100vw, 300px\" \/><\/figure>\n<\/div>\n\n\n<p><strong>CO macht K.O. <\/strong><\/p>\n\n\n\n<p>Kohlenstoffmonoxid, kurz Kohlenmonoxid (CO), ist ein gef\u00e4hrliches  \nAtemgift, das man nicht sehen, riechen oder schmecken kann. Betroffene  \nbemerken nicht, wenn sie Kohlenmonoxid einatmen, denn es gibt keine  \ntypischen Symptome wie Husten oder Atemnot. Dar\u00fcber hinaus kann das Gas \n m\u00fchelos durch W\u00e4nde oder Fu\u00dfb\u00f6den dringen, so dass es auch in R\u00e4umen  \nauftritt, in denen sich keine potenzielle CO-Gefahrenquelle befindet.  \nAlle Faktoren zusammengenommen machen CO so heimt\u00fcckisch. Abh\u00e4ngig von  \nder Konzentration in der Raumluft kann eine Kohlenmonoxidvergiftung zu  \nerheblichen Beschwerden, Bewusstlosigkeit und zu massiven  \ngesundheitlichen Sp\u00e4tfolgen bis hin zum Tod f\u00fchren.<\/p>\n\n\n\n<p><a href=\"https:\/\/www.co-macht-ko.de\" target=\"_blank\" rel=\"noreferrer noopener\">&gt;&gt;Hier&lt;&lt;<\/a> die Homepage Initiative zur Pr\u00e4vention von Kohlenmonoxid-Vergiftungen<\/p>\n\n\n\n<hr class=\"wp-block-separator has-css-opacity\"\/>\n\n\n<div class=\"wp-block-image\">\n<figure class=\"alignleft\"><img loading=\"lazy\" decoding=\"async\" width=\"300\" height=\"145\" src=\"https:\/\/www.feuerwehr-iversheim.de\/wp-content\/uploads\/2019\/02\/Call_112-300x145.png\" alt=\"\" class=\"wp-image-3916\" srcset=\"https:\/\/www.feuerwehr-iversheim.de\/wp-content\/uploads\/2019\/02\/Call_112-300x145.png 300w, https:\/\/www.feuerwehr-iversheim.de\/wp-content\/uploads\/2019\/02\/Call_112-768x372.png 768w, https:\/\/www.feuerwehr-iversheim.de\/wp-content\/uploads\/2019\/02\/Call_112-1024x495.png 1024w, https:\/\/www.feuerwehr-iversheim.de\/wp-content\/uploads\/2019\/02\/Call_112.png 1920w\" sizes=\"auto, (max-width: 300px) 100vw, 300px\" \/><\/figure>\n<\/div>\n\n\n<p><strong>Europ\u00e4ischer Tag des Notrufs 112<\/strong><\/p>\n\n\n\n<p>Mit dem Aktionstag und einem &#8222;Twittergewitter&#8220; soll die lebensrettende  Rufnummer in der Bev\u00f6lkerung noch bekannter gemacht werden. Das Datum  wurde bewusst gew\u00e4hlt: 11.2. l\u00e4sst auf die Rufnummer 112 schlie\u00dfen.<br>Unter dieser Nummer sind die jeweiligen Notfalldienste in den Mitgliedstaaten der Europ\u00e4ischen Union (<abbr title=\"Europ\u00e4ische Union\">EU<\/abbr>) aus allen Fest- und Mobilfunknetzen sowie von \u00f6ffentlichen Telefonen bereits seit Dezember 2008 geb\u00fchrenfrei erreichbar. <\/p>\n\n\n\n<hr class=\"wp-block-separator has-css-opacity\"\/>\n\n\n<p><a href=\"https:\/\/www.feuerwehr-iversheim.de\/wp-content\/uploads\/2018\/06\/Feuerwehrfest_Iversheim_2018.jpg\"><img loading=\"lazy\" decoding=\"async\" class=\"aligncenter wp-image-2978 size-large\" src=\"https:\/\/www.feuerwehr-iversheim.de\/wp-content\/uploads\/2018\/06\/Feuerwehrfest_Iversheim_2018-724x1024.jpg\" alt=\"\" width=\"678\" height=\"959\" srcset=\"https:\/\/www.feuerwehr-iversheim.de\/wp-content\/uploads\/2018\/06\/Feuerwehrfest_Iversheim_2018-724x1024.jpg 724w, https:\/\/www.feuerwehr-iversheim.de\/wp-content\/uploads\/2018\/06\/Feuerwehrfest_Iversheim_2018-212x300.jpg 212w, https:\/\/www.feuerwehr-iversheim.de\/wp-content\/uploads\/2018\/06\/Feuerwehrfest_Iversheim_2018-768x1086.jpg 768w, https:\/\/www.feuerwehr-iversheim.de\/wp-content\/uploads\/2018\/06\/Feuerwehrfest_Iversheim_2018.jpg 1754w\" sizes=\"auto, (max-width: 678px) 100vw, 678px\" \/><\/a><\/p>\n<hr>\n<p>Am <strong>13. April 2018<\/strong> ist bundesweiter <strong>Rauchmeldertag<\/strong>. Mit unserer diesj\u00e4hrigen Kampagne r\u00fccken wir die Aufkl\u00e4rung der Verbraucher in den Fokus. Viele wissen nicht, wie sie sich im Falle eines Brandes in der Wohnung oder im Treppenhaus verhalten sollen. Ein funktionierender Rauchmelder warnt zwar rechtzeitig vor dem gef\u00e4hrlichen Brandrauch, aber dennoch bleiben&nbsp;nur wenige Minuten, um sich in Sicherheit zu bringen.<\/p>\n<p><iframe loading=\"lazy\" width=\"678\" height=\"381\" src=\"https:\/\/www.youtube.com\/embed\/1gz6U2wvxYo?feature=oembed\" frameborder=\"0\" allow=\"accelerometer; autoplay; encrypted-media; gyroscope; picture-in-picture\" allowfullscreen><\/iframe><\/p>\n<p>Im Falle eines Brandes bleiben Ihnen vier Minuten, um sich und Ihre Familie in Sicherheit zu bringen. Das wei\u00df auch der&nbsp;schlaue Mr. Sal und kl\u00e4rt im aktuellen Video zum Rauchmeldertag&nbsp;auf, <strong>wie Sie sich im Falle eines Brandes richtig verhalten.<\/strong><\/p>\n<p>Alle Infos zu unserer aktuellen <strong>Kampagne <\/strong>und zum Rauchmeldertag finden Sie unter<br><a href=\"https:\/\/rauchmelder-lebensretter.us16.list-manage.com\/track\/click?u=824d0a242da5c25c4457bad8d&amp;id=117b807c5b&amp;e=f47d85c963\" target=\"_blank\" rel=\"noopener noreferrer\" data-saferedirecturl=\"https:\/\/www.google.com\/url?hl=de&amp;q=https:\/\/rauchmelder-lebensretter.us16.list-manage.com\/track\/click?u%3D824d0a242da5c25c4457bad8d%26id%3D117b807c5b%26e%3Df47d85c963&amp;source=gmail&amp;ust=1523522579633000&amp;usg=AFQjCNH5w8sJ2veVh2W7lVE6bhojCs1g5Q\">www.rauchmelder-lebensretter.<wbr>de\/fachberater-feuerwehren\/<wbr>rauchmeldertag<\/a><\/p>\n<p><\/p>\n<hr>\n<p>Die L\u00f6schgruppe Iversheim bedankt sich bei allen G\u00e4sten des diesj\u00e4hrigen &#8222;Tag der offenen T\u00fcr&#8220;, vor allen Dingen bei unseren Ehreng\u00e4ste aus Great Britain mit ihrem historischen Sch\u00e4tzchen.<img loading=\"lazy\" decoding=\"async\" class=\"size-full wp-image-854 alignnone\" src=\"http:\/\/www.feuerwehr-iversheim.de\/wp-content\/uploads\/2017\/06\/Fest_2017_02.jpg\" alt=\"\" width=\"960\" height=\"540\" srcset=\"https:\/\/www.feuerwehr-iversheim.de\/wp-content\/uploads\/2017\/06\/Fest_2017_02.jpg 960w, https:\/\/www.feuerwehr-iversheim.de\/wp-content\/uploads\/2017\/06\/Fest_2017_02-300x169.jpg 300w, https:\/\/www.feuerwehr-iversheim.de\/wp-content\/uploads\/2017\/06\/Fest_2017_02-768x432.jpg 768w\" sizes=\"auto, (max-width: 960px) 100vw, 960px\" \/><img loading=\"lazy\" decoding=\"async\" class=\"size-full wp-image-853 alignnone\" src=\"http:\/\/www.feuerwehr-iversheim.de\/wp-content\/uploads\/2017\/06\/Fest_2017_01.jpg\" alt=\"\" width=\"960\" height=\"720\" srcset=\"https:\/\/www.feuerwehr-iversheim.de\/wp-content\/uploads\/2017\/06\/Fest_2017_01.jpg 960w, https:\/\/www.feuerwehr-iversheim.de\/wp-content\/uploads\/2017\/06\/Fest_2017_01-300x225.jpg 300w, https:\/\/www.feuerwehr-iversheim.de\/wp-content\/uploads\/2017\/06\/Fest_2017_01-768x576.jpg 768w\" sizes=\"auto, (max-width: 960px) 100vw, 960px\" \/><\/p>","protected":false},"excerpt":{"rendered":"<p>Spende f\u00fcr die Jugendfeuerwehr \u201eAls ortsans\u00e4ssige Unternehmerin unterst\u00fctze ich gerne gemeinn\u00fctzige Organisationen vor Ort und dazu geh\u00f6rt besonders die freiwillige Feuerwehr mit ihrem breitem Hilfsspektrum: \u201eRetten, L\u00f6schen, Bergen, Sch\u00fctzen\u201c. Ohne <a class=\"more-link\" href=\"https:\/\/www.feuerwehr-iversheim.de\/?page_id=2768\">Weiterlesen \u2192<\/a><\/p>\n","protected":false},"author":1,"featured_media":0,"parent":0,"menu_order":0,"comment_status":"closed","ping_status":"closed","template":"","meta":{"footnotes":""},"class_list":["post-2768","page","type-page","status-publish","hentry"],"_links":{"self":[{"href":"https:\/\/www.feuerwehr-iversheim.de\/index.php?rest_route=\/wp\/v2\/pages\/2768","targetHints":{"allow":["GET"]}}],"collection":[{"href":"https:\/\/www.feuerwehr-iversheim.de\/index.php?rest_route=\/wp\/v2\/pages"}],"about":[{"href":"https:\/\/www.feuerwehr-iversheim.de\/index.php?rest_route=\/wp\/v2\/types\/page"}],"author":[{"embeddable":true,"href":"https:\/\/www.feuerwehr-iversheim.de\/index.php?rest_route=\/wp\/v2\/users\/1"}],"replies":[{"embeddable":true,"href":"https:\/\/www.feuerwehr-iversheim.de\/index.php?rest_route=%2Fwp%2Fv2%2Fcomments&post=2768"}],"version-history":[{"count":10,"href":"https:\/\/www.feuerwehr-iversheim.de\/index.php?rest_route=\/wp\/v2\/pages\/2768\/revisions"}],"predecessor-version":[{"id":4640,"href":"https:\/\/www.feuerwehr-iversheim.de\/index.php?rest_route=\/wp\/v2\/pages\/2768\/revisions\/4640"}],"wp:attachment":[{"href":"https:\/\/www.feuerwehr-iversheim.de\/index.php?rest_route=%2Fwp%2Fv2%2Fmedia&parent=2768"}],"curies":[{"name":"wp","href":"https:\/\/api.w.org\/{rel}","templated":true}]}}

<figure class="wp-block-image"><img loading="lazy" decoding="async" width="1754" height="2480" src="https://www.feuerwehr-iversheim.de/wp-content/uploads/2019/06/Feuerwehrfest_Iversheim_2019.jpg" alt="" class="wp-image-4021" srcset="https://www.feuerwehr-iversheim.de/wp-content/uploads/2019/06/Feuerwehrfest_Iversheim_2019.jpg 1754w, https://www.feuerwehr-iversheim.de/wp-content/uploads/2019/06/Feuerwehrfest_Iversheim_2019-212x300.jpg 212w, https://www.feuerwehr-iversheim.de/wp-content/uploads/2019/06/Feuerwehrfest_Iversheim_2019-768x1086.jpg 768w, https://www.feuerwehr-iversheim.de/wp-content/uploads/2019/06/Feuerwehrfest_Iversheim_2019-724x1024.jpg 724w" sizes="auto, (max-width: 1754px) 100vw, 1754px" /></figure>



<hr class="wp-block-separator has-css-opacity"/>


<div class="wp-block-image">
<figure class="alignleft"><a href="https://www.feuerwehr-iversheim.de/wp-content/uploads/2019/04/Spende_JF.jpg" target="_blank" rel="noreferrer noopener"><img loading="lazy" decoding="async" width="300" height="200" src="https://www.feuerwehr-iversheim.de/wp-content/uploads/2019/04/Spende_JF-300x200.jpg" alt="" class="wp-image-3988" srcset="https://www.feuerwehr-iversheim.de/wp-content/uploads/2019/04/Spende_JF-300x200.jpg 300w, https://www.feuerwehr-iversheim.de/wp-content/uploads/2019/04/Spende_JF-768x512.jpg 768w, https://www.feuerwehr-iversheim.de/wp-content/uploads/2019/04/Spende_JF-1024x682.jpg 1024w, https://www.feuerwehr-iversheim.de/wp-content/uploads/2019/04/Spende_JF.jpg 1732w" sizes="auto, (max-width: 300px) 100vw, 300px" /></a></figure>
</div>


<p><strong>Spende für die Jugendfeuerwehr</strong></p>



<p>„Als ortsansässige Unternehmerin unterstütze ich gerne gemeinnützige Organisationen vor Ort und dazu gehört besonders die freiwillige Feuerwehr mit ihrem breitem Hilfsspektrum: „Retten, Löschen, Bergen, Schützen“. Ohne Menschen, die in ihrer Freizeit und unentgeltlich ehrenamtliche Arbeit leisten, wären sehr viele Dinge nicht möglich, die für uns selbstverständlich und alltäglich sind“. </p>



<p>„Die Jugend ist unsere gemeinsame Zukunft und ohne Nachwuchs wird es für eine ehrenamtliche Feuerwehr immer schwerer, die gestiegene Anzahl an Einsätzen zu bewältigen. Dazu gehören nicht nur Brände, sondern auch verschiedene technische Hilfeleistungen wie überschwemmte Keller, Verkehrsunfälle oder auch umgestürzte Bäume wie vor kurzem nach den schweren Unwettern im Kreis Euskirchen“ konstatiert Alexander Zimmermann (Stadt Jugendfeuerwehr Wart Bad Münstereifel)</p>



<p>Bereits ab 10 Jahren können Kinder in den Jugendfeuerwehren aktiv werden, ab 18 Jahren ist dann auch der Eintritt in den aktiven Dienst möglich. Die Freiwillige Feuerwehr bietet dem Nachwuchs nicht nur eine fundierte Ausbildung, sondern lehrt die Mädchen und Jungen auch das Zusammenspiel von verschiedenen Menschen, sowie Organisationen und Teamfähigkeit. Für die Jugendfeuerwehr sind besonders die folgenden 7 Werte sehr wichtig: Spaß, individuelle Vielfalt, Hilfsbereitschaft, Mitbestimmung, Wertschätzung, ehrenamtliches Engagement und Kameradschaft. </p>



<p>Und über allem steht der Wahlspruch der Freiwilligen Feuerwehr: </p>



<p>„Gott zur Ehr´, dem Nächsten zur Wehr.&#8220;</p>



<hr class="wp-block-separator has-css-opacity"/>



<p></p>


<div class="wp-block-image">
<figure class="alignleft"><img loading="lazy" decoding="async" width="300" height="250" src="https://www.feuerwehr-iversheim.de/wp-content/uploads/2019/02/Kohlenmonoxid-300x250.png" alt="" class="wp-image-3909" srcset="https://www.feuerwehr-iversheim.de/wp-content/uploads/2019/02/Kohlenmonoxid-300x250.png 300w, https://www.feuerwehr-iversheim.de/wp-content/uploads/2019/02/Kohlenmonoxid.png 336w" sizes="auto, (max-width: 300px) 100vw, 300px" /></figure>
</div>


<p><strong>CO macht K.O. </strong></p>



<p>Kohlenstoffmonoxid, kurz Kohlenmonoxid (CO), ist ein gefährliches  
Atemgift, das man nicht sehen, riechen oder schmecken kann. Betroffene  
bemerken nicht, wenn sie Kohlenmonoxid einatmen, denn es gibt keine  
typischen Symptome wie Husten oder Atemnot. Darüber hinaus kann das Gas 
 mühelos durch Wände oder Fußböden dringen, so dass es auch in Räumen  
auftritt, in denen sich keine potenzielle CO-Gefahrenquelle befindet.  
Alle Faktoren zusammengenommen machen CO so heimtückisch. Abhängig von  
der Konzentration in der Raumluft kann eine Kohlenmonoxidvergiftung zu  
erheblichen Beschwerden, Bewusstlosigkeit und zu massiven  
gesundheitlichen Spätfolgen bis hin zum Tod führen.</p>



<p><a href="https://www.co-macht-ko.de" target="_blank" rel="noreferrer noopener">&gt;&gt;Hier&lt;&lt;</a> die Homepage Initiative zur Prävention von Kohlenmonoxid-Vergiftungen</p>



<hr class="wp-block-separator has-css-opacity"/>


<div class="wp-block-image">
<figure class="alignleft"><img loading="lazy" decoding="async" width="300" height="145" src="https://www.feuerwehr-iversheim.de/wp-content/uploads/2019/02/Call_112-300x145.png" alt="" class="wp-image-3916" srcset="https://www.feuerwehr-iversheim.de/wp-content/uploads/2019/02/Call_112-300x145.png 300w, https://www.feuerwehr-iversheim.de/wp-content/uploads/2019/02/Call_112-768x372.png 768w, https://www.feuerwehr-iversheim.de/wp-content/uploads/2019/02/Call_112-1024x495.png 1024w, https://www.feuerwehr-iversheim.de/wp-content/uploads/2019/02/Call_112.png 1920w" sizes="auto, (max-width: 300px) 100vw, 300px" /></figure>
</div>


<p><strong>Europäischer Tag des Notrufs 112</strong></p>



<p>Mit dem Aktionstag und einem &#8222;Twittergewitter&#8220; soll die lebensrettende  Rufnummer in der Bevölkerung noch bekannter gemacht werden. Das Datum  wurde bewusst gewählt: 11.2. lässt auf die Rufnummer 112 schließen.<br>Unter dieser Nummer sind die jeweiligen Notfalldienste in den Mitgliedstaaten der Europäischen Union (<abbr title="Europäische Union">EU</abbr>) aus allen Fest- und Mobilfunknetzen sowie von öffentlichen Telefonen bereits seit Dezember 2008 gebührenfrei erreichbar. </p>



<hr class="wp-block-separator has-css-opacity"/>


<p><a href="https://www.feuerwehr-iversheim.de/wp-content/uploads/2018/06/Feuerwehrfest_Iversheim_2018.jpg"><img loading="lazy" decoding="async" class="aligncenter wp-image-2978 size-large" src="https://www.feuerwehr-iversheim.de/wp-content/uploads/2018/06/Feuerwehrfest_Iversheim_2018-724x1024.jpg" alt="" width="678" height="959" srcset="https://www.feuerwehr-iversheim.de/wp-content/uploads/2018/06/Feuerwehrfest_Iversheim_2018-724x1024.jpg 724w, https://www.feuerwehr-iversheim.de/wp-content/uploads/2018/06/Feuerwehrfest_Iversheim_2018-212x300.jpg 212w, https://www.feuerwehr-iversheim.de/wp-content/uploads/2018/06/Feuerwehrfest_Iversheim_2018-768x1086.jpg 768w, https://www.feuerwehr-iversheim.de/wp-content/uploads/2018/06/Feuerwehrfest_Iversheim_2018.jpg 1754w" sizes="auto, (max-width: 678px) 100vw, 678px" /></a></p>
<hr>
<p>Am <strong>13. April 2018</strong> ist bundesweiter <strong>Rauchmeldertag</strong>. Mit unserer diesjährigen Kampagne rücken wir die Aufklärung der Verbraucher in den Fokus. Viele wissen nicht, wie sie sich im Falle eines Brandes in der Wohnung oder im Treppenhaus verhalten sollen. Ein funktionierender Rauchmelder warnt zwar rechtzeitig vor dem gefährlichen Brandrauch, aber dennoch bleiben&nbsp;nur wenige Minuten, um sich in Sicherheit zu bringen.</p>
<p><iframe loading="lazy" width="678" height="381" src="https://www.youtube.com/embed/1gz6U2wvxYo?feature=oembed" frameborder="0" allow="accelerometer; autoplay; encrypted-media; gyroscope; picture-in-picture" allowfullscreen></iframe></p>
<p>Im Falle eines Brandes bleiben Ihnen vier Minuten, um sich und Ihre Familie in Sicherheit zu bringen. Das weiß auch der&nbsp;schlaue Mr. Sal und klärt im aktuellen Video zum Rauchmeldertag&nbsp;auf, <strong>wie Sie sich im Falle eines Brandes richtig verhalten.</strong></p>
<p>Alle Infos zu unserer aktuellen <strong>Kampagne </strong>und zum Rauchmeldertag finden Sie unter<br><a href="https://rauchmelder-lebensretter.us16.list-manage.com/track/click?u=824d0a242da5c25c4457bad8d&amp;id=117b807c5b&amp;e=f47d85c963" target="_blank" rel="noopener noreferrer" data-saferedirecturl="https://www.google.com/url?hl=de&amp;q=https://rauchmelder-lebensretter.us16.list-manage.com/track/click?u%3D824d0a242da5c25c4457bad8d%26id%3D117b807c5b%26e%3Df47d85c963&amp;source=gmail&amp;ust=1523522579633000&amp;usg=AFQjCNH5w8sJ2veVh2W7lVE6bhojCs1g5Q">www.rauchmelder-lebensretter.<wbr>de/fachberater-feuerwehren/<wbr>rauchmeldertag</a></p>
<p></p>
<hr>
<p>Die Löschgruppe Iversheim bedankt sich bei allen Gästen des diesjährigen &#8222;Tag der offenen Tür&#8220;, vor allen Dingen bei unseren Ehrengäste aus Great Britain mit ihrem historischen Schätzchen.<img loading="lazy" decoding="async" class="size-full wp-image-854 alignnone" src="http://www.feuerwehr-iversheim.de/wp-content/uploads/2017/06/Fest_2017_02.jpg" alt="" width="960" height="540" srcset="https://www.feuerwehr-iversheim.de/wp-content/uploads/2017/06/Fest_2017_02.jpg 960w, https://www.feuerwehr-iversheim.de/wp-content/uploads/2017/06/Fest_2017_02-300x169.jpg 300w, https://www.feuerwehr-iversheim.de/wp-content/uploads/2017/06/Fest_2017_02-768x432.jpg 768w" sizes="auto, (max-width: 960px) 100vw, 960px" /><img loading="lazy" decoding="async" class="size-full wp-image-853 alignnone" src="http://www.feuerwehr-iversheim.de/wp-content/uploads/2017/06/Fest_2017_01.jpg" alt="" width="960" height="720" srcset="https://www.feuerwehr-iversheim.de/wp-content/uploads/2017/06/Fest_2017_01.jpg 960w, https://www.feuerwehr-iversheim.de/wp-content/uploads/2017/06/Fest_2017_01-300x225.jpg 300w, https://www.feuerwehr-iversheim.de/wp-content/uploads/2017/06/Fest_2017_01-768x576.jpg 768w" sizes="auto, (max-width: 960px) 100vw, 960px" /></p>

<p>Spende für die Jugendfeuerwehr „Als ortsansässige Unternehmerin unterstütze ich gerne gemeinnützige Organisationen vor Ort und dazu gehört besonders die freiwillige Feuerwehr mit ihrem breitem Hilfsspektrum: „Retten, Löschen, Bergen, Schützen“. Ohne <a class="more-link" href="https://www.feuerwehr-iversheim.de/?page_id=2768">Weiterlesen →</a></p>
