{"id":3108,"date":"2019-01-07T22:27:00","date_gmt":"2019-01-07T21:27:00","guid":{"rendered":"https:\/\/www.feuerwehr-iversheim.de\/?page_id=3108"},"modified":"2019-01-24T13:49:34","modified_gmt":"2019-01-24T12:49:34","slug":"alarmierung","status":"publish","type":"page","link":"https:\/\/www.feuerwehr-iversheim.de\/?page_id=3108","title":{"rendered":"Alarmierung"},"content":{"rendered":"\n<div class=\"wp-block-image\"><figure class=\"alignleft is-resized\"><img loading=\"lazy\" decoding=\"async\" src=\"https:\/\/www.feuerwehr-iversheim.de\/wp-content\/uploads\/2019\/01\/Funkmeldeempf\u00e4nger_Motorola_Firestorm_3-150x150.jpg\" alt=\"\" class=\"wp-image-3103\" width=\"150\" height=\"150\"\/><\/figure><\/div>\n\n\n\n<p>Von Ihrem Anruf bis zum Alarm   Wir werden gerufen wenn Sie Hilfe brauchen. Doch wie funktionert  das? Um die Feuerwehr oder Rettungsdienst zu alarmieren w\u00e4hlt man in  Deutschland und den meisten EU Staaten die 112. (Bitte informieren Sie  sich vor antritt einer Reise dar\u00fcber welche Notrufnummer in den  Reisel\u00e4ndern gelten!) Dadurch werden Sie mit der n\u00e4chsten Feuerwehr- und  Rettungsleitstelle verbunden.<\/p>\n\n\n\n<p>Bitte beachten Sie, dass mit  einem Handy an Kreis- oder L\u00e4ndergrenzen die M\u00f6glichkeit besteht, mit  einer anderen Leitstelle verbunden zu werden. Diese wird sobald Sie den  Zust\u00e4ndigkeitskonflikt bemerkt den Einsatz weiterleiten, bis dahin kann  dies jedoch zu Verwirrungen f\u00fchren. Deshalb sind genau Ortsangaben beim  absetzten des Notrufs sehr wichtig!<\/p>\n\n\n\n<p>W\u00e4hrend der Disponent der Leitstelle mit Ihnen spricht, stuft er den  Einsatz ein und gibt die erfragten Daten in einen Computer ein. Der  Computer ermittelt dann aus einer Datenbank die ben\u00f6tigten  Einsatzkr\u00e4fte.<\/p>\n\n\n\n<p>Die Leitstelle kann jede Nummer sehen. Auch wenn \nmit unterdr\u00fcckter Nummer oder aus einer Telefonzelle angerufen wird. So \nist gew\u00e4hrleistet, dass auch bei einem pl\u00f6tzlichen Verbindungsabbruch, \ndie M\u00f6glichkeit eines R\u00fcckrufes gew\u00e4hrleistet ist. Eine weitere \nM\u00f6glichkeit der Leitstelle ist eine Ortung. So kann bei Unklarheiten \n\u00fcber den Ort, eine genauere Ortbestimmung durch gef\u00fchrt werden.<\/p>\n\n\n\n<p>Bestandteile eines Notruf<\/p>\n\n\n\n<p> <strong>Wo<br> Was<br> Welche Verletzung\/Erkrankung<br> Wieviele Verletzte\/Erkrankte<br> Warten auf R\u00fcckfragen<\/strong><\/p>\n\n\n\n<p>Die\n ben\u00f6tigten Einsatzkr\u00e4fte von Feuerwehr und Rettungsdienst werden dann \n\u00fcber Funkmeldeempf\u00e4nger alarmiert. \u00dcber Funk erfahren die Einstzkr\u00e4fte \nwo sie hinfahren m\u00fcssen und um was es sich handelt. Wenn Gefahr f\u00fcr \nPersonen, Tiere oder Sachwerte besteht, fahren die Kr\u00e4fte mit blauem \nRundumlicht und Martinshorn zum Einsatzort.<\/p>\n","protected":false},"excerpt":{"rendered":"<p>Von Ihrem Anruf bis zum Alarm Wir werden gerufen wenn Sie Hilfe brauchen. Doch wie funktionert das? Um die Feuerwehr oder Rettungsdienst zu alarmieren w\u00e4hlt man in Deutschland und den <a class=\"more-link\" href=\"https:\/\/www.feuerwehr-iversheim.de\/?page_id=3108\">Weiterlesen \u2192<\/a><\/p>\n","protected":false},"author":1,"featured_media":0,"parent":147,"menu_order":0,"comment_status":"closed","ping_status":"closed","template":"","meta":{"footnotes":""},"class_list":["post-3108","page","type-page","status-publish","hentry"],"_links":{"self":[{"href":"https:\/\/www.feuerwehr-iversheim.de\/index.php?rest_route=\/wp\/v2\/pages\/3108","targetHints":{"allow":["GET"]}}],"collection":[{"href":"https:\/\/www.feuerwehr-iversheim.de\/index.php?rest_route=\/wp\/v2\/pages"}],"about":[{"href":"https:\/\/www.feuerwehr-iversheim.de\/index.php?rest_route=\/wp\/v2\/types\/page"}],"author":[{"embeddable":true,"href":"https:\/\/www.feuerwehr-iversheim.de\/index.php?rest_route=\/wp\/v2\/users\/1"}],"replies":[{"embeddable":true,"href":"https:\/\/www.feuerwehr-iversheim.de\/index.php?rest_route=%2Fwp%2Fv2%2Fcomments&post=3108"}],"version-history":[{"count":1,"href":"https:\/\/www.feuerwehr-iversheim.de\/index.php?rest_route=\/wp\/v2\/pages\/3108\/revisions"}],"predecessor-version":[{"id":3109,"href":"https:\/\/www.feuerwehr-iversheim.de\/index.php?rest_route=\/wp\/v2\/pages\/3108\/revisions\/3109"}],"up":[{"embeddable":true,"href":"https:\/\/www.feuerwehr-iversheim.de\/index.php?rest_route=\/wp\/v2\/pages\/147"}],"wp:attachment":[{"href":"https:\/\/www.feuerwehr-iversheim.de\/index.php?rest_route=%2Fwp%2Fv2%2Fmedia&parent=3108"}],"curies":[{"name":"wp","href":"https:\/\/api.w.org\/{rel}","templated":true}]}}