{"id":3146,"date":"2019-01-07T23:17:15","date_gmt":"2019-01-07T22:17:15","guid":{"rendered":"https:\/\/www.feuerwehr-iversheim.de\/?page_id=3146"},"modified":"2019-01-24T13:50:47","modified_gmt":"2019-01-24T12:50:47","slug":"weihnachtszeit","status":"publish","type":"page","link":"https:\/\/www.feuerwehr-iversheim.de\/?page_id=3146","title":{"rendered":"Weihnachtszeit"},"content":{"rendered":"\n<div class=\"wp-block-image\"><figure class=\"alignleft\"><img loading=\"lazy\" decoding=\"async\" width=\"150\" height=\"150\" src=\"https:\/\/www.feuerwehr-iversheim.de\/wp-content\/uploads\/2019\/01\/Adventskranz-150x150.gif\" alt=\"\" class=\"wp-image-3147\"\/><\/figure><\/div>\n\n\n\n<p>Gefahren der Weihnachtszeit   In der Weihnachtszeit, wenn das Wetter drau\u00dfen kalt und rau ist,  werden f\u00fcr eine besinnliche Stimmung gerne Kerzen angez\u00fcndet. Diese  verleihen in einer kleinen famili\u00e4ren Runde eine kuschelig gem\u00fctliche  Atmosph\u00e4re. Dies birgt, wie immer im Umgang mit Feuer, Gefahren.<\/p>\n\n\n\n<p>Wie \nschnell ist es passiert und die Kerze auf dem Adventskranz oder am \nWeihnachtsbaum ist herunter gebrannt. Passiert dies wenn mal gerade \nkeiner im Raum ist, kann alles schnell in Flammen auf gehen. Die \naufschlagenden Flammen breiten sich schlagartig \u00fcber die Zimmerdecke, \numstehende Gegenst\u00e4nde oder \u00e4hnliches aus und das ganze Wohnzimmer wird \nein Raub der Flammen. Um einen solchen Weihnachtsalptraum zu vermeiden \nsollten Kerzen nur unter Beobachtung brennen gelassen werden. Sobald der\n Raum verlassen wird, sollten die Kerzen gel\u00f6scht werden.<\/p>\n\n\n\n<div class=\"wp-block-image\"><figure class=\"alignright\"><a href=\"http:\/\/alt.feuerwehr-iversheim.de\/index.php?ID=910728159&amp;n=kerzeundzeitung.gif&amp;an=kerzeundzeitung.gif#kerzeundzeitung.gif\"><img loading=\"lazy\" decoding=\"async\" width=\"150\" height=\"150\" src=\"https:\/\/www.feuerwehr-iversheim.de\/wp-content\/uploads\/2019\/01\/Kerze-und-Zeitung-150x150.gif\" alt=\"\" class=\"wp-image-3148\"\/><\/a><\/figure><\/div>\n\n\n\n<p>Kinder\n sollten nie mit einer brennenden Kerze alleine gelassen werden. Das \ntolle Leuchten der Kerze weckt den Entdeckungstrieb des Kindes. \nVerbrennt es sich zum Beispiel die Hand beim Spiel mit der Kerze und \nl\u00e4sst diese dann fallen ist es so ver\u00e4ngstigt das es panisch weg l\u00e4uft \noder sich versteckt. Die Flamme, der zu Boden gefallenen Kerze, kann so \nihre zerst\u00f6rerische Kraft freisetzen. Im Vorfeld sollten Kinder mit \nKerzen vertraut gemacht werden. Sie sollen wissen, dass eine Kerze \nnichts \u201eharmloses\u201c ist.<\/p>\n\n\n\n<p>Besonders sollten auch auf einem Tisch \nstehende Kerzen beachtet werden. Schnell ist eine Zeitung unbeachtet \nneben die Kerze gelegt worden und der Tisch ist auf einmal ein Herz \nerw\u00e4rmendes kleines Lagerfeuer mitten im heimischen Wohnzimmer. Wenn \neine Kerze auf einem Tisch platziert wird, so sollte dies nur auf einem \naufger\u00e4umten Tisch und mit einer Feuerfesten Halterung geschehen.<\/p>\n","protected":false},"excerpt":{"rendered":"<p>Gefahren der Weihnachtszeit In der Weihnachtszeit, wenn das Wetter drau\u00dfen kalt und rau ist, werden f\u00fcr eine besinnliche Stimmung gerne Kerzen angez\u00fcndet. Diese verleihen in einer kleinen famili\u00e4ren Runde eine <a class=\"more-link\" href=\"https:\/\/www.feuerwehr-iversheim.de\/?page_id=3146\">Weiterlesen \u2192<\/a><\/p>\n","protected":false},"author":1,"featured_media":0,"parent":147,"menu_order":0,"comment_status":"closed","ping_status":"closed","template":"","meta":{"footnotes":""},"class_list":["post-3146","page","type-page","status-publish","hentry"],"_links":{"self":[{"href":"https:\/\/www.feuerwehr-iversheim.de\/index.php?rest_route=\/wp\/v2\/pages\/3146","targetHints":{"allow":["GET"]}}],"collection":[{"href":"https:\/\/www.feuerwehr-iversheim.de\/index.php?rest_route=\/wp\/v2\/pages"}],"about":[{"href":"https:\/\/www.feuerwehr-iversheim.de\/index.php?rest_route=\/wp\/v2\/types\/page"}],"author":[{"embeddable":true,"href":"https:\/\/www.feuerwehr-iversheim.de\/index.php?rest_route=\/wp\/v2\/users\/1"}],"replies":[{"embeddable":true,"href":"https:\/\/www.feuerwehr-iversheim.de\/index.php?rest_route=%2Fwp%2Fv2%2Fcomments&post=3146"}],"version-history":[{"count":1,"href":"https:\/\/www.feuerwehr-iversheim.de\/index.php?rest_route=\/wp\/v2\/pages\/3146\/revisions"}],"predecessor-version":[{"id":3149,"href":"https:\/\/www.feuerwehr-iversheim.de\/index.php?rest_route=\/wp\/v2\/pages\/3146\/revisions\/3149"}],"up":[{"embeddable":true,"href":"https:\/\/www.feuerwehr-iversheim.de\/index.php?rest_route=\/wp\/v2\/pages\/147"}],"wp:attachment":[{"href":"https:\/\/www.feuerwehr-iversheim.de\/index.php?rest_route=%2Fwp%2Fv2%2Fmedia&parent=3146"}],"curies":[{"name":"wp","href":"https:\/\/api.w.org\/{rel}","templated":true}]}}