{"id":3369,"date":"2019-01-24T17:49:35","date_gmt":"2019-01-24T16:49:35","guid":{"rendered":"https:\/\/www.feuerwehr-iversheim.de\/?page_id=3369"},"modified":"2019-01-24T17:49:36","modified_gmt":"2019-01-24T16:49:36","slug":"mehrgasmessgeraet","status":"publish","type":"page","link":"https:\/\/www.feuerwehr-iversheim.de\/?page_id=3369","title":{"rendered":"Mehrgasmessger\u00e4t"},"content":{"rendered":"\n<div class=\"wp-block-image\"><figure class=\"alignleft\"><img loading=\"lazy\" decoding=\"async\" width=\"171\" height=\"300\" src=\"https:\/\/www.feuerwehr-iversheim.de\/wp-content\/uploads\/2019\/01\/Q-Rae-II-171x300.png\" alt=\"\" class=\"wp-image-3370\" srcset=\"https:\/\/www.feuerwehr-iversheim.de\/wp-content\/uploads\/2019\/01\/Q-Rae-II-171x300.png 171w, https:\/\/www.feuerwehr-iversheim.de\/wp-content\/uploads\/2019\/01\/Q-Rae-II.png 364w\" sizes=\"auto, (max-width: 171px) 100vw, 171px\" \/><figcaption>www.raesystems.com<\/figcaption><\/figure><\/div>\n\n\n\n<p>Dieses Ger\u00e4t dient u.a. dazu explosionsf\u00e4hige Stoffgemische in der Umgebungsluft festzustellen. Dazu muss zwingend Sauerstoff in  ausreichender Menge vorhanden sein und zus\u00e4tzlich ein Stoff, der in der  Lage ist, brennbare Gase oder D\u00e4mpfe abzugeben. Dieser Stoff kann durchaus fest, fl\u00fcssig oder auch gasf\u00f6rmig sein. Wichtig f\u00fcr eine  Explosion ist jedoch, dass der Sauerstoff und das brennbare Gas oder der  brennbare Dampf, im richtigen Mengenverh\u00e4ltnis vorliegen, da eine  Explosion sonst nicht stattfinden kann.<\/p>\n\n\n\n<p>Die Grenzwerte dieses Mengenverh\u00e4ltnisses nennt man untere und obere Explosionsgrenze. Ist die untere Explosionsgrenze unterschritten, dann liegt zu wenig von dem brennbaren Medium vor, so dass eine Verbrennung nicht mehr stattfinden kann. Ist die obere Explosionsgrenze \u00fcberschritten, so hat das brennbare Medium den Sauerstoff weitestgehend verdr\u00e4ngt und somit liegt zu wenig Sauerstoff vor, so dass eine Verbrennung nicht mehr stattfinden kann. Den Bereich zwischen diesen beiden Grenzen nennt man Explosionsbereich.<\/p>\n\n\n\n<p>Der  Explosionsbereich ist bei jedem Medium unterschiedlich und kann schon ab 1 Volumenprozent des brennbaren Mediums in der Umgebungsatmosph\u00e4re  beginnen. Der Ex-Sensor im Ger\u00e4t misst mittels W\u00e4rmet\u00f6nung im Verh\u00e4ltnis zu einem speziellen Kalibrierungsgas, ob ein brennbares Medium in der  Atmosph\u00e4re vorliegt und zeigt als Messergebnis jedoch lediglich ann\u00e4herungsweise an. Zur Kalibrierung werden in der Regel Methan oder Pentan verwendet.<\/p>\n\n\n\n<p>Au\u00dferdem dient das Ger\u00e4t je nach Sensorenbest\u00fcckung dazu, bestimmte definierte Gase in der Umgebungslust zu erkennen, z.Bsp. CO (Kohlenstoffmonoxid), H2S (Schwefelwasserstoff) oder O2 (Sauerstoff)<\/p>\n","protected":false},"excerpt":{"rendered":"<p>Dieses Ger\u00e4t dient u.a. dazu explosionsf\u00e4hige Stoffgemische in der Umgebungsluft festzustellen. Dazu muss zwingend Sauerstoff in ausreichender Menge vorhanden sein und zus\u00e4tzlich ein Stoff, der in der Lage ist, brennbare <a class=\"more-link\" href=\"https:\/\/www.feuerwehr-iversheim.de\/?page_id=3369\">Weiterlesen \u2192<\/a><\/p>\n","protected":false},"author":1,"featured_media":0,"parent":151,"menu_order":0,"comment_status":"closed","ping_status":"closed","template":"","meta":{"footnotes":""},"class_list":["post-3369","page","type-page","status-publish","hentry"],"_links":{"self":[{"href":"https:\/\/www.feuerwehr-iversheim.de\/index.php?rest_route=\/wp\/v2\/pages\/3369","targetHints":{"allow":["GET"]}}],"collection":[{"href":"https:\/\/www.feuerwehr-iversheim.de\/index.php?rest_route=\/wp\/v2\/pages"}],"about":[{"href":"https:\/\/www.feuerwehr-iversheim.de\/index.php?rest_route=\/wp\/v2\/types\/page"}],"author":[{"embeddable":true,"href":"https:\/\/www.feuerwehr-iversheim.de\/index.php?rest_route=\/wp\/v2\/users\/1"}],"replies":[{"embeddable":true,"href":"https:\/\/www.feuerwehr-iversheim.de\/index.php?rest_route=%2Fwp%2Fv2%2Fcomments&post=3369"}],"version-history":[{"count":1,"href":"https:\/\/www.feuerwehr-iversheim.de\/index.php?rest_route=\/wp\/v2\/pages\/3369\/revisions"}],"predecessor-version":[{"id":3371,"href":"https:\/\/www.feuerwehr-iversheim.de\/index.php?rest_route=\/wp\/v2\/pages\/3369\/revisions\/3371"}],"up":[{"embeddable":true,"href":"https:\/\/www.feuerwehr-iversheim.de\/index.php?rest_route=\/wp\/v2\/pages\/151"}],"wp:attachment":[{"href":"https:\/\/www.feuerwehr-iversheim.de\/index.php?rest_route=%2Fwp%2Fv2%2Fmedia&parent=3369"}],"curies":[{"name":"wp","href":"https:\/\/api.w.org\/{rel}","templated":true}]}}