{"id":3384,"date":"2019-01-24T18:02:40","date_gmt":"2019-01-24T17:02:40","guid":{"rendered":"https:\/\/www.feuerwehr-iversheim.de\/?page_id=3384"},"modified":"2019-01-24T18:02:41","modified_gmt":"2019-01-24T17:02:41","slug":"funkenfreie-werkzeuge","status":"publish","type":"page","link":"https:\/\/www.feuerwehr-iversheim.de\/?page_id=3384","title":{"rendered":"Funkenfreie Werkzeuge"},"content":{"rendered":"\n<div class=\"wp-block-image\"><figure class=\"alignleft\"><img loading=\"lazy\" decoding=\"async\" width=\"300\" height=\"225\" src=\"https:\/\/www.feuerwehr-iversheim.de\/wp-content\/uploads\/2019\/01\/Funkenfreie-Werkzeuge-300x225.jpg\" alt=\"\" class=\"wp-image-3385\" srcset=\"https:\/\/www.feuerwehr-iversheim.de\/wp-content\/uploads\/2019\/01\/Funkenfreie-Werkzeuge-300x225.jpg 300w, https:\/\/www.feuerwehr-iversheim.de\/wp-content\/uploads\/2019\/01\/Funkenfreie-Werkzeuge.jpg 512w\" sizes=\"auto, (max-width: 300px) 100vw, 300px\" \/><\/figure><\/div>\n\n\n\n<p><strong>Zum Funkenarmen Arbeiten<\/strong><\/p>\n\n\n\n<p>Um in Explosionsgef\u00e4hrdeter Atmosph\u00e4re eine h\u00f6here Sicherheit zu  erzielen wird hier auf den Einsatz von &#8222;normalem&#8220; Werkzeug verzichtet.  Daf\u00fcr kommt das Minderfunkenrei\u00dfende Werkzeug aus Messing zum Einsatz.  Da der Werkstoff Messing sehr weich ist, wird das Werkzeugset  ausschlie\u00dflich in F\u00e4llen verwendet bei denen die Gefahr einer  explosionsf\u00e4higen Atmosph\u00e4re besteht. Das Set besteht aus einer gro\u00dfen  und einer kleinen Zange, einem Hammer und zwei Schlitzschraubendrehern. <\/p>\n","protected":false},"excerpt":{"rendered":"<p>Zum Funkenarmen Arbeiten Um in Explosionsgef\u00e4hrdeter Atmosph\u00e4re eine h\u00f6here Sicherheit zu erzielen wird hier auf den Einsatz von &#8222;normalem&#8220; Werkzeug verzichtet. Daf\u00fcr kommt das Minderfunkenrei\u00dfende Werkzeug aus Messing zum Einsatz. <a class=\"more-link\" href=\"https:\/\/www.feuerwehr-iversheim.de\/?page_id=3384\">Weiterlesen \u2192<\/a><\/p>\n","protected":false},"author":1,"featured_media":0,"parent":151,"menu_order":0,"comment_status":"closed","ping_status":"closed","template":"","meta":{"footnotes":""},"class_list":["post-3384","page","type-page","status-publish","hentry"],"_links":{"self":[{"href":"https:\/\/www.feuerwehr-iversheim.de\/index.php?rest_route=\/wp\/v2\/pages\/3384","targetHints":{"allow":["GET"]}}],"collection":[{"href":"https:\/\/www.feuerwehr-iversheim.de\/index.php?rest_route=\/wp\/v2\/pages"}],"about":[{"href":"https:\/\/www.feuerwehr-iversheim.de\/index.php?rest_route=\/wp\/v2\/types\/page"}],"author":[{"embeddable":true,"href":"https:\/\/www.feuerwehr-iversheim.de\/index.php?rest_route=\/wp\/v2\/users\/1"}],"replies":[{"embeddable":true,"href":"https:\/\/www.feuerwehr-iversheim.de\/index.php?rest_route=%2Fwp%2Fv2%2Fcomments&post=3384"}],"version-history":[{"count":1,"href":"https:\/\/www.feuerwehr-iversheim.de\/index.php?rest_route=\/wp\/v2\/pages\/3384\/revisions"}],"predecessor-version":[{"id":3386,"href":"https:\/\/www.feuerwehr-iversheim.de\/index.php?rest_route=\/wp\/v2\/pages\/3384\/revisions\/3386"}],"up":[{"embeddable":true,"href":"https:\/\/www.feuerwehr-iversheim.de\/index.php?rest_route=\/wp\/v2\/pages\/151"}],"wp:attachment":[{"href":"https:\/\/www.feuerwehr-iversheim.de\/index.php?rest_route=%2Fwp%2Fv2%2Fmedia&parent=3384"}],"curies":[{"name":"wp","href":"https:\/\/api.w.org\/{rel}","templated":true}]}}