{"id":3409,"date":"2019-01-24T18:39:59","date_gmt":"2019-01-24T17:39:59","guid":{"rendered":"https:\/\/www.feuerwehr-iversheim.de\/?page_id=3409"},"modified":"2019-01-24T18:40:00","modified_gmt":"2019-01-24T17:40:00","slug":"gsg-gruppe-bad-muenstereifel","status":"publish","type":"page","link":"https:\/\/www.feuerwehr-iversheim.de\/?page_id=3409","title":{"rendered":"GSG Gruppe Bad M\u00fcnstereifel"},"content":{"rendered":"\n<p>Durch die Ansiedlung von mehreren gro\u00dfen Firmen und das dadurch  aufkommende Gefahrenpotenzial wurde 1995 die GSG \u2013 Gruppe Iversheim und Eicherscheid der Freiwilligen Feuerwehr Bad M\u00fcnstereifel gegr\u00fcndet. Die L\u00f6schgruppen Iversheim und Eicherscheid schlossen sich zu diesem Zweck  zusammen. Von der Stadt Bad M\u00fcnstereifel wurde eine GSG  Mindestausr\u00fcstung beschafft. Im April 2000 verlor die L\u00f6schgruppe  Eicherscheid das Interesse an dem Fachgebiet GSG. So \u00fcbernahm die  L\u00f6schgruppe Iversheim den kompletten GSG \u2013 Bereich der Stadt Bad  M\u00fcnstereifel.<\/p>\n\n\n\n<div class=\"wp-block-image\"><figure class=\"aligncenter\"><img loading=\"lazy\" decoding=\"async\" width=\"512\" height=\"384\" src=\"https:\/\/www.feuerwehr-iversheim.de\/wp-content\/uploads\/2019\/01\/abc-euskirchen-iversheim.jpg\" alt=\"\" class=\"wp-image-3410\" srcset=\"https:\/\/www.feuerwehr-iversheim.de\/wp-content\/uploads\/2019\/01\/abc-euskirchen-iversheim.jpg 512w, https:\/\/www.feuerwehr-iversheim.de\/wp-content\/uploads\/2019\/01\/abc-euskirchen-iversheim-300x225.jpg 300w\" sizes=\"auto, (max-width: 512px) 100vw, 512px\" \/><figcaption>GSG-Zug Euskirchen-Iversheim<\/figcaption><\/figure><\/div>\n\n\n\n<p>Um die Ausbildung der L\u00f6schgruppe Iversheim im Fachgebiet GSG zu erweitern nahm die L\u00f6schgruppenf\u00fchrung Kontakt mit dem  Gefahrengutzug Euskirchen unter der Leitung von Armin Lanzrath auf, mit  der Bitte an \u00dcbungen teilzunehmen. Durch viele \u00dcbungen und Lehrg\u00e4nge  entwickelte sich eine dicke Freundschaft zwischen dem Gefahrengutzug  Euskirchen und der L\u00f6schgruppe Iversheim. Aufgrund dieser guten  Zusammenarbeit und nach Absprache der Wehrf\u00fchrung Bad M\u00fcnstereifel und  Euskirchen fahren der Gefahrgutzug Euskirchen so wie die L\u00f6schgruppe Iversheim gemeinsam gr\u00f6\u00dfere GSG \u2013 Eins\u00e4tze. Dies ist eine Besonderheit im Kreis Euskirchen, weil beide Gruppen aus verschiedenen Kommunen kommen.<\/p>\n","protected":false},"excerpt":{"rendered":"<p>Durch die Ansiedlung von mehreren gro\u00dfen Firmen und das dadurch aufkommende Gefahrenpotenzial wurde 1995 die GSG \u2013 Gruppe Iversheim und Eicherscheid der Freiwilligen Feuerwehr Bad M\u00fcnstereifel gegr\u00fcndet. Die L\u00f6schgruppen Iversheim <a class=\"more-link\" href=\"https:\/\/www.feuerwehr-iversheim.de\/?page_id=3409\">Weiterlesen \u2192<\/a><\/p>\n","protected":false},"author":1,"featured_media":0,"parent":157,"menu_order":0,"comment_status":"closed","ping_status":"closed","template":"","meta":{"footnotes":""},"class_list":["post-3409","page","type-page","status-publish","hentry"],"_links":{"self":[{"href":"https:\/\/www.feuerwehr-iversheim.de\/index.php?rest_route=\/wp\/v2\/pages\/3409","targetHints":{"allow":["GET"]}}],"collection":[{"href":"https:\/\/www.feuerwehr-iversheim.de\/index.php?rest_route=\/wp\/v2\/pages"}],"about":[{"href":"https:\/\/www.feuerwehr-iversheim.de\/index.php?rest_route=\/wp\/v2\/types\/page"}],"author":[{"embeddable":true,"href":"https:\/\/www.feuerwehr-iversheim.de\/index.php?rest_route=\/wp\/v2\/users\/1"}],"replies":[{"embeddable":true,"href":"https:\/\/www.feuerwehr-iversheim.de\/index.php?rest_route=%2Fwp%2Fv2%2Fcomments&post=3409"}],"version-history":[{"count":1,"href":"https:\/\/www.feuerwehr-iversheim.de\/index.php?rest_route=\/wp\/v2\/pages\/3409\/revisions"}],"predecessor-version":[{"id":3411,"href":"https:\/\/www.feuerwehr-iversheim.de\/index.php?rest_route=\/wp\/v2\/pages\/3409\/revisions\/3411"}],"up":[{"embeddable":true,"href":"https:\/\/www.feuerwehr-iversheim.de\/index.php?rest_route=\/wp\/v2\/pages\/157"}],"wp:attachment":[{"href":"https:\/\/www.feuerwehr-iversheim.de\/index.php?rest_route=%2Fwp%2Fv2%2Fmedia&parent=3409"}],"curies":[{"name":"wp","href":"https:\/\/api.w.org\/{rel}","templated":true}]}}