{"id":3766,"date":"2019-02-05T22:14:39","date_gmt":"2019-02-05T21:14:39","guid":{"rendered":"https:\/\/www.feuerwehr-iversheim.de\/?page_id=3766"},"modified":"2019-02-05T22:14:40","modified_gmt":"2019-02-05T21:14:40","slug":"phantasialand-2009","status":"publish","type":"page","link":"https:\/\/www.feuerwehr-iversheim.de\/?page_id=3766","title":{"rendered":"Phantasialand 2009"},"content":{"rendered":"\n<div class=\"wp-block-image\"><figure class=\"alignleft\"><img loading=\"lazy\" decoding=\"async\" width=\"300\" height=\"225\" src=\"https:\/\/www.feuerwehr-iversheim.de\/wp-content\/uploads\/2019\/02\/Phantasialand-2009-07-300x225.jpg\" alt=\"\" class=\"wp-image-3773\" srcset=\"https:\/\/www.feuerwehr-iversheim.de\/wp-content\/uploads\/2019\/02\/Phantasialand-2009-07-300x225.jpg 300w, https:\/\/www.feuerwehr-iversheim.de\/wp-content\/uploads\/2019\/02\/Phantasialand-2009-07.jpg 512w\" sizes=\"auto, (max-width: 300px) 100vw, 300px\" \/><\/figure><\/div>\n\n\n\n<p>Auch in diesem Jahr war die Jugendabteilung der L\u00f6schgruppe Iversheim  wieder dabei. Wir erlebten nicht nur eine sch\u00f6nen Tag im Phantasialand,  sondern Dank der L\u00f6schgruppe auch eine wundersch\u00f6ne und spannende  \u00dcbernachtung im Camp. Hierf\u00fcr m\u00f6chten wir uns ganz Herzlich bedanken!<br><br> 5 000 Angeh\u00f6rige der Jugendfeuerwehr NRW besuchen das Br\u00fchler  Phantasialand und spenden 2 500 Euro f\u00fcr den Verein Afrika Direkt Hilfe.<br><br> \u00dcber diese rege Beteiligung freute sich auch  NRW Innenminister Dr. Ingo  Wolf, anl\u00e4sslich des Aktionstages der Jugendfeuerwehr  Nordrhein-Westfalen im Br\u00fchler Phantasialand am Sonntag, 27. September.  Aus ganz Nordrhein-Westfalen waren die Jugendlichen mit ihren Betreuern  mit Bussen und Feuerwehrfahrzeugen angereist und bestimmten f\u00fcr einen  Tag das Bild im Freizeitpark. Aber nicht nur der Minister freute sich  \u00fcber die gro\u00dfe Beteiligung an der Aktion. Aus Anlass der landesweiten  Aktion \u00fcbergaben Karin Hoppe und Robin B\u00f6ttcher vom Jugendforum der  Jugendfeuerwehren des Rhein-Erft-Kreises stellvertretend 2 500 Euro an  der Verein Afrika Direkt Hilfe um so die Arbeit des Vereins im Senegal  zu unterst\u00fctzen.<br><br> Auch die beiden stellvertretenden Landesjugendwarte Martina Grochow und  Werner Merzh\u00e4user sowie LFV Vizepr\u00e4siden Hans-Joachim Donner waren \u00fcber  den gro\u00dfen Zuspruch der Jugendlichen begeistert.<br><br> Der Aktionstag im Phantasialand fand erstmals als landesweite Aktion  statt. Bereits zweimal war ein Aktionstag der Jugendfeuerwehren aus dem  Regierungsbezirk K\u00f6ln durchgef\u00fchrt worden.<br><br> Die Jugendfeuerwehr Nordhrein-Westfalen nutzte den Tag aber auch, um auf  die Aktion der Deutschen Jugendfeuerwehr &#8222;Jugendfeuerwehren strukturfit  f\u00fcr Demokratie&#8220; hinzuweisen und sich gegen rechtsextreme Ideologien  auszusprechen. <\/p>\n\n\n\n\t\t<style type=\"text\/css\">\n\t\t\t#gallery-1 {\n\t\t\t\tmargin: auto;\n\t\t\t}\n\t\t\t#gallery-1 .gallery-item {\n\t\t\t\tfloat: left;\n\t\t\t\tmargin-top: 10px;\n\t\t\t\ttext-align: center;\n\t\t\t\twidth: 25%;\n\t\t\t}\n\t\t\t#gallery-1 img {\n\t\t\t\tborder: 2px solid #cfcfcf;\n\t\t\t}\n\t\t\t#gallery-1 .gallery-caption {\n\t\t\t\tmargin-left: 0;\n\t\t\t}\n\t\t\t\/* see gallery_shortcode() in wp-includes\/media.php *\/\n\t\t<\/style>\n\t\t<div id='gallery-1' class='gallery galleryid-3766 gallery-columns-4 gallery-size-thumbnail'><dl class='gallery-item'>\n\t\t\t<dt class='gallery-icon landscape'>\n\t\t\t\t<a href='https:\/\/www.feuerwehr-iversheim.de\/wp-content\/uploads\/2019\/02\/Phantasialand-2009-01.jpg'><img loading=\"lazy\" decoding=\"async\" width=\"150\" height=\"150\" src=\"https:\/\/www.feuerwehr-iversheim.de\/wp-content\/uploads\/2019\/02\/Phantasialand-2009-01-150x150.jpg\" class=\"attachment-thumbnail size-thumbnail\" alt=\"\" \/><\/a>\n\t\t\t<\/dt><\/dl><dl class='gallery-item'>\n\t\t\t<dt class='gallery-icon landscape'>\n\t\t\t\t<a href='https:\/\/www.feuerwehr-iversheim.de\/wp-content\/uploads\/2019\/02\/Phantasialand-2009-02.jpg'><img loading=\"lazy\" decoding=\"async\" width=\"150\" height=\"150\" src=\"https:\/\/www.feuerwehr-iversheim.de\/wp-content\/uploads\/2019\/02\/Phantasialand-2009-02-150x150.jpg\" class=\"attachment-thumbnail size-thumbnail\" alt=\"\" \/><\/a>\n\t\t\t<\/dt><\/dl><dl class='gallery-item'>\n\t\t\t<dt class='gallery-icon landscape'>\n\t\t\t\t<a href='https:\/\/www.feuerwehr-iversheim.de\/wp-content\/uploads\/2019\/02\/Phantasialand-2009-03.jpg'><img loading=\"lazy\" decoding=\"async\" width=\"150\" height=\"150\" src=\"https:\/\/www.feuerwehr-iversheim.de\/wp-content\/uploads\/2019\/02\/Phantasialand-2009-03-150x150.jpg\" class=\"attachment-thumbnail size-thumbnail\" alt=\"\" \/><\/a>\n\t\t\t<\/dt><\/dl><dl class='gallery-item'>\n\t\t\t<dt class='gallery-icon landscape'>\n\t\t\t\t<a href='https:\/\/www.feuerwehr-iversheim.de\/wp-content\/uploads\/2019\/02\/Phantasialand-2009-04.jpg'><img loading=\"lazy\" decoding=\"async\" width=\"150\" height=\"150\" src=\"https:\/\/www.feuerwehr-iversheim.de\/wp-content\/uploads\/2019\/02\/Phantasialand-2009-04-150x150.jpg\" class=\"attachment-thumbnail size-thumbnail\" alt=\"\" \/><\/a>\n\t\t\t<\/dt><\/dl><br style=\"clear: both\" \/><dl class='gallery-item'>\n\t\t\t<dt class='gallery-icon portrait'>\n\t\t\t\t<a href='https:\/\/www.feuerwehr-iversheim.de\/wp-content\/uploads\/2019\/02\/Phantasialand-2009-05.jpg'><img loading=\"lazy\" decoding=\"async\" width=\"150\" height=\"150\" src=\"https:\/\/www.feuerwehr-iversheim.de\/wp-content\/uploads\/2019\/02\/Phantasialand-2009-05-150x150.jpg\" class=\"attachment-thumbnail size-thumbnail\" alt=\"\" \/><\/a>\n\t\t\t<\/dt><\/dl><dl class='gallery-item'>\n\t\t\t<dt class='gallery-icon landscape'>\n\t\t\t\t<a href='https:\/\/www.feuerwehr-iversheim.de\/wp-content\/uploads\/2019\/02\/Phantasialand-2009-06.jpg'><img loading=\"lazy\" decoding=\"async\" width=\"150\" height=\"150\" src=\"https:\/\/www.feuerwehr-iversheim.de\/wp-content\/uploads\/2019\/02\/Phantasialand-2009-06-150x150.jpg\" class=\"attachment-thumbnail size-thumbnail\" alt=\"\" \/><\/a>\n\t\t\t<\/dt><\/dl><dl class='gallery-item'>\n\t\t\t<dt class='gallery-icon landscape'>\n\t\t\t\t<a href='https:\/\/www.feuerwehr-iversheim.de\/wp-content\/uploads\/2019\/02\/Phantasialand-2009-07.jpg'><img loading=\"lazy\" decoding=\"async\" width=\"150\" height=\"150\" src=\"https:\/\/www.feuerwehr-iversheim.de\/wp-content\/uploads\/2019\/02\/Phantasialand-2009-07-150x150.jpg\" class=\"attachment-thumbnail size-thumbnail\" alt=\"\" \/><\/a>\n\t\t\t<\/dt><\/dl>\n\t\t\t<br style='clear: both' \/>\n\t\t<\/div>\n","protected":false},"excerpt":{"rendered":"<p>Auch in diesem Jahr war die Jugendabteilung der L\u00f6schgruppe Iversheim wieder dabei. Wir erlebten nicht nur eine sch\u00f6nen Tag im Phantasialand, sondern Dank der L\u00f6schgruppe auch eine wundersch\u00f6ne und spannende <a class=\"more-link\" href=\"https:\/\/www.feuerwehr-iversheim.de\/?page_id=3766\">Weiterlesen \u2192<\/a><\/p>\n","protected":false},"author":1,"featured_media":0,"parent":3722,"menu_order":0,"comment_status":"closed","ping_status":"closed","template":"","meta":{"footnotes":""},"class_list":["post-3766","page","type-page","status-publish","hentry"],"_links":{"self":[{"href":"https:\/\/www.feuerwehr-iversheim.de\/index.php?rest_route=\/wp\/v2\/pages\/3766","targetHints":{"allow":["GET"]}}],"collection":[{"href":"https:\/\/www.feuerwehr-iversheim.de\/index.php?rest_route=\/wp\/v2\/pages"}],"about":[{"href":"https:\/\/www.feuerwehr-iversheim.de\/index.php?rest_route=\/wp\/v2\/types\/page"}],"author":[{"embeddable":true,"href":"https:\/\/www.feuerwehr-iversheim.de\/index.php?rest_route=\/wp\/v2\/users\/1"}],"replies":[{"embeddable":true,"href":"https:\/\/www.feuerwehr-iversheim.de\/index.php?rest_route=%2Fwp%2Fv2%2Fcomments&post=3766"}],"version-history":[{"count":1,"href":"https:\/\/www.feuerwehr-iversheim.de\/index.php?rest_route=\/wp\/v2\/pages\/3766\/revisions"}],"predecessor-version":[{"id":3774,"href":"https:\/\/www.feuerwehr-iversheim.de\/index.php?rest_route=\/wp\/v2\/pages\/3766\/revisions\/3774"}],"up":[{"embeddable":true,"href":"https:\/\/www.feuerwehr-iversheim.de\/index.php?rest_route=\/wp\/v2\/pages\/3722"}],"wp:attachment":[{"href":"https:\/\/www.feuerwehr-iversheim.de\/index.php?rest_route=%2Fwp%2Fv2%2Fmedia&parent=3766"}],"curies":[{"name":"wp","href":"https:\/\/api.w.org\/{rel}","templated":true}]}}

<div class="wp-block-image"><figure class="alignleft"><img loading="lazy" decoding="async" width="300" height="225" src="https://www.feuerwehr-iversheim.de/wp-content/uploads/2019/02/Phantasialand-2009-07-300x225.jpg" alt="" class="wp-image-3773" srcset="https://www.feuerwehr-iversheim.de/wp-content/uploads/2019/02/Phantasialand-2009-07-300x225.jpg 300w, https://www.feuerwehr-iversheim.de/wp-content/uploads/2019/02/Phantasialand-2009-07.jpg 512w" sizes="auto, (max-width: 300px) 100vw, 300px" /></figure></div>



<p>Auch in diesem Jahr war die Jugendabteilung der Löschgruppe Iversheim  wieder dabei. Wir erlebten nicht nur eine schönen Tag im Phantasialand,  sondern Dank der Löschgruppe auch eine wunderschöne und spannende  Übernachtung im Camp. Hierfür möchten wir uns ganz Herzlich bedanken!<br><br> 5 000 Angehörige der Jugendfeuerwehr NRW besuchen das Brühler  Phantasialand und spenden 2 500 Euro für den Verein Afrika Direkt Hilfe.<br><br> Über diese rege Beteiligung freute sich auch  NRW Innenminister Dr. Ingo  Wolf, anlässlich des Aktionstages der Jugendfeuerwehr  Nordrhein-Westfalen im Brühler Phantasialand am Sonntag, 27. September.  Aus ganz Nordrhein-Westfalen waren die Jugendlichen mit ihren Betreuern  mit Bussen und Feuerwehrfahrzeugen angereist und bestimmten für einen  Tag das Bild im Freizeitpark. Aber nicht nur der Minister freute sich  über die große Beteiligung an der Aktion. Aus Anlass der landesweiten  Aktion übergaben Karin Hoppe und Robin Böttcher vom Jugendforum der  Jugendfeuerwehren des Rhein-Erft-Kreises stellvertretend 2 500 Euro an  der Verein Afrika Direkt Hilfe um so die Arbeit des Vereins im Senegal  zu unterstützen.<br><br> Auch die beiden stellvertretenden Landesjugendwarte Martina Grochow und  Werner Merzhäuser sowie LFV Vizepräsiden Hans-Joachim Donner waren über  den großen Zuspruch der Jugendlichen begeistert.<br><br> Der Aktionstag im Phantasialand fand erstmals als landesweite Aktion  statt. Bereits zweimal war ein Aktionstag der Jugendfeuerwehren aus dem  Regierungsbezirk Köln durchgeführt worden.<br><br> Die Jugendfeuerwehr Nordhrein-Westfalen nutzte den Tag aber auch, um auf  die Aktion der Deutschen Jugendfeuerwehr &#8222;Jugendfeuerwehren strukturfit  für Demokratie&#8220; hinzuweisen und sich gegen rechtsextreme Ideologien  auszusprechen. </p>



		<style type="text/css">
			#gallery-1 {
				margin: auto;
			}
			#gallery-1 .gallery-item {
				float: left;
				margin-top: 10px;
				text-align: center;
				width: 25%;
			}
			#gallery-1 img {
				border: 2px solid #cfcfcf;
			}
			#gallery-1 .gallery-caption {
				margin-left: 0;
			}
			/* see gallery_shortcode() in wp-includes/media.php */
		</style>
		<div id='gallery-1' class='gallery galleryid-3766 gallery-columns-4 gallery-size-thumbnail'><dl class='gallery-item'>
			<dt class='gallery-icon landscape'>
				<a href='https://www.feuerwehr-iversheim.de/wp-content/uploads/2019/02/Phantasialand-2009-01.jpg'><img loading="lazy" decoding="async" width="150" height="150" src="https://www.feuerwehr-iversheim.de/wp-content/uploads/2019/02/Phantasialand-2009-01-150x150.jpg" class="attachment-thumbnail size-thumbnail" alt="" /></a>
			</dt></dl><dl class='gallery-item'>
			<dt class='gallery-icon landscape'>
				<a href='https://www.feuerwehr-iversheim.de/wp-content/uploads/2019/02/Phantasialand-2009-02.jpg'><img loading="lazy" decoding="async" width="150" height="150" src="https://www.feuerwehr-iversheim.de/wp-content/uploads/2019/02/Phantasialand-2009-02-150x150.jpg" class="attachment-thumbnail size-thumbnail" alt="" /></a>
			</dt></dl><dl class='gallery-item'>
			<dt class='gallery-icon landscape'>
				<a href='https://www.feuerwehr-iversheim.de/wp-content/uploads/2019/02/Phantasialand-2009-03.jpg'><img loading="lazy" decoding="async" width="150" height="150" src="https://www.feuerwehr-iversheim.de/wp-content/uploads/2019/02/Phantasialand-2009-03-150x150.jpg" class="attachment-thumbnail size-thumbnail" alt="" /></a>
			</dt></dl><dl class='gallery-item'>
			<dt class='gallery-icon landscape'>
				<a href='https://www.feuerwehr-iversheim.de/wp-content/uploads/2019/02/Phantasialand-2009-04.jpg'><img loading="lazy" decoding="async" width="150" height="150" src="https://www.feuerwehr-iversheim.de/wp-content/uploads/2019/02/Phantasialand-2009-04-150x150.jpg" class="attachment-thumbnail size-thumbnail" alt="" /></a>
			</dt></dl><br style="clear: both" /><dl class='gallery-item'>
			<dt class='gallery-icon portrait'>
				<a href='https://www.feuerwehr-iversheim.de/wp-content/uploads/2019/02/Phantasialand-2009-05.jpg'><img loading="lazy" decoding="async" width="150" height="150" src="https://www.feuerwehr-iversheim.de/wp-content/uploads/2019/02/Phantasialand-2009-05-150x150.jpg" class="attachment-thumbnail size-thumbnail" alt="" /></a>
			</dt></dl><dl class='gallery-item'>
			<dt class='gallery-icon landscape'>
				<a href='https://www.feuerwehr-iversheim.de/wp-content/uploads/2019/02/Phantasialand-2009-06.jpg'><img loading="lazy" decoding="async" width="150" height="150" src="https://www.feuerwehr-iversheim.de/wp-content/uploads/2019/02/Phantasialand-2009-06-150x150.jpg" class="attachment-thumbnail size-thumbnail" alt="" /></a>
			</dt></dl><dl class='gallery-item'>
			<dt class='gallery-icon landscape'>
				<a href='https://www.feuerwehr-iversheim.de/wp-content/uploads/2019/02/Phantasialand-2009-07.jpg'><img loading="lazy" decoding="async" width="150" height="150" src="https://www.feuerwehr-iversheim.de/wp-content/uploads/2019/02/Phantasialand-2009-07-150x150.jpg" class="attachment-thumbnail size-thumbnail" alt="" /></a>
			</dt></dl>
			<br style='clear: both' />
		</div>

<p>Auch in diesem Jahr war die Jugendabteilung der Löschgruppe Iversheim wieder dabei. Wir erlebten nicht nur eine schönen Tag im Phantasialand, sondern Dank der Löschgruppe auch eine wunderschöne und spannende <a class="more-link" href="https://www.feuerwehr-iversheim.de/?page_id=3766">Weiterlesen →</a></p>
