{"id":3776,"date":"2019-02-05T22:18:40","date_gmt":"2019-02-05T21:18:40","guid":{"rendered":"https:\/\/www.feuerwehr-iversheim.de\/?page_id=3776"},"modified":"2019-02-05T22:18:41","modified_gmt":"2019-02-05T21:18:41","slug":"leistungsspange-2009","status":"publish","type":"page","link":"https:\/\/www.feuerwehr-iversheim.de\/?page_id=3776","title":{"rendered":"Leistungsspange 2009"},"content":{"rendered":"\n<div class=\"wp-block-image\"><figure class=\"alignleft\"><img loading=\"lazy\" decoding=\"async\" width=\"300\" height=\"225\" src=\"https:\/\/www.feuerwehr-iversheim.de\/wp-content\/uploads\/2019\/02\/Leistungsspange-2009-03-300x225.jpg\" alt=\"\" class=\"wp-image-3779\" srcset=\"https:\/\/www.feuerwehr-iversheim.de\/wp-content\/uploads\/2019\/02\/Leistungsspange-2009-03-300x225.jpg 300w, https:\/\/www.feuerwehr-iversheim.de\/wp-content\/uploads\/2019\/02\/Leistungsspange-2009-03.jpg 512w\" sizes=\"auto, (max-width: 300px) 100vw, 300px\" \/><\/figure><\/div>\n\n\n\n<p><strong>Die Jugend muss sich beweisen<\/strong><\/p>\n\n\n\n<p>Dieses Jahr war es f\u00fcr einen  Teil unserer Jugendfeuerwehr soweit, sie durften an der Leistungsspange  teilnehmen. Dazu mussten die Kids zwischen 15 und 17 Jahren sein und  mindestens ein Jahr der Jugendfeuerwehr angeh\u00f6ren. Nach einer langen  Zeit des \u00dcbens und Vorbereiten, war es am 26.09.2009 in Mechernich nun  endlich soweit. Morgens um 7.00 Uhr ging es los. Was waren alle  aufgeregt&#8230;ob wir das schaffen?<br><br>Unter anderem mussten sie zeigen, welche Leistungen sie im Staffellauf,  Kugelsto\u00dfen, theoretischem Wissen, einer Schnelligkeits\u00fcbung und auch  einem L\u00f6schangriff vollbringen. Jedoch z\u00e4hlten nicht nur die  Schnelligkeit, Kraft und ein helles K\u00f6pfchen, sondern auch der  Gesamtauftritt als Gruppe wurde von den Punktrichtern bewertet. An  diesem Tag waren etwa 32 Gruppen aus Jugendfeuerwehren des ganzen Landes  vertreten und alle wollten Ihr Bestes zeigen.<br><br>Obwohl es morgens noch sehr Frisch war, wurde uns, als es endlich  losging, schnell warm. Die Spannung wurde immer gr\u00f6\u00dfer und die Kids  wuchsen \u00fcber sich hinaus. Nachmittags um 16.00 Uhr, nach langem Warten  und anstrengenden Wettk\u00e4mpfen war es dann endlich soweit. Alle haben es  geschafft, stolz k\u00f6nnen sie jetzt Ihre Leistungsspange tragen. <\/p>\n\n\n\n\t\t<style type=\"text\/css\">\n\t\t\t#gallery-1 {\n\t\t\t\tmargin: auto;\n\t\t\t}\n\t\t\t#gallery-1 .gallery-item {\n\t\t\t\tfloat: left;\n\t\t\t\tmargin-top: 10px;\n\t\t\t\ttext-align: center;\n\t\t\t\twidth: 25%;\n\t\t\t}\n\t\t\t#gallery-1 img {\n\t\t\t\tborder: 2px solid #cfcfcf;\n\t\t\t}\n\t\t\t#gallery-1 .gallery-caption {\n\t\t\t\tmargin-left: 0;\n\t\t\t}\n\t\t\t\/* see gallery_shortcode() in wp-includes\/media.php *\/\n\t\t<\/style>\n\t\t<div id='gallery-1' class='gallery galleryid-3776 gallery-columns-4 gallery-size-thumbnail'><dl class='gallery-item'>\n\t\t\t<dt class='gallery-icon landscape'>\n\t\t\t\t<a href='https:\/\/www.feuerwehr-iversheim.de\/wp-content\/uploads\/2019\/02\/Leistungsspange-2009-01.jpg'><img loading=\"lazy\" decoding=\"async\" width=\"150\" height=\"150\" src=\"https:\/\/www.feuerwehr-iversheim.de\/wp-content\/uploads\/2019\/02\/Leistungsspange-2009-01-150x150.jpg\" class=\"attachment-thumbnail size-thumbnail\" alt=\"\" \/><\/a>\n\t\t\t<\/dt><\/dl><dl class='gallery-item'>\n\t\t\t<dt class='gallery-icon landscape'>\n\t\t\t\t<a href='https:\/\/www.feuerwehr-iversheim.de\/wp-content\/uploads\/2019\/02\/Leistungsspange-2009-02.jpg'><img loading=\"lazy\" decoding=\"async\" width=\"150\" height=\"150\" src=\"https:\/\/www.feuerwehr-iversheim.de\/wp-content\/uploads\/2019\/02\/Leistungsspange-2009-02-150x150.jpg\" class=\"attachment-thumbnail size-thumbnail\" alt=\"\" \/><\/a>\n\t\t\t<\/dt><\/dl><dl class='gallery-item'>\n\t\t\t<dt class='gallery-icon landscape'>\n\t\t\t\t<a href='https:\/\/www.feuerwehr-iversheim.de\/wp-content\/uploads\/2019\/02\/Leistungsspange-2009-03.jpg'><img loading=\"lazy\" decoding=\"async\" width=\"150\" height=\"150\" src=\"https:\/\/www.feuerwehr-iversheim.de\/wp-content\/uploads\/2019\/02\/Leistungsspange-2009-03-150x150.jpg\" class=\"attachment-thumbnail size-thumbnail\" alt=\"\" \/><\/a>\n\t\t\t<\/dt><\/dl><dl class='gallery-item'>\n\t\t\t<dt class='gallery-icon landscape'>\n\t\t\t\t<a href='https:\/\/www.feuerwehr-iversheim.de\/wp-content\/uploads\/2019\/02\/Leistungsspange-2009-04.jpg'><img loading=\"lazy\" decoding=\"async\" width=\"150\" height=\"150\" src=\"https:\/\/www.feuerwehr-iversheim.de\/wp-content\/uploads\/2019\/02\/Leistungsspange-2009-04-150x150.jpg\" class=\"attachment-thumbnail size-thumbnail\" alt=\"\" \/><\/a>\n\t\t\t<\/dt><\/dl><br style=\"clear: both\" \/><dl class='gallery-item'>\n\t\t\t<dt class='gallery-icon landscape'>\n\t\t\t\t<a href='https:\/\/www.feuerwehr-iversheim.de\/wp-content\/uploads\/2019\/02\/Leistungsspange-2009-05.jpg'><img loading=\"lazy\" decoding=\"async\" width=\"150\" height=\"150\" src=\"https:\/\/www.feuerwehr-iversheim.de\/wp-content\/uploads\/2019\/02\/Leistungsspange-2009-05-150x150.jpg\" class=\"attachment-thumbnail size-thumbnail\" alt=\"\" \/><\/a>\n\t\t\t<\/dt><\/dl><dl class='gallery-item'>\n\t\t\t<dt class='gallery-icon landscape'>\n\t\t\t\t<a href='https:\/\/www.feuerwehr-iversheim.de\/wp-content\/uploads\/2019\/02\/Leistungsspange-2009-06.jpg'><img loading=\"lazy\" decoding=\"async\" width=\"150\" height=\"150\" src=\"https:\/\/www.feuerwehr-iversheim.de\/wp-content\/uploads\/2019\/02\/Leistungsspange-2009-06-150x150.jpg\" class=\"attachment-thumbnail size-thumbnail\" alt=\"\" \/><\/a>\n\t\t\t<\/dt><\/dl><dl class='gallery-item'>\n\t\t\t<dt class='gallery-icon landscape'>\n\t\t\t\t<a href='https:\/\/www.feuerwehr-iversheim.de\/wp-content\/uploads\/2019\/02\/Leistungsspange-2009-07.jpg'><img loading=\"lazy\" decoding=\"async\" width=\"150\" height=\"150\" src=\"https:\/\/www.feuerwehr-iversheim.de\/wp-content\/uploads\/2019\/02\/Leistungsspange-2009-07-150x150.jpg\" class=\"attachment-thumbnail size-thumbnail\" alt=\"\" \/><\/a>\n\t\t\t<\/dt><\/dl><dl class='gallery-item'>\n\t\t\t<dt class='gallery-icon landscape'>\n\t\t\t\t<a href='https:\/\/www.feuerwehr-iversheim.de\/wp-content\/uploads\/2019\/02\/Leistungsspange-2009-08.jpg'><img loading=\"lazy\" decoding=\"async\" width=\"150\" height=\"150\" src=\"https:\/\/www.feuerwehr-iversheim.de\/wp-content\/uploads\/2019\/02\/Leistungsspange-2009-08-150x150.jpg\" class=\"attachment-thumbnail size-thumbnail\" alt=\"\" \/><\/a>\n\t\t\t<\/dt><\/dl><br style=\"clear: both\" \/><dl class='gallery-item'>\n\t\t\t<dt class='gallery-icon landscape'>\n\t\t\t\t<a href='https:\/\/www.feuerwehr-iversheim.de\/wp-content\/uploads\/2019\/02\/Leistungsspange-2009-09.jpg'><img loading=\"lazy\" decoding=\"async\" width=\"150\" height=\"150\" src=\"https:\/\/www.feuerwehr-iversheim.de\/wp-content\/uploads\/2019\/02\/Leistungsspange-2009-09-150x150.jpg\" class=\"attachment-thumbnail size-thumbnail\" alt=\"\" \/><\/a>\n\t\t\t<\/dt><\/dl><dl class='gallery-item'>\n\t\t\t<dt class='gallery-icon landscape'>\n\t\t\t\t<a href='https:\/\/www.feuerwehr-iversheim.de\/wp-content\/uploads\/2019\/02\/Leistungsspange-2009-10.jpg'><img loading=\"lazy\" decoding=\"async\" width=\"150\" height=\"150\" src=\"https:\/\/www.feuerwehr-iversheim.de\/wp-content\/uploads\/2019\/02\/Leistungsspange-2009-10-150x150.jpg\" class=\"attachment-thumbnail size-thumbnail\" alt=\"\" \/><\/a>\n\t\t\t<\/dt><\/dl><dl class='gallery-item'>\n\t\t\t<dt class='gallery-icon landscape'>\n\t\t\t\t<a href='https:\/\/www.feuerwehr-iversheim.de\/wp-content\/uploads\/2019\/02\/Leistungsspange-2009-11.jpg'><img loading=\"lazy\" decoding=\"async\" width=\"150\" height=\"150\" src=\"https:\/\/www.feuerwehr-iversheim.de\/wp-content\/uploads\/2019\/02\/Leistungsspange-2009-11-150x150.jpg\" class=\"attachment-thumbnail size-thumbnail\" alt=\"\" \/><\/a>\n\t\t\t<\/dt><\/dl>\n\t\t\t<br style='clear: both' \/>\n\t\t<\/div>\n","protected":false},"excerpt":{"rendered":"<p>Die Jugend muss sich beweisen Dieses Jahr war es f\u00fcr einen Teil unserer Jugendfeuerwehr soweit, sie durften an der Leistungsspange teilnehmen. Dazu mussten die Kids zwischen 15 und 17 Jahren <a class=\"more-link\" href=\"https:\/\/www.feuerwehr-iversheim.de\/?page_id=3776\">Weiterlesen \u2192<\/a><\/p>\n","protected":false},"author":1,"featured_media":0,"parent":3722,"menu_order":0,"comment_status":"closed","ping_status":"closed","template":"","meta":{"footnotes":""},"class_list":["post-3776","page","type-page","status-publish","hentry"],"_links":{"self":[{"href":"https:\/\/www.feuerwehr-iversheim.de\/index.php?rest_route=\/wp\/v2\/pages\/3776","targetHints":{"allow":["GET"]}}],"collection":[{"href":"https:\/\/www.feuerwehr-iversheim.de\/index.php?rest_route=\/wp\/v2\/pages"}],"about":[{"href":"https:\/\/www.feuerwehr-iversheim.de\/index.php?rest_route=\/wp\/v2\/types\/page"}],"author":[{"embeddable":true,"href":"https:\/\/www.feuerwehr-iversheim.de\/index.php?rest_route=\/wp\/v2\/users\/1"}],"replies":[{"embeddable":true,"href":"https:\/\/www.feuerwehr-iversheim.de\/index.php?rest_route=%2Fwp%2Fv2%2Fcomments&post=3776"}],"version-history":[{"count":1,"href":"https:\/\/www.feuerwehr-iversheim.de\/index.php?rest_route=\/wp\/v2\/pages\/3776\/revisions"}],"predecessor-version":[{"id":3788,"href":"https:\/\/www.feuerwehr-iversheim.de\/index.php?rest_route=\/wp\/v2\/pages\/3776\/revisions\/3788"}],"up":[{"embeddable":true,"href":"https:\/\/www.feuerwehr-iversheim.de\/index.php?rest_route=\/wp\/v2\/pages\/3722"}],"wp:attachment":[{"href":"https:\/\/www.feuerwehr-iversheim.de\/index.php?rest_route=%2Fwp%2Fv2%2Fmedia&parent=3776"}],"curies":[{"name":"wp","href":"https:\/\/api.w.org\/{rel}","templated":true}]}}

<div class="wp-block-image"><figure class="alignleft"><img loading="lazy" decoding="async" width="300" height="225" src="https://www.feuerwehr-iversheim.de/wp-content/uploads/2019/02/Leistungsspange-2009-03-300x225.jpg" alt="" class="wp-image-3779" srcset="https://www.feuerwehr-iversheim.de/wp-content/uploads/2019/02/Leistungsspange-2009-03-300x225.jpg 300w, https://www.feuerwehr-iversheim.de/wp-content/uploads/2019/02/Leistungsspange-2009-03.jpg 512w" sizes="auto, (max-width: 300px) 100vw, 300px" /></figure></div>



<p><strong>Die Jugend muss sich beweisen</strong></p>



<p>Dieses Jahr war es für einen  Teil unserer Jugendfeuerwehr soweit, sie durften an der Leistungsspange  teilnehmen. Dazu mussten die Kids zwischen 15 und 17 Jahren sein und  mindestens ein Jahr der Jugendfeuerwehr angehören. Nach einer langen  Zeit des Übens und Vorbereiten, war es am 26.09.2009 in Mechernich nun  endlich soweit. Morgens um 7.00 Uhr ging es los. Was waren alle  aufgeregt&#8230;ob wir das schaffen?<br><br>Unter anderem mussten sie zeigen, welche Leistungen sie im Staffellauf,  Kugelstoßen, theoretischem Wissen, einer Schnelligkeitsübung und auch  einem Löschangriff vollbringen. Jedoch zählten nicht nur die  Schnelligkeit, Kraft und ein helles Köpfchen, sondern auch der  Gesamtauftritt als Gruppe wurde von den Punktrichtern bewertet. An  diesem Tag waren etwa 32 Gruppen aus Jugendfeuerwehren des ganzen Landes  vertreten und alle wollten Ihr Bestes zeigen.<br><br>Obwohl es morgens noch sehr Frisch war, wurde uns, als es endlich  losging, schnell warm. Die Spannung wurde immer größer und die Kids  wuchsen über sich hinaus. Nachmittags um 16.00 Uhr, nach langem Warten  und anstrengenden Wettkämpfen war es dann endlich soweit. Alle haben es  geschafft, stolz können sie jetzt Ihre Leistungsspange tragen. </p>



		<style type="text/css">
			#gallery-1 {
				margin: auto;
			}
			#gallery-1 .gallery-item {
				float: left;
				margin-top: 10px;
				text-align: center;
				width: 25%;
			}
			#gallery-1 img {
				border: 2px solid #cfcfcf;
			}
			#gallery-1 .gallery-caption {
				margin-left: 0;
			}
			/* see gallery_shortcode() in wp-includes/media.php */
		</style>
		<div id='gallery-1' class='gallery galleryid-3776 gallery-columns-4 gallery-size-thumbnail'><dl class='gallery-item'>
			<dt class='gallery-icon landscape'>
				<a href='https://www.feuerwehr-iversheim.de/wp-content/uploads/2019/02/Leistungsspange-2009-01.jpg'><img loading="lazy" decoding="async" width="150" height="150" src="https://www.feuerwehr-iversheim.de/wp-content/uploads/2019/02/Leistungsspange-2009-01-150x150.jpg" class="attachment-thumbnail size-thumbnail" alt="" /></a>
			</dt></dl><dl class='gallery-item'>
			<dt class='gallery-icon landscape'>
				<a href='https://www.feuerwehr-iversheim.de/wp-content/uploads/2019/02/Leistungsspange-2009-02.jpg'><img loading="lazy" decoding="async" width="150" height="150" src="https://www.feuerwehr-iversheim.de/wp-content/uploads/2019/02/Leistungsspange-2009-02-150x150.jpg" class="attachment-thumbnail size-thumbnail" alt="" /></a>
			</dt></dl><dl class='gallery-item'>
			<dt class='gallery-icon landscape'>
				<a href='https://www.feuerwehr-iversheim.de/wp-content/uploads/2019/02/Leistungsspange-2009-03.jpg'><img loading="lazy" decoding="async" width="150" height="150" src="https://www.feuerwehr-iversheim.de/wp-content/uploads/2019/02/Leistungsspange-2009-03-150x150.jpg" class="attachment-thumbnail size-thumbnail" alt="" /></a>
			</dt></dl><dl class='gallery-item'>
			<dt class='gallery-icon landscape'>
				<a href='https://www.feuerwehr-iversheim.de/wp-content/uploads/2019/02/Leistungsspange-2009-04.jpg'><img loading="lazy" decoding="async" width="150" height="150" src="https://www.feuerwehr-iversheim.de/wp-content/uploads/2019/02/Leistungsspange-2009-04-150x150.jpg" class="attachment-thumbnail size-thumbnail" alt="" /></a>
			</dt></dl><br style="clear: both" /><dl class='gallery-item'>
			<dt class='gallery-icon landscape'>
				<a href='https://www.feuerwehr-iversheim.de/wp-content/uploads/2019/02/Leistungsspange-2009-05.jpg'><img loading="lazy" decoding="async" width="150" height="150" src="https://www.feuerwehr-iversheim.de/wp-content/uploads/2019/02/Leistungsspange-2009-05-150x150.jpg" class="attachment-thumbnail size-thumbnail" alt="" /></a>
			</dt></dl><dl class='gallery-item'>
			<dt class='gallery-icon landscape'>
				<a href='https://www.feuerwehr-iversheim.de/wp-content/uploads/2019/02/Leistungsspange-2009-06.jpg'><img loading="lazy" decoding="async" width="150" height="150" src="https://www.feuerwehr-iversheim.de/wp-content/uploads/2019/02/Leistungsspange-2009-06-150x150.jpg" class="attachment-thumbnail size-thumbnail" alt="" /></a>
			</dt></dl><dl class='gallery-item'>
			<dt class='gallery-icon landscape'>
				<a href='https://www.feuerwehr-iversheim.de/wp-content/uploads/2019/02/Leistungsspange-2009-07.jpg'><img loading="lazy" decoding="async" width="150" height="150" src="https://www.feuerwehr-iversheim.de/wp-content/uploads/2019/02/Leistungsspange-2009-07-150x150.jpg" class="attachment-thumbnail size-thumbnail" alt="" /></a>
			</dt></dl><dl class='gallery-item'>
			<dt class='gallery-icon landscape'>
				<a href='https://www.feuerwehr-iversheim.de/wp-content/uploads/2019/02/Leistungsspange-2009-08.jpg'><img loading="lazy" decoding="async" width="150" height="150" src="https://www.feuerwehr-iversheim.de/wp-content/uploads/2019/02/Leistungsspange-2009-08-150x150.jpg" class="attachment-thumbnail size-thumbnail" alt="" /></a>
			</dt></dl><br style="clear: both" /><dl class='gallery-item'>
			<dt class='gallery-icon landscape'>
				<a href='https://www.feuerwehr-iversheim.de/wp-content/uploads/2019/02/Leistungsspange-2009-09.jpg'><img loading="lazy" decoding="async" width="150" height="150" src="https://www.feuerwehr-iversheim.de/wp-content/uploads/2019/02/Leistungsspange-2009-09-150x150.jpg" class="attachment-thumbnail size-thumbnail" alt="" /></a>
			</dt></dl><dl class='gallery-item'>
			<dt class='gallery-icon landscape'>
				<a href='https://www.feuerwehr-iversheim.de/wp-content/uploads/2019/02/Leistungsspange-2009-10.jpg'><img loading="lazy" decoding="async" width="150" height="150" src="https://www.feuerwehr-iversheim.de/wp-content/uploads/2019/02/Leistungsspange-2009-10-150x150.jpg" class="attachment-thumbnail size-thumbnail" alt="" /></a>
			</dt></dl><dl class='gallery-item'>
			<dt class='gallery-icon landscape'>
				<a href='https://www.feuerwehr-iversheim.de/wp-content/uploads/2019/02/Leistungsspange-2009-11.jpg'><img loading="lazy" decoding="async" width="150" height="150" src="https://www.feuerwehr-iversheim.de/wp-content/uploads/2019/02/Leistungsspange-2009-11-150x150.jpg" class="attachment-thumbnail size-thumbnail" alt="" /></a>
			</dt></dl>
			<br style='clear: both' />
		</div>

<p>Die Jugend muss sich beweisen Dieses Jahr war es für einen Teil unserer Jugendfeuerwehr soweit, sie durften an der Leistungsspange teilnehmen. Dazu mussten die Kids zwischen 15 und 17 Jahren <a class="more-link" href="https://www.feuerwehr-iversheim.de/?page_id=3776">Weiterlesen →</a></p>
