{"id":3875,"date":"2019-02-05T22:31:47","date_gmt":"2019-02-05T21:31:47","guid":{"rendered":"https:\/\/www.feuerwehr-iversheim.de\/?page_id=3875"},"modified":"2019-02-05T22:31:47","modified_gmt":"2019-02-05T21:31:47","slug":"phantasialand-2007","status":"publish","type":"page","link":"https:\/\/www.feuerwehr-iversheim.de\/?page_id=3875","title":{"rendered":"Phantasialand 2007"},"content":{"rendered":"\n<div class=\"wp-block-image\"><figure class=\"alignleft\"><img loading=\"lazy\" decoding=\"async\" width=\"300\" height=\"225\" src=\"https:\/\/www.feuerwehr-iversheim.de\/wp-content\/uploads\/2019\/02\/Phantasialand-2007.jpg\" alt=\"\" class=\"wp-image-3876\"\/><\/figure><\/div>\n\n\n\n<p><strong>Aus mehreren Kreisen nahmen Jugendfeuerwehren teil<\/strong><\/p>\n\n\n\n<p>Das Phantasialand Br\u00fchl unterst\u00fctzt schon seit langem die Arbeit mit Kindern  und Jugendlichen. Somit war die Betriebsleitung schnell Feuer und  Flamme als die Organisatoren aus der Leitung der Jugendfeuerwehr des  Kreises Rhein &#8211; Erft mit Ihren Pl\u00e4nen anfragten. Es dauerte fast ein  Jahr, bis das Konzept f\u00fcr den Jugendfeuerwehrtag stand.<br><br>Dann am 20.10.2007 war es soweit. Die Tore \u00f6ffneten sich f\u00fcr \u00fcber 1500  Kinder und Jugendliche der Jugendfeuerwehren aus den umliegenden  Kreisen. Aus der Jugendabteilung des 1. Zuges nahmen an diesem Tag  ebenfalls Kinder und Jugendliche zusammen mit einem der Jugendwarte  teil. Es war f\u00fcr alle ein Tag voller Spa\u00df und Freude.<br><br>Als besonderes Highlight hatten Landrat G\u00fcnther Rosenke und der  Innenminister Landes NRW Dr. Ingo Wolf, den Weg ins Phantasialand  gefunden. Kreisbrandmeister Udo Crespin musste leider aus terminlichen  Gr\u00fcnden absagen.<br><br>Dieses Pilotprojekt fand auf allen Seiten gro\u00dfen Anklang. Nach diesem  gelungenen Einstand stand schnell fest, dass es nicht bei diesem einen  Tag belassen w\u00fcrde. Somit freuen sich schon alle auf das n\u00e4chste Jahr. <\/p>\n","protected":false},"excerpt":{"rendered":"<p>Aus mehreren Kreisen nahmen Jugendfeuerwehren teil Das Phantasialand Br\u00fchl unterst\u00fctzt schon seit langem die Arbeit mit Kindern und Jugendlichen. Somit war die Betriebsleitung schnell Feuer und Flamme als die Organisatoren <a class=\"more-link\" href=\"https:\/\/www.feuerwehr-iversheim.de\/?page_id=3875\">Weiterlesen \u2192<\/a><\/p>\n","protected":false},"author":1,"featured_media":0,"parent":3722,"menu_order":0,"comment_status":"closed","ping_status":"closed","template":"","meta":{"footnotes":""},"class_list":["post-3875","page","type-page","status-publish","hentry"],"_links":{"self":[{"href":"https:\/\/www.feuerwehr-iversheim.de\/index.php?rest_route=\/wp\/v2\/pages\/3875","targetHints":{"allow":["GET"]}}],"collection":[{"href":"https:\/\/www.feuerwehr-iversheim.de\/index.php?rest_route=\/wp\/v2\/pages"}],"about":[{"href":"https:\/\/www.feuerwehr-iversheim.de\/index.php?rest_route=\/wp\/v2\/types\/page"}],"author":[{"embeddable":true,"href":"https:\/\/www.feuerwehr-iversheim.de\/index.php?rest_route=\/wp\/v2\/users\/1"}],"replies":[{"embeddable":true,"href":"https:\/\/www.feuerwehr-iversheim.de\/index.php?rest_route=%2Fwp%2Fv2%2Fcomments&post=3875"}],"version-history":[{"count":1,"href":"https:\/\/www.feuerwehr-iversheim.de\/index.php?rest_route=\/wp\/v2\/pages\/3875\/revisions"}],"predecessor-version":[{"id":3877,"href":"https:\/\/www.feuerwehr-iversheim.de\/index.php?rest_route=\/wp\/v2\/pages\/3875\/revisions\/3877"}],"up":[{"embeddable":true,"href":"https:\/\/www.feuerwehr-iversheim.de\/index.php?rest_route=\/wp\/v2\/pages\/3722"}],"wp:attachment":[{"href":"https:\/\/www.feuerwehr-iversheim.de\/index.php?rest_route=%2Fwp%2Fv2%2Fmedia&parent=3875"}],"curies":[{"name":"wp","href":"https:\/\/api.w.org\/{rel}","templated":true}]}}